000
CXUS51 KOKX 011544
CLMBDR
CLIMATE REPORT
NATIONAL WEATHER SERVICE NEW YORK, NY
1144 AM EDT THU JUN 01 2023
...................................
...THE BRIDGEPORT CT CLIMATE SUMMARY FOR THE MONTH OF MAY 2023...
CLIMATE NORMAL PERIOD 1991 TO 2020
CLIMATE RECORD PERIOD 1948 TO 2023
WEATHER OBSERVED NORMAL DEPART LAST YEAR`S
VALUE DATE(S) VALUE FROM VALUE DATE(S)
NORMAL
................................................................
TEMPERATURE (F)
RECORD
HIGH 97 05/20/1996
LOW 31 05/10/1966
HIGHEST 83 05/12 MM MM 93 05/31
05/13
LOWEST 38 05/18 MM MM 41 05/01
AVG. MAXIMUM 68.9 68.4 0.5 69.1
AVG. MINIMUM 50.0 51.7 -1.7 53.2
MEAN 59.4 60.0 -0.6 61.1
DAYS MAX >= 90 0 0.2 -0.2 1
DAYS MAX <= 32 0 0.0 0.0 0
DAYS MIN <= 32 0 0.0 0.0 0
DAYS MIN <= 0 0 0.0 0.0 0
PRECIPITATION (INCHES)
RECORD
MAXIMUM 9.53 1989
MINIMUM 0.41 1986
TOTALS 2.57 3.58 -1.01 2.58
DAILY AVG. 0.08 0.12 -0.04 0.08
DAYS >= .01 7 12.2 -5.2 11
DAYS >= .10 2 7.2 -5.2 7
DAYS >= .50 1 2.3 -1.3 1
DAYS >= 1.00 1 0.8 0.2 0
GREATEST
24 HR. TOTAL 2.34 05/20 TO 05/20 0.66 05/28 TO 05/28
STORM TOTAL 2.34 0.66
(MM/DD(HH)) MM
SNOWFALL (INCHES)
TOTALS 0.0 0.0 0.0 0.0
LIQUID EQUIV 0.00 0.00 0.00 0.00
SINCE 7/1 4.9 33.6 -28.7 MM
LIQUID 7/1 0.49 3.30 -2.81 MM
SNOWDEPTH AVG. 0 0
DAYS >= TRACE 0 0.0 0.0 0
DAYS >= 1.0 0 0.0 0.0 0
GREATEST
SNOW DEPTH 0 0 MM
24 HR TOTAL MM MM
STORM TOTAL 0.0 0.0
(MM/DD(HH)) MM
DEGREE DAYS
HEATING TOTAL 178 182 -4 154
SINCE 7/1 4576 5116 -540 MM
COOLING TOTAL 11 28 -17 43
SINCE 1/1 22 30 -8 MM
................................................................
WIND (MPH)
AVERAGE WIND SPEED 8.4
HIGHEST WIND SPEED/DIRECTION 25/310 DATE 05/17
HIGHEST GUST SPEED/DIRECTION 37/300 DATE 05/17
WEATHER CONDITIONS. NUMBER OF DAYS WITH
THUNDERSTORM 0 MIXED PRECIP 0
HEAVY RAIN 1 RAIN 1
LIGHT RAIN 9 FREEZING RAIN 0
LT FREEZING RAIN 0 HAIL 0
HEAVY SNOW 0 SNOW 0
LIGHT SNOW 0 SLEET 0
FOG 4 FOG W/VIS <= 1/4 MILE 1
HAZE 0
- INDICATES NEGATIVE NUMBERS.
R INDICATES RECORD WAS SET OR TIED.
MM INDICATES DATA IS MISSING.
T INDICATES TRACE AMOUNT.
$$