000
CXUS51 KOKX 021412
CLSBDR

CLIMATE REPORT
NATIONAL WEATHER SERVICE NEW YORK NY
850 AM EST WED DEC 2 2015

...................................

...THE BRIDGEPORT CT CLIMATE SUMMARY FOR THE SEASON, FROM
9/1/2015 TO 11/30/2015...

CLIMATE NORMAL PERIOD 1981 TO 2010
CLIMATE RECORD PERIOD 1948 TO 2015

WEATHER         OBSERVED          NORMAL  DEPART  LAST YEAR`S
                 VALUE   DATE(S)  VALUE   FROM    VALUE
                                          NORMAL
.............................................................
TEMPERATURE (F)
RECORD
 HIGH              99   09/02/1953
 LOW               16   11/23/1972
                        11/28/1951
HIGHEST            94   09/08        MM      MM
LOWEST             27   11/24        MM      MM
AVG. MAXIMUM     67.3              63.5     3.8
AVG. MINIMUM     50.4              47.6     2.8
MEAN             58.9              55.5     3.4
DAYS MAX >= 90      1               0.3     0.7
DAYS MAX <= 32      0               0.1    -0.1
DAYS MIN <= 32      4               7.2    -3.2
DAYS MIN <= 0       0               0.0     0.0

PRECIPITATION (INCHES)
RECORD
 MAXIMUM        18.60   1972
 MINIMUM         3.68   1964
TOTALS           6.52             10.51   -3.99     9.32
DAILY AVG.       0.07              0.12   -0.05
DAYS >= .01        20              27.0    -7.0
DAYS >= .10        13              17.2    -4.2
DAYS >= .50         5               7.7    -2.7
DAYS >= 1.00        2               2.4    -0.4
GREATEST
 24 HR. TOTAL    1.26   MM
 STORM TOTAL       MM
 (MM/DD(HH))            MM

SNOWFALL (INCHES)
RECORDS
 TOTAL            8.4   2012
 24 HR TOTAL      6.0   MM
TOTALS              T               0.7    -0.7
 LIQUID EQUIV      MM              0.10      MM
SINCE 7/1           T               0.7    -0.7
 LIQUID 7/1        MM
DAYS >= TRACE       1               0.5     0.5
DAYS >= 1.0         0               0.2    -0.2
GREATEST
 SNOW DEPTH         0   MM
 24 HR TOTAL      0.0   MM
 STORM TOTAL       MM
 (MM/DD(HH))            MM

DEGREE_DAYS
HEATING TOTAL     744               970    -226
 SINCE 7/1        744               974    -230
COOLING TOTAL     202               108      94
 SINCE 1/1       1122               825     297
..............................................................

WIND (MPH)
AVERAGE WIND SPEED              8.5
HIGHEST WIND SPEED/DIRECTION    32/190    DATE  10/28
HIGHEST GUST SPEED/DIRECTION    46/180    DATE  10/28

SKY COVER
POSSIBLE SUNSHINE (PERCENT)   MM
AVERAGE SKY COVER           0.30
NUMBER OF DAYS FAIR           60
NUMBER OF DAYS PC             18
NUMBER OF DAYS CLOUDY         12

AVERAGE RH (PERCENT)     67

WEATHER CONDITIONS. NUMBER OF DAYS WITH
THUNDERSTORM              0     MIXED PRECIP               0
HEAVY RAIN                6     RAIN                       8
LIGHT RAIN               22     FREEZING RAIN              0
LT FREEZING RAIN          0     HAIL                       0
HEAVY SNOW                0     SNOW                       0
LIGHT SNOW                1     SLEET                      0
FOG                      26     FOG W/VIS <= 1/4 MILE      2
HAZE                      2

-  INDICATES NEGATIVE NUMBERS.
R  INDICATES RECORD WAS SET OR TIED.
MM INDICATES DATA IS MISSING.
T  INDICATES TRACE AMOUNT.

$$
