000
CXUS51 KOKX 011646
CLSBDR

CLIMATE REPORT
NATIONAL WEATHER SERVICE NEW YORK NY
1145 AM EST FRI MAR 1 2013


...THE BRIDGEPORT CT CLIMATE SUMMARY FOR THE SEASON, FROM
12/1/2012 TO 2/28/2013...

CLIMATE NORMAL PERIOD 1981 TO 2010
CLIMATE RECORD PERIOD 1948 TO 2013

WEATHER         OBSERVED          NORMAL  DEPART  LAST YEAR`S
                 VALUE   DATE(S)  VALUE   FROM    VALUE
                                          NORMAL
.............................................................
TEMPERATURE (F)
RECORD
 HIGH              76   12/07/1998
 LOW               -7   01/22/1984
HIGHEST            60   12/03        MM      MM
LOWEST              7   02/10        MM      MM
AVG. MAXIMUM     41.0              39.7     1.3
AVG. MINIMUM     28.1              25.5     2.6
MEAN             34.6              32.6     2.0
DAYS MAX >= 90      0               0.0     0.0
DAYS MAX <= 32     15              17.2    -2.2
DAYS MIN <= 32     64              67.4    -3.4
DAYS MIN <= 0       0               0.3    -0.3

PRECIPITATION (INCHES)
RECORD
 MAXIMUM        13.20   2011
 MINIMUM         8.26   2012
TOTALS          11.34              9.22    2.12     8.26
DAILY AVG.       0.13              0.10    0.03
DAYS >= .01        41              31.7     9.3
DAYS >= .10        25              18.9     6.1
DAYS >= .50         9               6.2     2.8
DAYS >= 1.00        2               1.7     0.3
GREATEST
 24 HR. TOTAL    6.19   MM
 STORM TOTAL       MM
 (MM/DD(HH))            MM

SNOWFALL (INCHES)
RECORDS
 TOTAL           58.7   2011
 24 HR TOTAL     18.5   MM
TOTALS           42.9              20.9    22.0
 LIQUID EQUIV    4.29              2.10    2.19
SINCE 7/1        51.3              21.6    29.7
 LIQUID 7/1      5.13
DAYS >= TRACE      29              11.4    17.6
DAYS >= 1.0         5               5.9    -0.9
GREATEST
 SNOW DEPTH        30R  02/09
 24 HR TOTAL     18.5R  MM
 STORM TOTAL       MM
 (MM/DD(HH))            MM

DEGREE_DAYS
HEATING TOTAL    2707              2914    -207
 SINCE 7/1         MM              3887      MM
COOLING TOTAL       0                 0       0
 SINCE 1/1          0                 0       0
..............................................................

WIND (MPH)
AVERAGE WIND SPEED              9.0
HIGHEST WIND SPEED/DIRECTION    49/190    DATE  01/31
HIGHEST GUST SPEED/DIRECTION    61/180    DATE  01/31

SKY COVER
POSSIBLE SUNSHINE (PERCENT)   MM
AVERAGE SKY COVER           0.50
NUMBER OF DAYS FAIR           42
NUMBER OF DAYS PC             17
NUMBER OF DAYS CLOUDY         31

AVERAGE RH (PERCENT)     70

WEATHER CONDITIONS. NUMBER OF DAYS WITH
THUNDERSTORM              0     MIXED PRECIP               0
HEAVY RAIN                5     RAIN                      15
LIGHT RAIN               33     FREEZING RAIN              1
LT FREEZING RAIN          2     HAIL                       0
HEAVY SNOW                1     SNOW                       2
LIGHT SNOW               20     SLEET                      1
FOG                      52     FOG W/VIS <= 1/4 MILE     13
HAZE                     17

-  INDICATES NEGATIVE NUMBERS.
R  INDICATES RECORD WAS SET OR TIED.
MM INDICATES DATA IS MISSING.
T  INDICATES TRACE AMOUNT.

$$
