000
CXUS51 KOKX 011625
CLSBDR

CLIMATE REPORT
NATIONAL WEATHER SERVICE NEW YORK NY
1125 AM EST SUN DEC 1 2013


...THE BRIDGEPORT CT CLIMATE SUMMARY FOR THE SEASON, FROM
9/1/2013 TO 11/30/2013...

CLIMATE NORMAL PERIOD 1981 TO 2010
CLIMATE RECORD PERIOD 1948 TO 2013

WEATHER         OBSERVED          NORMAL  DEPART  LAST YEAR`S
                 VALUE   DATE(S)  VALUE   FROM    VALUE
                                          NORMAL
.............................................................
TEMPERATURE (F)
RECORD
 HIGH              99   09/02/1953
 LOW               16   11/23/1972
                        11/28/1951
HIGHEST            90   09/11        MM      MM
LOWEST             18   11/25        MM      MM
AVG. MAXIMUM     64.0              63.5     0.5
AVG. MINIMUM     47.1              47.6    -0.5
MEAN             55.5              55.5     0.0
DAYS MAX >= 90      1               0.3     0.7
DAYS MAX <= 32      1               0.1     0.9
DAYS MIN <= 32     11               7.2     3.8
DAYS MIN <= 0       0               0.0     0.0

PRECIPITATION (INCHES)
RECORD
 MAXIMUM        18.60   1972
 MINIMUM         3.68   1964
TOTALS           5.55             10.51   -4.96    11.46
DAILY AVG.       0.06              0.12   -0.06
DAYS >= .01        22              27.0    -5.0
DAYS >= .10        10              17.2    -7.2
DAYS >= .50         3               7.7    -4.7
DAYS >= 1.00        3               2.4     0.6
GREATEST
 24 HR. TOTAL    1.77   MM
 STORM TOTAL       MM
 (MM/DD(HH))            MM

SNOWFALL (INCHES)
RECORDS
 TOTAL            8.4   2012
 24 HR TOTAL      6.0   MM
TOTALS            0.1               0.7    -0.6
 LIQUID EQUIV    0.01              0.10   -0.09
SINCE 7/1         0.1               0.7    -0.6
 LIQUID 7/1      0.01
DAYS >= TRACE       3               0.5     2.5
DAYS >= 1.0         0               0.2    -0.2
GREATEST
 SNOW DEPTH         0   MM
 24 HR TOTAL      0.1   MM
 STORM TOTAL       MM
 (MM/DD(HH))            MM

DEGREE_DAYS
HEATING TOTAL     953               970     -17
 SINCE 7/1        953               974     -21
COOLING TOTAL     118               108      10
 SINCE 1/1       1003               825     178
..............................................................

WIND (MPH)
AVERAGE WIND SPEED              8.2
HIGHEST WIND SPEED/DIRECTION    32/180    DATE  11/27
HIGHEST GUST SPEED/DIRECTION    54/160    DATE  11/27

SKY COVER
POSSIBLE SUNSHINE (PERCENT)   MM
AVERAGE SKY COVER           0.40
NUMBER OF DAYS FAIR           52
NUMBER OF DAYS PC             28
NUMBER OF DAYS CLOUDY         11

AVERAGE RH (PERCENT)     66

WEATHER CONDITIONS. NUMBER OF DAYS WITH
THUNDERSTORM              0     MIXED PRECIP               0
HEAVY RAIN                6     RAIN                       9
LIGHT RAIN               28     FREEZING RAIN              0
LT FREEZING RAIN          0     HAIL                       0
HEAVY SNOW                0     SNOW                       0
LIGHT SNOW                2     SLEET                      0
FOG                      26     FOG W/VIS <= 1/4 MILE      1
HAZE                      9

-  INDICATES NEGATIVE NUMBERS.
R  INDICATES RECORD WAS SET OR TIED.
MM INDICATES DATA IS MISSING.
T  INDICATES TRACE AMOUNT.

$$
