000
CXUS51 KOKX 021246
CLSBDR

CLIMATE REPORT
NATIONAL WEATHER SERVICE NEW YORK NY
746 AM EST FRI DEC 2 2011

...THE BRIDGEPORT CT CLIMATE SUMMARY FOR THE SEASON, FROM
9/1/2011 TO 11/30/2011...

CLIMATE NORMAL PERIOD 1981 TO 2010
CLIMATE RECORD PERIOD 1948 TO 2011

WEATHER         OBSERVED          NORMAL  DEPART  LAST YEAR`S
                 VALUE   DATE(S)  VALUE   FROM    VALUE
                                          NORMAL
.............................................................
TEMPERATURE (F)
RECORD
 HIGH              99   09/02/1953
 LOW               16   11/23/1972
                        11/28/1951
HIGHEST            86   09/14        MM      MM
                        09/09
LOWEST             31   11/06        MM      MM
                        10/31
AVG. MAXIMUM     66.1              63.5     2.6
AVG. MINIMUM     51.7              47.6     4.1
MEAN             58.9              55.5     3.4
DAYS MAX >= 90      0               0.3    -0.3
DAYS MAX <= 32      0               0.1    -0.1
DAYS MIN <= 32      2               7.2    -5.2
DAYS MIN <= 0       0               0.0     0.0

PRECIPITATION (INCHES)
RECORD
 MAXIMUM        18.60   1972
 MINIMUM         3.68   1964
TOTALS          13.11             10.51    2.60     8.52
DAILY AVG.       0.15              0.12    0.03
DAYS >= .01        28              27.0     1.0
DAYS >= .10        22              17.2     4.8
DAYS >= .50         9               7.7     1.3
DAYS >= 1.00        4               2.4     1.6
GREATEST
 24 HR. TOTAL    2.34   MM
 STORM TOTAL       MM
 (MM/DD(HH))            MM

SNOWFALL (INCHES)
RECORDS
 TOTAL            6.6   1989
 24 HR TOTAL      0.5   MM
TOTALS            4.0               0.7     3.3
 LIQUID EQUIV    0.40              0.10    0.30
SINCE 7/1         4.0               0.7     3.3
 LIQUID 7/1      0.40
DAYS >= TRACE       2               0.6     1.4
DAYS >= 1.0         1               0.3     0.7
GREATEST
 SNOW DEPTH         4R  10/30
 24 HR TOTAL      3.5R  MM
 STORM TOTAL       MM
 (MM/DD(HH))            MM

DEGREE_DAYS
HEATING TOTAL     724               970    -246
 SINCE 7/1         MM               974      MM
COOLING TOTAL     192               108      84
 SINCE 1/1       1110               825     285
..............................................................

WIND (MPH)
AVERAGE WIND SPEED              8.3
HIGHEST WIND SPEED/DIRECTION    29/100    DATE  11/23
HIGHEST GUST SPEED/DIRECTION    38/250    DATE  09/29

SKY COVER
POSSIBLE SUNSHINE (PERCENT)   MM
AVERAGE SKY COVER           0.40
NUMBER OF DAYS FAIR           51
NUMBER OF DAYS PC             17
NUMBER OF DAYS CLOUDY         22

AVERAGE RH (PERCENT)     66

WEATHER CONDITIONS. NUMBER OF DAYS WITH
THUNDERSTORM              0     MIXED PRECIP               0
HEAVY RAIN               13     RAIN                      19
LIGHT RAIN               37     FREEZING RAIN              1
LT FREEZING RAIN          1     HAIL                       0
HEAVY SNOW                0     SNOW                       1
LIGHT SNOW                2     SLEET                      0
FOG                      40     FOG W/VIS <= 1/4 MILE      3
HAZE                     20

-  INDICATES NEGATIVE NUMBERS.
R  INDICATES RECORD WAS SET OR TIED.
MM INDICATES DATA IS MISSING.
T  INDICATES TRACE AMOUNT.

$$
