000
CXUS51 KOKX 061410
CLSBDR

CLIMATE REPORT
NATIONAL WEATHER SERVICE NEW YORK NY
909 AM EST THU DEC 6 2012

...THE BRIDGEPORT CT CLIMATE SUMMARY FOR THE SEASON, FROM
9/1/2012 TO 11/30/2012...

CLIMATE NORMAL PERIOD 1981 TO 2010
CLIMATE RECORD PERIOD 1948 TO 2012

WEATHER         OBSERVED          NORMAL  DEPART  LAST YEAR`S
                 VALUE   DATE(S)  VALUE   FROM    VALUE
                                          NORMAL
.............................................................
TEMPERATURE (F)
RECORD
 HIGH              99   09/02/1953
 LOW               16   11/23/1972
                        11/28/1951
HIGHEST            85   09/01        MM      MM
LOWEST             29   11/06        MM      MM
AVG. MAXIMUM     63.4              63.5    -0.1
AVG. MINIMUM     48.8              47.6     1.2
MEAN             56.1              55.5     0.6
DAYS MAX >= 90      0               0.3    -0.3
DAYS MAX <= 32      0               0.1    -0.1
DAYS MIN <= 32      9               7.2     1.8
DAYS MIN <= 0       0               0.0     0.0

PRECIPITATION (INCHES)
RECORD
 MAXIMUM        18.60   1972
 MINIMUM         3.68   1964
TOTALS          11.46             10.51    0.95    13.11
DAILY AVG.       0.12              0.12    0.00
DAYS >= .01        29              27.0     2.0
DAYS >= .10        17              17.2    -0.2
DAYS >= .50         4               7.7    -3.7
DAYS >= 1.00        1               2.4    -1.4
GREATEST
 24 HR. TOTAL    4.80   MM
 STORM TOTAL       MM
 (MM/DD(HH))            MM

SNOWFALL (INCHES)
RECORDS
 TOTAL            6.6   1989
 24 HR TOTAL      3.5   MM
TOTALS            8.4R              0.7     7.7
 LIQUID EQUIV    0.84              0.10    0.74
SINCE 7/1         8.4               0.7     7.7
 LIQUID 7/1      0.84
DAYS >= TRACE       4               0.5     3.5
DAYS >= 1.0         2               0.2     1.8
GREATEST
 SNOW DEPTH         7R  11/08
 24 HR TOTAL      6.0R  MM
 STORM TOTAL       MM
 (MM/DD(HH))            MM

DEGREE_DAYS
HEATING TOTAL     916               970     -54
 SINCE 7/1         MM               974      MM
COOLING TOTAL     124               108      16
 SINCE 1/1       1075               825     250
..............................................................

WIND (MPH)
AVERAGE WIND SPEED              8.1
HIGHEST WIND SPEED/DIRECTION    59/070    DATE  10/29
HIGHEST GUST SPEED/DIRECTION    76/060    DATE  10/29

SKY COVER
POSSIBLE SUNSHINE (PERCENT)   MM
AVERAGE SKY COVER           0.40
NUMBER OF DAYS FAIR           43
NUMBER OF DAYS PC             24
NUMBER OF DAYS CLOUDY         22

AVERAGE RH (PERCENT)     69

WEATHER CONDITIONS. NUMBER OF DAYS WITH
THUNDERSTORM              0     MIXED PRECIP               0
HEAVY RAIN               10     RAIN                      12
LIGHT RAIN               34     FREEZING RAIN              0
LT FREEZING RAIN          0     HAIL                       0
HEAVY SNOW                0     SNOW                       1
LIGHT SNOW                4     SLEET                      0
FOG                      32     FOG W/VIS <= 1/4 MILE      5
HAZE                      9

-  INDICATES NEGATIVE NUMBERS.
R  INDICATES RECORD WAS SET OR TIED.
MM INDICATES DATA IS MISSING.
T  INDICATES TRACE AMOUNT.

$$
