000
CXUS51 KOKX 011800
CLSBDR

CLIMATE REPORT
NATIONAL WEATHER SERVICE NEW YORK NY
100 PM EST THU MAR 1 2012

...THE BRIDGEPORT CT CLIMATE SUMMARY FOR THE SEASON, FROM
12/1/2011 TO 2/29/2012...

CLIMATE NORMAL PERIOD 1981 TO 2010
CLIMATE RECORD PERIOD 1948 TO 2012

WEATHER         OBSERVED          NORMAL  DEPART  LAST YEAR`S
                 VALUE   DATE(S)  VALUE   FROM    VALUE
                                          NORMAL
.............................................................
TEMPERATURE (F)
RECORD
 HIGH              76   12/07/1998
 LOW               -7   01/22/1984
HIGHEST            62   02/01        MM      MM
LOWEST             12   01/16        MM      MM
                        01/04
AVG. MAXIMUM     46.3              39.7     6.6
AVG. MINIMUM     30.7              25.5     5.2
MEAN             38.5              32.6     5.9
DAYS MAX >= 90      0               0.0     0.0
DAYS MAX <= 32      4              17.2   -13.2
DAYS MIN <= 32     53              67.4   -14.4
DAYS MIN <= 0       0               0.3    -0.3

PRECIPITATION (INCHES)
RECORD
 MAXIMUM        19.61   1979
 MINIMUM         4.33   1980
TOTALS           8.26              9.22   -0.96    13.20
DAILY AVG.       0.09              0.10   -0.01
DAYS >= .01        27              31.7    -4.7
DAYS >= .10        17              18.9    -1.9
DAYS >= .50         4               6.2    -2.2
DAYS >= 1.00        1               1.7    -0.7
GREATEST
 24 HR. TOTAL    1.95   MM
 STORM TOTAL       MM
 (MM/DD(HH))            MM

SNOWFALL (INCHES)
RECORDS
 TOTAL           58.7   2011
 24 HR TOTAL     15.0   MM
TOTALS            9.6              21.3   -11.7
 LIQUID EQUIV    0.96              2.10   -1.14
SINCE 7/1        13.6              22.0    -8.4
 LIQUID 7/1      1.36
DAYS >= TRACE      14              12.3     1.7
DAYS >= 1.0         3               6.2    -3.2
GREATEST
 SNOW DEPTH         5   01/22
 24 HR TOTAL      6.2   MM
 STORM TOTAL       MM
 (MM/DD(HH))            MM

DEGREE_DAYS
HEATING TOTAL    2389              2914    -525
 SINCE 7/1         MM              3917      MM
COOLING TOTAL       0                 0       0
 SINCE 1/1          0                 0       0
..............................................................

WIND (MPH)
AVERAGE WIND SPEED              8.1
HIGHEST WIND SPEED/DIRECTION    39/180    DATE  12/27
HIGHEST GUST SPEED/DIRECTION    54/190    DATE  12/27

SKY COVER
POSSIBLE SUNSHINE (PERCENT)   MM
AVERAGE SKY COVER           0.40
NUMBER OF DAYS FAIR           56
NUMBER OF DAYS PC             20
NUMBER OF DAYS CLOUDY         15

AVERAGE RH (PERCENT)     59

WEATHER CONDITIONS. NUMBER OF DAYS WITH
THUNDERSTORM              0     MIXED PRECIP               0
HEAVY RAIN                6     RAIN                      11
LIGHT RAIN               29     FREEZING RAIN              0
LT FREEZING RAIN          0     HAIL                       0
HEAVY SNOW                0     SNOW                       1
LIGHT SNOW               10     SLEET                      1
FOG                      30     FOG W/VIS <= 1/4 MILE      6
HAZE                     13

-  INDICATES NEGATIVE NUMBERS.
R  INDICATES RECORD WAS SET OR TIED.
MM INDICATES DATA IS MISSING.
T  INDICATES TRACE AMOUNT.

$$
