000
CXUS51 KOKX 011421
CLSBDR

CLIMATE REPORT
NATIONAL WEATHER SERVICE NEW YORK NY
1021 AM EDT SAT JUN 1 2013

...................................

...THE BRIDGEPORT CT CLIMATE SUMMARY FOR THE SEASON, FROM
3/1/2013 TO 5/31/2013...

CLIMATE NORMAL PERIOD 1981 TO 2010
CLIMATE RECORD PERIOD 1948 TO 2013

WEATHER         OBSERVED          NORMAL  DEPART  LAST YEAR`S
                 VALUE   DATE(S)  VALUE   FROM    VALUE
                                          NORMAL
.............................................................
TEMPERATURE (F)
RECORD
 HIGH              97   05/20/1996
 LOW                4   03/19/1967
HIGHEST            91   05/31        MM      MM
LOWEST             26   03/18        MM      MM
AVG. MAXIMUM     57.2              57.5    -0.3
AVG. MINIMUM     41.5              41.0     0.5
MEAN             49.3              49.2     0.1
DAYS MAX >= 90      1               0.1     0.9
DAYS MAX <= 32      0               0.9    -0.9
DAYS MIN <= 32     21              17.5     3.5
DAYS MIN <= 0       0               0.0     0.0

PRECIPITATION (INCHES)
RECORD
 MAXIMUM        24.70   1983
 MINIMUM         4.38   1986
TOTALS           6.58             11.98   -5.40     8.58
DAILY AVG.       0.07              0.13   -0.06
DAYS >= .01        27              34.1    -7.1
DAYS >= .10        17              21.5    -4.5
DAYS >= .50         3               7.1    -4.1
DAYS >= 1.00        0               2.8    -2.8
GREATEST
 24 HR. TOTAL    0.83   MM
 STORM TOTAL       MM
 (MM/DD(HH))            MM

SNOWFALL (INCHES)
RECORDS
 TOTAL           22.0   1996
 24 HR TOTAL     11.1   03/22/1967 TO 03/22/1967
TOTALS           13.0               6.0     7.0
 LIQUID EQUIV    1.30              0.60    0.70
SINCE 7/1        64.3              27.6    36.7
 LIQUID 7/1      6.43
DAYS >= TRACE       8               2.7     5.3
DAYS >= 1.0         3               1.9     1.1
GREATEST
 SNOW DEPTH         6   03/09
                        03/08
 24 HR TOTAL      9.0   MM
 STORM TOTAL       MM
 (MM/DD(HH))            MM

DEGREE_DAYS
HEATING TOTAL    1453              1473     -20
 SINCE 7/1         MM              5360      MM
COOLING TOTAL      38                24      14
 SINCE 1/1         38                24      14
..............................................................

WIND (MPH)
AVERAGE WIND SPEED              9.1
HIGHEST WIND SPEED/DIRECTION    39/090    DATE  04/12
HIGHEST GUST SPEED/DIRECTION    48/080    DATE  04/12

SKY COVER
POSSIBLE SUNSHINE (PERCENT)   MM
AVERAGE SKY COVER           0.40
NUMBER OF DAYS FAIR           45
NUMBER OF DAYS PC             23
NUMBER OF DAYS CLOUDY         24

AVERAGE RH (PERCENT)     65

WEATHER CONDITIONS. NUMBER OF DAYS WITH
THUNDERSTORM              0     MIXED PRECIP               0
HEAVY RAIN                7     RAIN                      14
LIGHT RAIN               37     FREEZING RAIN              1
LT FREEZING RAIN          1     HAIL                       0
HEAVY SNOW                0     SNOW                       1
LIGHT SNOW                7     SLEET                      0
FOG                      38     FOG W/VIS <= 1/4 MILE     10
HAZE                     13

-  INDICATES NEGATIVE NUMBERS.
R  INDICATES RECORD WAS SET OR TIED.
MM INDICATES DATA IS MISSING.
T  INDICATES TRACE AMOUNT.

$$
