000
CXUS51 KOKX 021643 CCA
CLSBDR

CLIMATE REPORT...CORRECTED
NATIONAL WEATHER SERVICE NEW YORK NY
1242 PM EDT THU JUN 2 2011

...................................

...THE BRIDGEPORT CT CLIMATE SUMMARY FOR THE SEASON, FROM
3/1/2011 TO 5/31/2011...

CLIMATE NORMAL PERIOD 1971 TO 2000
CLIMATE RECORD PERIOD 1948 TO 2011

WEATHER         OBSERVED          NORMAL  DEPART  LAST YEAR`S
                 VALUE   DATE(S)  VALUE   FROM    VALUE
                                          NORMAL
.............................................................
TEMPERATURE (F)
RECORD
 HIGH              97   05/20/1996
 LOW                4   03/19/1967
HIGHEST            87   05/30        MM      MM
LOWEST             16   03/03        MM      MM
AVG. MAXIMUM     57.9              56.5     1.4
AVG. MINIMUM     42.9              40.2     2.7
MEAN             50.4              48.4     2.0
DAYS MAX >= 90      0               0.2    -0.2
DAYS MAX <= 32      1               1.2    -0.2
DAYS MIN <= 32     17              19.0    -2.0
DAYS MIN <= 0       0               0.0     0.0

PRECIPITATION (INCHES)
RECORD
 MAXIMUM        24.70   1983
 MINIMUM         4.38   1986
TOTALS          13.85             11.43    2.42    15.53
DAILY AVG.       0.15              0.12    0.03
DAYS >= .01        36              32.8     3.2
DAYS >= .10        21              21.7    -0.7
DAYS >= .50         8               8.0     0.0
DAYS >= 1.00        5               3.2     1.8
GREATEST
 24 HR. TOTAL    2.35   MM
 STORM TOTAL       MM
 (MM/DD(HH))            MM

SNOWFALL (INCHES)
RECORDS
 TOTAL           22.0   1996
 24 HR TOTAL     11.1   03/22/1967 TO 03/22/1967
TOTALS            3.2               5.2    -2.0
 LIQUID EQUIV    0.32                MM      MM
SINCE 7/1        62.6              25.2    37.4
 LIQUID 7/1      6.26
DAYS >= TRACE       6               2.9     3.1
DAYS >= 1.0         2               1.7     0.3
GREATEST
 SNOW DEPTH         2   03/24
 24 HR TOTAL      1.5   MM
 STORM TOTAL       MM
 (MM/DD(HH))            MM

DEGREE_DAYS
HEATING TOTAL    1372              1541    -169
 SINCE 7/1         MM              5465      MM
COOLING TOTAL      49                15      34
 SINCE 1/1         49                22      27
..............................................................

WIND (MPH)
AVERAGE WIND SPEED              8.8
HIGHEST WIND SPEED/DIRECTION    36/300    DATE  04/21
HIGHEST GUST SPEED/DIRECTION    47/060    DATE  04/13

SKY COVER
POSSIBLE SUNSHINE (PERCENT)   MM
AVERAGE SKY COVER           0.50
NUMBER OF DAYS FAIR           35
NUMBER OF DAYS PC             36
NUMBER OF DAYS CLOUDY         21

AVERAGE RH (PERCENT)     67

WEATHER CONDITIONS. NUMBER OF DAYS WITH
THUNDERSTORM              0     MIXED PRECIP               0
HEAVY RAIN               14     RAIN                      21
LIGHT RAIN               37     FREEZING RAIN              0
LT FREEZING RAIN          0     HAIL                       0
HEAVY SNOW                0     SNOW                       2
LIGHT SNOW                3     SLEET                      1
FOG                      50     FOG W/VIS <= 1/4 MILE     21
HAZE                     25

-  INDICATES NEGATIVE NUMBERS.
R  INDICATES RECORD WAS SET OR TIED.
MM INDICATES DATA IS MISSING.
T  INDICATES TRACE AMOUNT.

$$
