000
CXUS51 KOKX 011727
CLSBDR

CLIMATE REPORT
NATIONAL WEATHER SERVICE NEW YORK NY
1224 PM EST TUE MAR 1 2016

...................................

...THE BRIDGEPORT CT CLIMATE SUMMARY FOR THE SEASON, FROM
12/1/2015 TO 2/29/2016...

CLIMATE NORMAL PERIOD 1981 TO 2010
CLIMATE RECORD PERIOD 1948 TO 2016

WEATHER         OBSERVED          NORMAL  DEPART  LAST YEAR`S
                 VALUE   DATE(S)  VALUE   FROM    VALUE
                                          NORMAL
.............................................................
TEMPERATURE (F)
RECORD
 HIGH              76   12/07/1998
 LOW               -7   01/22/1984
HIGHEST            64   12/25        MM      MM
LOWEST             -6   02/14        MM      MM
AVG. MAXIMUM     46.0              39.7     6.3
AVG. MINIMUM     30.8              25.5     5.3
MEAN             38.4              32.6     5.8
DAYS MAX >= 90      0               0.0     0.0
DAYS MAX <= 32     11              17.2    -6.2
DAYS MIN <= 32     47              67.4   -20.4
DAYS MIN <= 0       1               0.3     0.7

PRECIPITATION (INCHES)
RECORD
 MAXIMUM        19.61   1979
 MINIMUM         4.33   1980
TOTALS          12.10              9.22    2.88    11.99
DAILY AVG.       0.13              0.10    0.03
DAYS >= .01        34              31.7     2.3
DAYS >= .10        22              18.9     3.1
DAYS >= .50         8               6.2     1.8
DAYS >= 1.00        4               1.7     2.3
GREATEST
 24 HR. TOTAL    1.32   MM
 STORM TOTAL       MM
 (MM/DD(HH))            MM

SNOWFALL (INCHES)
RECORDS
 TOTAL           58.7   2011
 24 HR TOTAL     18.5   MM
TOTALS           24.9              20.9     4.0
 LIQUID EQUIV    2.49              2.10    0.39
SINCE 7/1        24.9              21.6     3.3
 LIQUID 7/1      2.49
DAYS >= TRACE      16              11.4     4.6
DAYS >= 1.0         4               5.9    -1.9
GREATEST
 SNOW DEPTH        10   01/24
 24 HR TOTAL      9.5   MM
 STORM TOTAL       MM
 (MM/DD(HH))            MM

DEGREE_DAYS
HEATING TOTAL    2391              2914    -523
 SINCE 7/1         MM              3917      MM
COOLING TOTAL       0                 0       0
 SINCE 1/1          0                 0       0
..............................................................

WIND (MPH)
AVERAGE WIND SPEED              9.4
HIGHEST WIND SPEED/DIRECTION    39/180    DATE  02/25
HIGHEST GUST SPEED/DIRECTION    57/160    DATE  02/24

SKY COVER
POSSIBLE SUNSHINE (PERCENT)   MM
AVERAGE SKY COVER           0.40
NUMBER OF DAYS FAIR           45
NUMBER OF DAYS PC             23
NUMBER OF DAYS CLOUDY         23

AVERAGE RH (PERCENT)     67

WEATHER CONDITIONS. NUMBER OF DAYS WITH
THUNDERSTORM              0     MIXED PRECIP               0
HEAVY RAIN                9     RAIN                      15
LIGHT RAIN               31     FREEZING RAIN              2
LT FREEZING RAIN          2     HAIL                       0
HEAVY SNOW                1     SNOW                       5
LIGHT SNOW               14     SLEET                      0
FOG                      40     FOG W/VIS <= 1/4 MILE     10
HAZE                     15

-  INDICATES NEGATIVE NUMBERS.
R  INDICATES RECORD WAS SET OR TIED.
MM INDICATES DATA IS MISSING.
T  INDICATES TRACE AMOUNT.

$$
