000
CXUS51 KOKX 012322
CLSBDR

CLIMATE REPORT
NATIONAL WEATHER SERVICE NEW YORK NY
622 PM EST SAT MAR 1 2014


...THE BRIDGEPORT CT CLIMATE SUMMARY FOR THE SEASON, FROM
12/1/2013 TO 2/28/2014...

CLIMATE NORMAL PERIOD 1981 TO 2010
CLIMATE RECORD PERIOD 1948 TO 2014

WEATHER         OBSERVED          NORMAL  DEPART  LAST YEAR`S
                 VALUE   DATE(S)  VALUE   FROM    VALUE
                                          NORMAL
.............................................................
TEMPERATURE (F)
RECORD
 HIGH              76   12/07/1998
 LOW               -7   01/22/1984
HIGHEST            60   12/22        MM      MM
LOWEST              2   01/22        MM      MM
AVG. MAXIMUM     37.3              39.7    -2.4
AVG. MINIMUM     23.4              25.5    -2.1
MEAN             30.3              32.6    -2.3
DAYS MAX >= 90      0               0.0     0.0
DAYS MAX <= 32     29              17.2    11.8
DAYS MIN <= 32     77              67.4     9.6
DAYS MIN <= 0       0               0.3    -0.3

PRECIPITATION (INCHES)
RECORD
 MAXIMUM        13.20   2011
 MINIMUM         8.26   2012
TOTALS          11.31              9.22    2.09    11.34
DAILY AVG.       0.13              0.10    0.03
DAYS >= .01        40              31.7     8.3
DAYS >= .10        24              18.9     5.1
DAYS >= .50         9               6.2     2.8
DAYS >= 1.00        3               1.7     1.3
GREATEST
 24 HR. TOTAL    1.32   MM
 STORM TOTAL       MM
 (MM/DD(HH))            MM

SNOWFALL (INCHES)
RECORDS
 TOTAL           58.7   2011
 24 HR TOTAL     18.5   MM
TOTALS           56.3              20.9    35.4
 LIQUID EQUIV    5.63              2.10    3.53
SINCE 7/1        56.4              21.6    34.8
 LIQUID 7/1      5.64
DAYS >= TRACE      30              11.4    18.6
DAYS >= 1.0        14               5.9     8.1
GREATEST
 SNOW DEPTH        15   02/19
                        02/14
 24 HR TOTAL      9.5   MM
 STORM TOTAL       MM
 (MM/DD(HH))            MM

DEGREE_DAYS
HEATING TOTAL    3095              2914     181
 SINCE 7/1         MM              3887      MM
COOLING TOTAL       0                 0       0
 SINCE 1/1          0                 0       0
..............................................................

WIND (MPH)
AVERAGE WIND SPEED              8.3
HIGHEST WIND SPEED/DIRECTION    31/300    DATE  02/27
HIGHEST GUST SPEED/DIRECTION    46/310    DATE  02/15

SKY COVER
POSSIBLE SUNSHINE (PERCENT)   MM
AVERAGE SKY COVER           0.40
NUMBER OF DAYS FAIR           42
NUMBER OF DAYS PC             30
NUMBER OF DAYS CLOUDY         18

AVERAGE RH (PERCENT)     69

WEATHER CONDITIONS. NUMBER OF DAYS WITH
THUNDERSTORM              0     MIXED PRECIP               0
HEAVY RAIN                4     RAIN                       9
LIGHT RAIN               20     FREEZING RAIN              5
LT FREEZING RAIN          9     HAIL                       0
HEAVY SNOW                4     SNOW                      12
LIGHT SNOW               24     SLEET                      0
FOG                      44     FOG W/VIS <= 1/4 MILE     18
HAZE                     19

-  INDICATES NEGATIVE NUMBERS.
R  INDICATES RECORD WAS SET OR TIED.
MM INDICATES DATA IS MISSING.
T  INDICATES TRACE AMOUNT.

$$
