000
CXUS51 KOKX 022031
CLSBDR

NYCCLMBDR 000
TTAA00 KOKX 021404


CLIMATE REPORT
NATIONAL WEATHER SERVICE NEW YORK NY
431 PM EDT FRI SEP 2 2011

...................................

...THE BRIDGEPORT CT CLIMATE SUMMARY FOR THE SEASON, FROM
6/1/2011 TO 8/31/2011...

CLIMATE NORMAL PERIOD 1981 TO 2010
CLIMATE RECORD PERIOD 1948 TO 2011

WEATHER         OBSERVED          NORMAL  DEPART  LAST YEAR`S
                 VALUE   DATE(S)  VALUE   FROM    VALUE
                                          NORMAL
.............................................................
TEMPERATURE (F)
RECORD
 HIGH             103   07/22/2011
                        07/22/1957
                        07/22/1957
 LOW               41   06/01/1967
HIGHEST           103R  07/22        MM      MM
LOWEST             53   06/05        MM      MM
                        06/03
AVG. MAXIMUM     81.8              80.0     1.8
AVG. MINIMUM     66.1              64.2     1.9
MEAN             74.0              72.1     1.9
DAYS MAX >= 90      7               5.9     1.1
DAYS MAX <= 32      0               0.0     0.0
DAYS MIN <= 32      0               0.0     0.0
DAYS MIN <= 0       0               0.0     0.0

PRECIPITATION (INCHES)
RECORD
 MAXIMUM        20.23   1972
 MINIMUM         4.13   1995
TOTALS          18.11             11.03    7.08    10.42
DAILY AVG.       0.20              0.12    0.08
DAYS >= .01        31              28.9     2.1
DAYS >= .10        21              18.5     2.5
DAYS >= .50        13               7.1     5.9
DAYS >= 1.00        5               2.9     2.1
GREATEST
 24 HR. TOTAL    3.35   08/27 TO 08/28
 STORM TOTAL       MM
 (MM/DD(HH))            MM

SNOWFALL (INCHES)
RECORDS
 TOTAL              T   2008
                        1992
                        1991
 24 HR TOTAL       MM
TOTALS            0.0               0.0     0.0
 LIQUID EQUIV    0.00              0.00    0.00
SINCE 7/1         0.0               0.0     0.0
 LIQUID 7/1      0.00
DAYS >= TRACE       0               0.0     0.0
DAYS >= 1.0         0               0.0     0.0
GREATEST
 SNOW DEPTH         0   MM
 24 HR TOTAL      0.0   MM
 STORM TOTAL       MM
 (MM/DD(HH))            MM

DEGREE_DAYS
HEATING TOTAL      16                36     -20
 SINCE 7/1          0                 4      -4
COOLING TOTAL     869               694     175
 SINCE 1/1        918               718     200
..............................................................

WIND (MPH)
AVERAGE WIND SPEED              7.1
HIGHEST WIND SPEED/DIRECTION    46/080    DATE  08/28
HIGHEST GUST SPEED/DIRECTION    63/060    DATE  08/28

SKY COVER
POSSIBLE SUNSHINE (PERCENT)   MM
AVERAGE SKY COVER           0.30
NUMBER OF DAYS FAIR           67
NUMBER OF DAYS PC             14
NUMBER OF DAYS CLOUDY         11

AVERAGE RH (PERCENT)     67

WEATHER CONDITIONS. NUMBER OF DAYS WITH
THUNDERSTORM              0     MIXED PRECIP               0
HEAVY RAIN               16     RAIN                      22
LIGHT RAIN               29     FREEZING RAIN              0
LT FREEZING RAIN          0     HAIL                       0
HEAVY SNOW                0     SNOW                       0
LIGHT SNOW                0     SLEET                      0
FOG                      46     FOG W/VIS <= 1/4 MILE      5
HAZE                     44

-  INDICATES NEGATIVE NUMBERS.
R  INDICATES RECORD WAS SET OR TIED.
MM INDICATES DATA IS MISSING.
T  INDICATES TRACE AMOUNT.

$$
