000
CXUS51 KOKX 020100
CLSBDR

CLIMATE REPORT
NATIONAL WEATHER SERVICE NEW YORK NY
853 PM EDT TUE JUN 1 2010

...................................

...THE BRIDGEPORT CT CLIMATE SUMMARY FOR THE SEASON, FROM
3/1/2010 TO 5/31/2010...

CLIMATE NORMAL PERIOD 1971 TO 2000
CLIMATE RECORD PERIOD 1948 TO 2010

WEATHER         OBSERVED          NORMAL  DEPART  LAST YEAR`S
                 VALUE   DATE(S)  VALUE   FROM    VALUE
                                          NORMAL
.............................................................
TEMPERATURE (F)
RECORD
 HIGH              97   05/20/1996
 LOW                4   03/19/1967
HIGHEST            94   05/26        MM      MM
LOWEST             27   03/27        MM      MM
AVG. MAXIMUM     62.5              56.5     6.0
AVG. MINIMUM     44.9              40.2     4.7
MEAN             53.7              48.4     5.3
DAYS MAX >= 90      1               0.2     0.8
DAYS MAX <= 32      0               1.2    -1.2
DAYS MIN <= 32      5              19.0   -14.0
DAYS MIN <= 0       0               0.0     0.0

PRECIPITATION (INCHES)
RECORD
 MAXIMUM        24.70   1983
 MINIMUM         4.38   1986
TOTALS          15.53             11.43    4.10     8.64
DAILY AVG.       0.17              0.12    0.05
DAYS >= .01        30              32.8    -2.8
DAYS >= .10        20              21.7    -1.7
DAYS >= .50         9               8.0     1.0
DAYS >= 1.00        5               3.2     1.8
GREATEST
 24 HR. TOTAL    3.31   03/13 TO 03/13
 STORM TOTAL       MM
 (MM/DD(HH))            MM

SNOWFALL (INCHES)
RECORDS
 TOTAL           22.0   1996
 24 HR TOTAL     11.1   03/22/1967 TO 03/22/1967
TOTALS            0.1               5.2    -5.1
 LIQUID EQUIV    0.01                MM      MM
SINCE 7/1        38.1              25.2    12.9
 LIQUID 7/1      3.81
DAYS >= TRACE       4               2.9     1.1
DAYS >= 1.0         0               1.7    -1.7
GREATEST
 SNOW DEPTH         0
 24 HR TOTAL      0.1   03/05 TO 03/05
 STORM TOTAL       MM
 (MM/DD(HH))            MM

DEGREE_DAYS
HEATING TOTAL    1068              1541    -473
 SINCE 7/1       4931              5465    -534
COOLING TOTAL      50                15      35
 SINCE 1/1         50                22      28
..............................................................

WIND (MPH)
AVERAGE WIND SPEED              8.6
HIGHEST WIND SPEED/DIRECTION    38/300    DATE  04/29
HIGHEST GUST SPEED/DIRECTION    49/300    DATE  04/29

SKY COVER
POSSIBLE SUNSHINE (PERCENT)   MM

NUMBER OF DAYS FAIR           55
NUMBER OF DAYS PC             14
NUMBER OF DAYS CLOUDY         23

AVERAGE RH (PERCENT)     63

WEATHER CONDITIONS. NUMBER OF DAYS WITH
THUNDERSTORM              2     MIXED PRECIP               0
HEAVY RAIN               12     RAIN                      16
LIGHT RAIN               35     FREEZING RAIN              0
LT FREEZING RAIN          0     HAIL                       0
HEAVY SNOW                0     SNOW                       0
LIGHT SNOW                2     SLEET                      0
FOG                      41     FOG W/VIS <= 1/4 MILE      7
HAZE                     15

-  INDICATES NEGATIVE NUMBERS.
R  INDICATES RECORD WAS SET OR TIED.
MM INDICATES DATA IS MISSING.
T  INDICATES TRACE AMOUNT.

$$
