000
CXUS51 KOKX 011541
CLSBDR

CLIMATE REPORT
NATIONAL WEATHER SERVICE NEW YORK NY
1039 AM EST TUE MAR 1 2011


...THE BRIDGEPORT CT CLIMATE SUMMARY FOR THE SEASON, FROM
12/1/2010 TO 2/28/2011...

CLIMATE NORMAL PERIOD 1971 TO 2000
CLIMATE RECORD PERIOD 1948 TO 2011

WEATHER         OBSERVED          NORMAL  DEPART  LAST YEAR`S
                 VALUE   DATE(S)  VALUE   FROM    VALUE
                                          NORMAL
.............................................................
TEMPERATURE (F)
RECORD
 HIGH              76   12/07/1998
 LOW               -7   01/22/1984
HIGHEST            59   12/01        MM      MM
LOWEST              0   01/24        MM      MM
AVG. MAXIMUM     37.1              38.2    -1.1
AVG. MINIMUM     22.3              24.3    -2.0
MEAN             29.7              31.3    -1.6
DAYS MAX >= 90      0               0.0     0.0
DAYS MAX <= 32     23              20.9     2.1
DAYS MIN <= 32     80              68.9    11.1
DAYS MIN <= 0       1               0.7     0.3

PRECIPITATION (INCHES)
RECORD
 MAXIMUM        13.20   2011
 MINIMUM         8.50   2007
TOTALS          13.20              9.74    3.46    13.13
DAILY AVG.       0.15              0.11    0.04
DAYS >= .01        28              32.2    -4.2
DAYS >= .10        20              19.8     0.2
DAYS >= .50        10               6.6     3.4
DAYS >= 1.00        4               2.2     1.8
GREATEST
 24 HR. TOTAL    2.10   MM
 STORM TOTAL       MM
 (MM/DD(HH))            MM

SNOWFALL (INCHES)
RECORDS
 TOTAL           58.7   2011
 24 HR TOTAL     15.0   MM
TOTALS           58.7R             19.3    39.4
 LIQUID EQUIV    5.87              1.90    3.97
SINCE 7/1        59.1              20.0    39.1
 LIQUID 7/1      5.91
DAYS >= TRACE      33              12.6    20.4
DAYS >= 1.0        12               5.6     6.4
GREATEST
 SNOW DEPTH        26R  01/27
 24 HR TOTAL     15.0R  MM
 STORM TOTAL       MM
 (MM/DD(HH))            MM

DEGREE_DAYS
HEATING TOTAL    3157              3040     117
 SINCE 7/1       4000              3966      34
COOLING TOTAL       0                 0       0
 SINCE 1/1          0                 0       0
..............................................................

WIND (MPH)
AVERAGE WIND SPEED              8.8
HIGHEST WIND SPEED/DIRECTION    40/350    DATE  12/26
HIGHEST GUST SPEED/DIRECTION    60/010    DATE  12/26

SKY COVER
POSSIBLE SUNSHINE (PERCENT)   MM

NUMBER OF DAYS FAIR           40
NUMBER OF DAYS PC             35
NUMBER OF DAYS CLOUDY         15

AVERAGE RH (PERCENT)     62

WEATHER CONDITIONS. NUMBER OF DAYS WITH
THUNDERSTORM              0     MIXED PRECIP               0
HEAVY RAIN                4     RAIN                       6
LIGHT RAIN               15     FREEZING RAIN              1
LT FREEZING RAIN          4     HAIL                       0
HEAVY SNOW                4     SNOW                      11
LIGHT SNOW               25     SLEET                      0
FOG                      36     FOG W/VIS <= 1/4 MILE     18
HAZE                     36

-  INDICATES NEGATIVE NUMBERS.
R  INDICATES RECORD WAS SET OR TIED.
MM INDICATES DATA IS MISSING.
T  INDICATES TRACE AMOUNT.

$$
