000
CXUS51 KOKX 011405
CLSBDR

CLIMATE REPORT
NATIONAL WEATHER SERVICE NEW YORK NY
1005 AM EDT WED SEP 1 2010

...................................

...THE BRIDGEPORT CT CLIMATE SUMMARY FOR THE SEASON, FROM
6/1/2010 TO 8/31/2010...

CLIMATE NORMAL PERIOD 1971 TO 2000
CLIMATE RECORD PERIOD 1948 TO 2010

WEATHER         OBSERVED          NORMAL  DEPART  LAST YEAR`S
                 VALUE   DATE(S)  VALUE   FROM    VALUE
                                          NORMAL
.............................................................
TEMPERATURE (F)
RECORD
 HIGH             103   07/22/1957
 LOW               41   06/01/1967
HIGHEST            98   07/06        MM      MM
LOWEST             51   06/09        MM      MM
AVG. MAXIMUM     83.1              79.5     3.6
AVG. MINIMUM     66.9              63.3     3.6
MEAN             75.0              71.4     3.6
DAYS MAX >= 90     15               6.2     8.8
DAYS MAX <= 32      0               0.0     0.0
DAYS MIN <= 32      0               0.0     0.0
DAYS MIN <= 0       0               0.0     0.0

PRECIPITATION (INCHES)
RECORD
 MAXIMUM        20.23   1972
 MINIMUM         4.13   1995
TOTALS          10.42             10.49   -0.07    12.17
DAILY AVG.       0.11              0.11    0.00
DAYS >= .01        25              28.4    -3.4
DAYS >= .10        20              18.1     1.9
DAYS >= .50         7               6.6     0.4
DAYS >= 1.00        3               2.9     0.1
GREATEST
 24 HR. TOTAL    1.61   MM
 STORM TOTAL       MM
 (MM/DD(HH))            MM

SNOWFALL (INCHES)
RECORDS
 TOTAL              T   2008
                        1992
                        1991
 24 HR TOTAL       MM
TOTALS            0.0               0.0     0.0
 LIQUID EQUIV    0.00              0.00    0.00
SINCE 7/1         0.0               0.0     0.0
 LIQUID 7/1      0.00
DAYS >= TRACE       0               0.0     0.0
DAYS >= 1.0         0               0.0     0.0
GREATEST
 SNOW DEPTH         0   MM
 24 HR TOTAL      0.0   MM
 STORM TOTAL       MM
 (MM/DD(HH))            MM

DEGREE_DAYS
HEATING TOTAL      13                18      -5
 SINCE 7/1          0                 6      -6
COOLING TOTAL     956               617     339
 SINCE 1/1       1006               691     315
..............................................................

WIND (MPH)
AVERAGE WIND SPEED              6.9
HIGHEST WIND SPEED/DIRECTION    39/280    DATE  06/24
HIGHEST GUST SPEED/DIRECTION    78/290    DATE  06/24

SKY COVER
POSSIBLE SUNSHINE (PERCENT)   MM

NUMBER OF DAYS FAIR           67
NUMBER OF DAYS PC             18
NUMBER OF DAYS CLOUDY          7

AVERAGE RH (PERCENT)     67

WEATHER CONDITIONS. NUMBER OF DAYS WITH
THUNDERSTORM              8     MIXED PRECIP               0
HEAVY RAIN               16     RAIN                      17
LIGHT RAIN               33     FREEZING RAIN              0
LT FREEZING RAIN          0     HAIL                       0
HEAVY SNOW                0     SNOW                       0
LIGHT SNOW                0     SLEET                      0
FOG                      39     FOG W/VIS <= 1/4 MILE      6
HAZE                     28

-  INDICATES NEGATIVE NUMBERS.
R  INDICATES RECORD WAS SET OR TIED.
MM INDICATES DATA IS MISSING.
T  INDICATES TRACE AMOUNT.

$$
