000
CXUS51 KOKX 012151
CLSBDR

NYCCLMBDR 000
TTAA00 KOKX 011810


CLIMATE REPORT
NATIONAL WEATHER SERVICE NEW YORK NY
550 PM EDT MON JUN 1 2009

...................................

...THE BRIDGEPORT CT CLIMATE SUMMARY FOR THE SEASON, FROM
3/1/2009 TO 5/31/2009...

CLIMATE NORMAL PERIOD 1971 TO 2000
CLIMATE RECORD PERIOD 1948 TO 2009

WEATHER         OBSERVED          NORMAL  DEPART  LAST YEAR`S
                 VALUE   DATE(S)  VALUE   FROM    VALUE
                                          NORMAL
.............................................................
TEMPERATURE (F)
RECORD
 HIGH              97   05/20/1996
 LOW                4   03/19/1967
HIGHEST            83   04/26        MM      MM
LOWEST             12   03/03        MM      MM
AVG. MAXIMUM     56.6              56.5     0.1
AVG. MINIMUM     41.4              40.2     1.2
MEAN             49.0              48.4     0.6
DAYS MAX >= 90      0               0.2    -0.2
DAYS MAX <= 32      2               1.2     0.8
DAYS MIN <= 32     20              19.0     1.0
DAYS MIN <= 0       0               0.0     0.0

PRECIPITATION (INCHES)
RECORD
 MAXIMUM        24.70   1983
 MINIMUM         4.38   1986
TOTALS           8.64             11.43   -2.79    10.32
DAILY AVG.       0.09              3.81   -3.72
DAYS >= .01        35              32.8     2.2
DAYS >= .10        23              21.7     1.3
DAYS >= .50         8               8.0     0.0
DAYS >= 1.00        0               3.2    -3.2
GREATEST
 24 HR. TOTAL    1.01   04/20 TO 04/21
 STORM TOTAL       MM
 (MM/DD(HH))            MM

SNOWFALL (INCHES)
RECORDS
 TOTAL           22.0   1996
 24 HR TOTAL       MM   MM
TOTALS            9.7               5.2     4.5
 LIQUID EQUIV    0.97                MM      MM
SINCE 7/1        43.1              25.2    17.9
 LIQUID 7/1      4.31
DAYS >= TRACE       5               2.9     2.1
DAYS >= 1.0         2               1.7     0.3
GREATEST
 SNOW DEPTH         8   03/03
 24 HR TOTAL      7.6   03/02 TO 03/02
 STORM TOTAL       MM
 (MM/DD(HH))            MM

DEGREE_DAYS
HEATING TOTAL    1475              1541     -66
 SINCE 7/1       5507              5465      42
COOLING TOTAL      21                15       6
 SINCE 1/1         21                22      -1

FREEZE DATES
RECORD
 EARLIEST     MM
 LATEST       MM
EARLIEST                        MM
LATEST                          MM
..............................................................

WIND (MPH)
AVERAGE WIND SPEED              9.3
HIGHEST WIND SPEED/DIRECTION    37/090    DATE  04/20
HIGHEST GUST SPEED/DIRECTION    44/320    DATE  04/04

SKY COVER
POSSIBLE SUNSHINE (PERCENT)   MM

NUMBER OF DAYS FAIR           46
NUMBER OF DAYS PC             26
NUMBER OF DAYS CLOUDY         20

AVERAGE RH (PERCENT)     68

WEATHER CONDITIONS. NUMBER OF DAYS WITH
THUNDERSTORM              0     MIXED PRECIP               0
HEAVY RAIN                9     RAIN                      20
LIGHT RAIN               38     FREEZING RAIN              0
LT FREEZING RAIN          0     HAIL                       0
HEAVY SNOW                0     SNOW                       1
LIGHT SNOW                3     SLEET                      0
FOG                      47     FOG W/VIS <= 1/4 MILE     14
HAZE                     11

-  INDICATES NEGATIVE NUMBERS.
R  INDICATES RECORD WAS SET OR TIED.
MM INDICATES DATA IS MISSING.
T  INDICATES TRACE AMOUNT.

$$
