000
CXUS51 KOKX 021450
CLSBDR

CLIMATE REPORT
NATIONAL WEATHER SERVICE NEW YORK NY
949 AM EST THU DEC 2 2010

...................................

...THE BRIDGEPORT CT CLIMATE SUMMARY FOR THE SEASON, FROM
9/1/2010 TO 11/30/2010...

CLIMATE NORMAL PERIOD 1971 TO 2000
CLIMATE RECORD PERIOD 1948 TO 2010

WEATHER         OBSERVED          NORMAL  DEPART  LAST YEAR`S
                 VALUE   DATE(S)  VALUE   FROM    VALUE
                                          NORMAL
.............................................................
TEMPERATURE (F)
RECORD
 HIGH              99   09/02/1953
 LOW               16   11/23/1972
                        11/28/1951
HIGHEST            93   09/01        MM      MM
LOWEST             27   11/28        MM      MM
AVG. MAXIMUM     64.9              63.8     1.1
AVG. MINIMUM     49.4              47.6     1.8
MEAN             57.2              55.7     1.5
DAYS MAX >= 90      2               0.3     1.7
DAYS MAX <= 32      0               0.2    -0.2
DAYS MIN <= 32      3               8.5    -5.5
DAYS MIN <= 0       0               0.0     0.0

PRECIPITATION (INCHES)
RECORD
 MAXIMUM        18.60   1972
 MINIMUM         3.68   1964
TOTALS           8.52              9.92   -1.40    10.07
DAILY AVG.       0.09              0.11   -0.02
DAYS >= .01        24              26.6    -2.6
DAYS >= .10        16              17.5    -1.5
DAYS >= .50         7               7.6    -0.6
DAYS >= 1.00        2               2.6    -0.6
GREATEST
 24 HR. TOTAL    1.35   MM
 STORM TOTAL       MM
 (MM/DD(HH))            MM

SNOWFALL (INCHES)
RECORDS
 TOTAL            6.6   1989
 24 HR TOTAL      0.5   MM
TOTALS            0.4               0.7    -0.3
 LIQUID EQUIV    0.04                MM      MM
SINCE 7/1         0.4               0.7    -0.3
 LIQUID 7/1      0.04
DAYS >= TRACE       2               0.7     1.3
DAYS >= 1.0         0               0.2    -0.2
GREATEST
 SNOW DEPTH         0   MM
 24 HR TOTAL      0.4   MM
 STORM TOTAL       MM
 (MM/DD(HH))            MM

DEGREE_DAYS
HEATING TOTAL     843               937     -94
 SINCE 7/1        843               985    -142
COOLING TOTAL     153                93      60
 SINCE 1/1       1159               789     370
..............................................................

WIND (MPH)
AVERAGE WIND SPEED              8.8
HIGHEST WIND SPEED/DIRECTION    33/320    DATE  11/08
HIGHEST GUST SPEED/DIRECTION    47/320    DATE  11/08

SKY COVER
POSSIBLE SUNSHINE (PERCENT)   MM

NUMBER OF DAYS FAIR           53
NUMBER OF DAYS PC             25
NUMBER OF DAYS CLOUDY         13

AVERAGE RH (PERCENT)     65

WEATHER CONDITIONS. NUMBER OF DAYS WITH
THUNDERSTORM              5     MIXED PRECIP               0
HEAVY RAIN               10     RAIN                      12
LIGHT RAIN               34     FREEZING RAIN              0
LT FREEZING RAIN          0     HAIL                       0
HEAVY SNOW                0     SNOW                       0
LIGHT SNOW                1     SLEET                      0
FOG                      33     FOG W/VIS <= 1/4 MILE      1
HAZE                     11

-  INDICATES NEGATIVE NUMBERS.
R  INDICATES RECORD WAS SET OR TIED.
MM INDICATES DATA IS MISSING.
T  INDICATES TRACE AMOUNT.

$$
