000
CXUS51 KOKX 020106
CLSBDR

CLIMATE REPORT
NATIONAL WEATHER SERVICE NEW YORK NY
800 PM EST MON MAR 1 2010

...THE BRIDGEPORT CT CLIMATE SUMMARY FOR THE SEASON, FROM
12/1/2009 TO 2/28/2010...

CLIMATE NORMAL PERIOD 1971 TO 2000
CLIMATE RECORD PERIOD 1948 TO 2010

WEATHER         OBSERVED          NORMAL  DEPART  LAST YEAR`S
                 VALUE   DATE(S)  VALUE   FROM    VALUE
                                          NORMAL
.............................................................
TEMPERATURE (F)
RECORD
 HIGH              76   12/07/1998
 LOW               -7   01/22/1984
HIGHEST            64   12/03        MM      MM
LOWEST              7   01/30        MM      MM
AVG. MAXIMUM     38.5              38.2     0.3
AVG. MINIMUM     25.1              24.3     0.8
MEAN             31.8              31.3     0.5
DAYS MAX >= 90      0               0.0     0.0
DAYS MAX <= 32     20              20.9    -0.9
DAYS MIN <= 32     75              68.9     6.1
DAYS MIN <= 0       0               0.7    -0.7

PRECIPITATION (INCHES)
RECORD
 MAXIMUM        13.13   2010
 MINIMUM         8.50   2007
TOTALS          13.13R             9.74    3.39     9.48
DAILY AVG.       0.15              0.11    0.04
DAYS >= .01        31              32.2    -1.2
DAYS >= .10        20              19.8     0.2
DAYS >= .50        11               6.6     4.4
DAYS >= 1.00        4               2.2     1.8
GREATEST
 24 HR. TOTAL    2.69   MM
 STORM TOTAL       MM
 (MM/DD(HH))            MM

SNOWFALL (INCHES)
RECORDS
 TOTAL           38.0   2010
 24 HR TOTAL      7.0   MM
TOTALS           38.0R             19.3    18.7
 LIQUID EQUIV    3.80              1.90    1.90
SINCE 7/1        38.0              20.0    18.0
 LIQUID 7/1      3.80
DAYS >= TRACE      25              12.6    12.4
DAYS >= 1.0        12               5.6     6.4
GREATEST
 SNOW DEPTH         9   12/20
 24 HR TOTAL      6.0   MM
 STORM TOTAL       MM
 (MM/DD(HH))            MM

DEGREE_DAYS
HEATING TOTAL    2968              3040     -72
 SINCE 7/1       3863              3966    -103
COOLING TOTAL       0                 0       0
 SINCE 1/1          0                 0       0

FREEZE DATES
RECORD
 EARLIEST     MM
 LATEST       MM
EARLIEST                        MM
LATEST                          MM
..............................................................

WIND (MPH)
AVERAGE WIND SPEED              9.4
HIGHEST WIND SPEED/DIRECTION    39/300    DATE  12/29
HIGHEST GUST SPEED/DIRECTION    49/090    DATE  12/09

SKY COVER
POSSIBLE SUNSHINE (PERCENT)   MM

NUMBER OF DAYS FAIR           48
NUMBER OF DAYS PC             19
NUMBER OF DAYS CLOUDY         21

AVERAGE RH (PERCENT)     64

WEATHER CONDITIONS. NUMBER OF DAYS WITH
THUNDERSTORM              0     MIXED PRECIP               0
HEAVY RAIN                6     RAIN                      14
LIGHT RAIN               22     FREEZING RAIN              0
LT FREEZING RAIN          0     HAIL                       0
HEAVY SNOW                3     SNOW                       7
LIGHT SNOW               25     SLEET                      0
FOG                      35     FOG W/VIS <= 1/4 MILE      8
HAZE                     14

-  INDICATES NEGATIVE NUMBERS.
R  INDICATES RECORD WAS SET OR TIED.
MM INDICATES DATA IS MISSING.
T  INDICATES TRACE AMOUNT.

$$
