000
CXUS51 KOKX 021623
CLSBDR

NYCCLMBDR 000
TTAA00 KOKX 021559


CLIMATE REPORT
NATIONAL WEATHER SERVICE NEW YORK NY
1123 AM EST WED DEC 2 2009

...................................

...THE BRIDGEPORT CT CLIMATE SUMMARY FOR THE SEASON, FROM
9/1/2009 TO 11/30/2009...

CLIMATE NORMAL PERIOD 1971 TO 2000
CLIMATE RECORD PERIOD 1948 TO 2009

WEATHER         OBSERVED          NORMAL  DEPART  LAST YEAR`S
                 VALUE   DATE(S)  VALUE   FROM    VALUE
                                          NORMAL
.............................................................
TEMPERATURE (F)
RECORD
 HIGH              99   09/02/1953
 LOW               16   11/23/1972
                        11/28/1951
HIGHEST            83   09/24        MM      MM
LOWEST             30   11/07        MM      MM
AVG. MAXIMUM     63.0              63.8    -0.8
AVG. MINIMUM     48.3              47.6     0.7
MEAN             55.7              55.7     0.0
DAYS MAX >= 90      0               0.3    -0.3
DAYS MAX <= 32      0               0.2    -0.2
DAYS MIN <= 32      1               8.5    -7.5
DAYS MIN <= 0       0               0.0     0.0

PRECIPITATION (INCHES)
RECORD
 MAXIMUM        18.60   1972
 MINIMUM         3.68   1964
TOTALS          10.07              9.92    0.15    11.35
DAILY AVG.       0.11              0.11    0.00
DAYS >= .01        28              26.6     1.4
DAYS >= .10        16              17.5    -1.5
DAYS >= .50         8               7.6     0.4
DAYS >= 1.00        2               2.6    -0.6
GREATEST
 24 HR. TOTAL    1.96   MM
 STORM TOTAL       MM
 (MM/DD(HH))            MM

SNOWFALL (INCHES)
RECORDS
 TOTAL            6.6   1989
 24 HR TOTAL       MM   MM
TOTALS              T               0.7    -0.7
 LIQUID EQUIV       T                MM      MM
SINCE 7/1           T               0.7    -0.7
 LIQUID 7/1        MM
DAYS >= TRACE       1               0.7     0.3
DAYS >= 1.0         0               0.2    -0.2
GREATEST
 SNOW DEPTH         0   MM
 24 HR TOTAL        T   10/16 TO 10/16
 STORM TOTAL       MM
 (MM/DD(HH))            MM

DEGREE_DAYS
HEATING TOTAL     892               937     -45
 SINCE 7/1        895               985     -90
COOLING TOTAL      61                93     -32
 SINCE 1/1        671               789    -118

FREEZE DATES
RECORD
 EARLIEST     MM
 LATEST       MM
EARLIEST                        MM
LATEST                          MM
..............................................................

WIND (MPH)
AVERAGE WIND SPEED              8.6
HIGHEST WIND SPEED/DIRECTION    37/300    DATE  10/07
HIGHEST GUST SPEED/DIRECTION    46/280    DATE  10/07

SKY COVER
POSSIBLE SUNSHINE (PERCENT)   MM

NUMBER OF DAYS FAIR           48
NUMBER OF DAYS PC             17
NUMBER OF DAYS CLOUDY         25

AVERAGE RH (PERCENT)     70

WEATHER CONDITIONS. NUMBER OF DAYS WITH
THUNDERSTORM              4     MIXED PRECIP               0
HEAVY RAIN               10     RAIN                      13
LIGHT RAIN               36     FREEZING RAIN              0
LT FREEZING RAIN          0     HAIL                       0
HEAVY SNOW                0     SNOW                       0
LIGHT SNOW                0     SLEET                      0
FOG                      31     FOG W/VIS <= 1/4 MILE      2
HAZE                      7

-  INDICATES NEGATIVE NUMBERS.
R  INDICATES RECORD WAS SET OR TIED.
MM INDICATES DATA IS MISSING.
T  INDICATES TRACE AMOUNT.

$$
