000
CXUS51 KOKX 012105
CLSBDR

NYCCLMBDR 000
TTAA00 KOKX 012102


CLIMATE REPORT
NATIONAL WEATHER SERVICE NEW YORK NY
502 PM EDT TUE SEP 1 2009

...................................

...THE BRIDGEPORT CT CLIMATE SUMMARY FOR THE SEASON, FROM
6/1/2009 TO 8/31/2009...

CLIMATE NORMAL PERIOD 1971 TO 2000
CLIMATE RECORD PERIOD 1948 TO 2009

WEATHER         OBSERVED          NORMAL  DEPART  LAST YEAR`S
                 VALUE   DATE(S)  VALUE   FROM    VALUE
                                          NORMAL
.............................................................
TEMPERATURE (F)
RECORD
 HIGH             103   07/22/1957
 LOW               41   06/01/1967
HIGHEST            91   08/17        MM      MM
LOWEST             44   06/01        MM      MM
AVG. MAXIMUM     77.4              79.5    -2.1
AVG. MINIMUM     63.6              63.3     0.3
MEAN             70.5              71.4    -0.9
DAYS MAX >= 90      1               6.2    -5.2
DAYS MAX <= 32      0               0.0     0.0
DAYS MIN <= 32      0               0.0     0.0
DAYS MIN <= 0       0               0.0     0.0

PRECIPITATION (INCHES)
RECORD
 MAXIMUM        20.23   1972
 MINIMUM         4.13   1995
TOTALS          12.17             10.49    1.68    12.25
DAILY AVG.       0.13              3.50   -3.37
DAYS >= .01        39              28.4    10.6
DAYS >= .10        23              18.1     4.9
DAYS >= .50         7               6.6     0.4
DAYS >= 1.00        3               2.9     0.1
GREATEST
 24 HR. TOTAL    2.16   MM
 STORM TOTAL       MM
 (MM/DD(HH))            MM

SNOWFALL (INCHES)
RECORDS
 TOTAL              T   2008
                        1992
                        1991
 24 HR TOTAL       MM
TOTALS            0.0               0.0     0.0
 LIQUID EQUIV    0.00              0.00    0.00
SINCE 7/1         0.0               0.0     0.0
 LIQUID 7/1      0.00
DAYS >= TRACE       0               0.0     0.0
DAYS >= 1.0         0               0.0     0.0
GREATEST
 SNOW DEPTH         0   MM
 24 HR TOTAL      0.0   MM
 STORM TOTAL       MM
 (MM/DD(HH))            MM

DEGREE_DAYS
HEATING TOTAL      56                18      38
 SINCE 7/1          3                 6      -3
COOLING TOTAL     589               617     -28
 SINCE 1/1        610               691     -81

FREEZE DATES
RECORD
 EARLIEST     MM
 LATEST       MM
EARLIEST                        MM
LATEST                          MM
..............................................................

WIND (MPH)
AVERAGE WIND SPEED              6.9
HIGHEST WIND SPEED/DIRECTION    25/MM     DATE   MM
HIGHEST GUST SPEED/DIRECTION    39/310    DATE  06/26

SKY COVER
POSSIBLE SUNSHINE (PERCENT)   MM

NUMBER OF DAYS FAIR           49
NUMBER OF DAYS PC             29
NUMBER OF DAYS CLOUDY         14

AVERAGE RH (PERCENT)     76

WEATHER CONDITIONS. NUMBER OF DAYS WITH
THUNDERSTORM              4     MIXED PRECIP               0
HEAVY RAIN               14     RAIN                      22
LIGHT RAIN               52     FREEZING RAIN              0
LT FREEZING RAIN          0     HAIL                       0
HEAVY SNOW                0     SNOW                       0
LIGHT SNOW                0     SLEET                      0
FOG                      61     FOG W/VIS <= 1/4 MILE      5
HAZE                     20

-  INDICATES NEGATIVE NUMBERS.
R  INDICATES RECORD WAS SET OR TIED.
MM INDICATES DATA IS MISSING.
T  INDICATES TRACE AMOUNT.

$$
