421
CXUS51 KOKX 020115 RRB
CLSBDR

NYCCLMBDR 000
TTAA00 KOKX 020113


CLIMATE REPORT
NATIONAL WEATHER SERVICE NEW YORK NY
812 PM EST WED MAR 1 2017

...................................

...THE BRIDGEPORT CT CLIMATE SUMMARY FOR THE SEASON, FROM
12/1/2016 TO 2/28/2017...

CLIMATE NORMAL PERIOD 1981 TO 2010
CLIMATE RECORD PERIOD 1948 TO 2017

WEATHER         OBSERVED          NORMAL  DEPART  LAST YEAR`S
                 VALUE   DATE(S)  VALUE   FROM    VALUE
                                          NORMAL
.............................................................
TEMPERATURE (F)
RECORD
 HIGH              76   12/07/1998
 LOW               -7   01/22/1984
HIGHEST            65   02/24        MM      MM
LOWEST              9   01/09        MM      MM
AVG. MAXIMUM     44.6              39.7     4.9
AVG. MINIMUM     30.7              25.5     5.2
MEAN             37.7              32.6     5.1
DAYS MAX >= 90      0               0.0     0.0
DAYS MAX <= 32      7              17.2   -10.2
DAYS MIN <= 32     50              67.4   -17.4
DAYS MIN <= 0       0               0.3    -0.3

PRECIPITATION (INCHES)
RECORD
 MAXIMUM        19.61   1979
 MINIMUM         4.33   1980
TOTALS           8.62              9.22   -0.60    12.10
DAILY AVG.       0.10              0.10    0.00
DAYS >= .01        32              31.7     0.3
DAYS >= .10        21              18.9     2.1
DAYS >= .50         9               6.2     2.8
DAYS >= 1.00        0               1.7    -1.7
GREATEST
 24 HR. TOTAL    1.05   MM
 STORM TOTAL       MM
 (MM/DD(HH))            MM

SNOWFALL (INCHES)
RECORDS
 TOTAL           58.7   2011
 24 HR TOTAL     18.5   MM
TOTALS           29.8              20.9     8.9
 LIQUID EQUIV    2.98              2.10    0.88
SINCE 7/1        29.8              21.6     8.2
 LIQUID 7/1      2.98
DAYS >= TRACE      10              11.4    -1.4
DAYS >= 1.0         7               5.9     1.1
GREATEST
 SNOW DEPTH         9   02/10
 24 HR TOTAL     10.3   MM
 STORM TOTAL       MM
 (MM/DD(HH))            MM

DEGREE_DAYS
HEATING TOTAL    2439              2914    -475
 SINCE 7/1         MM              3887      MM
COOLING TOTAL       0                 0       0
 SINCE 1/1          0                 0       0
..............................................................

WIND (MPH)
AVERAGE WIND SPEED              8.8
HIGHEST WIND SPEED/DIRECTION    44/310    DATE  02/13
HIGHEST GUST SPEED/DIRECTION    60/310    DATE  02/13

SKY COVER
POSSIBLE SUNSHINE (PERCENT)   MM
AVERAGE SKY COVER           0.50
NUMBER OF DAYS FAIR           37
NUMBER OF DAYS PC             37
NUMBER OF DAYS CLOUDY         16

AVERAGE RH (PERCENT)     62

WEATHER CONDITIONS. NUMBER OF DAYS WITH
THUNDERSTORM              0     MIXED PRECIP               0
HEAVY RAIN                2     RAIN                      14
LIGHT RAIN               30     FREEZING RAIN              2
LT FREEZING RAIN          3     HAIL                       0
HEAVY SNOW                3     SNOW                       6
LIGHT SNOW                8     SLEET                      0
FOG                      40     FOG W/VIS <= 1/4 MILE     12
HAZE                     19

-  INDICATES NEGATIVE NUMBERS.
R  INDICATES RECORD WAS SET OR TIED.
MM INDICATES DATA IS MISSING.
T  INDICATES TRACE AMOUNT.

$$
