000
CXUS51 KOKX 011522
CLSBDR

CLIMATE REPORT
NATIONAL WEATHER SERVICE NEW YORK NY
1120 AM EDT SAT SEP 1 2012

...................................

...THE BRIDGEPORT CT CLIMATE SUMMARY FOR THE SEASON, FROM
6/1/2012 TO 8/31/2012...

CLIMATE NORMAL PERIOD 1981 TO 2010
CLIMATE RECORD PERIOD 1948 TO 2012

WEATHER         OBSERVED          NORMAL  DEPART  LAST YEAR`S
                 VALUE   DATE(S)  VALUE   FROM    VALUE
                                          NORMAL
.............................................................
TEMPERATURE (F)
RECORD
 HIGH             103   07/22/2011
                        07/22/1957
                        07/22/1957
 LOW               41   06/01/1967
HIGHEST            96   06/21        MM      MM
LOWEST             51   06/05        MM      MM
AVG. MAXIMUM     82.0              80.0     2.0
AVG. MINIMUM     66.4              64.2     2.2
MEAN             74.2              72.1     2.1
DAYS MAX >= 90     13               5.9     7.1
DAYS MAX <= 32      0               0.0     0.0
DAYS MIN <= 32      0               0.0     0.0
DAYS MIN <= 0       0               0.0     0.0

PRECIPITATION (INCHES)
RECORD
 MAXIMUM        20.23   1972
 MINIMUM         4.13   1995
TOTALS          12.07             11.03    1.04    18.11
DAILY AVG.       0.13              0.12    0.01
DAYS >= .01        30              28.9     1.1
DAYS >= .10        21              18.5     2.5
DAYS >= .50         6               7.1    -1.1
DAYS >= 1.00        4               2.9     1.1
GREATEST
 24 HR. TOTAL    1.97   MM
 STORM TOTAL       MM
 (MM/DD(HH))            MM

SNOWFALL (INCHES)
RECORDS
 TOTAL              T   2008
                        1992
                        1991
 24 HR TOTAL       MM
TOTALS            0.0               0.0     0.0
 LIQUID EQUIV    0.00              0.00    0.00
SINCE 7/1         0.0               0.0     0.0
 LIQUID 7/1      0.00
DAYS >= TRACE       0               0.0     0.0
DAYS >= 1.0         0               0.0     0.0
GREATEST
 SNOW DEPTH         0   MM
 24 HR TOTAL      0.0   MM
 STORM TOTAL       MM
 (MM/DD(HH))            MM

DEGREE_DAYS
HEATING TOTAL      19                36     -17
 SINCE 7/1          0                 4      -4
COOLING TOTAL     892               694     198
 SINCE 1/1        951               718     233
..............................................................

WIND (MPH)
AVERAGE WIND SPEED              6.9
HIGHEST WIND SPEED/DIRECTION    40/300    DATE  07/26
HIGHEST GUST SPEED/DIRECTION    52/290    DATE  07/26

SKY COVER
POSSIBLE SUNSHINE (PERCENT)   MM
AVERAGE SKY COVER           0.30
NUMBER OF DAYS FAIR           65
NUMBER OF DAYS PC             19
NUMBER OF DAYS CLOUDY          8

AVERAGE RH (PERCENT)     70

WEATHER CONDITIONS. NUMBER OF DAYS WITH
THUNDERSTORM              0     MIXED PRECIP               0
HEAVY RAIN               13     RAIN                      18
LIGHT RAIN               38     FREEZING RAIN              0
LT FREEZING RAIN          0     HAIL                       0
HEAVY SNOW                0     SNOW                       0
LIGHT SNOW                0     SLEET                      0
FOG                      38     FOG W/VIS <= 1/4 MILE      2
HAZE                     14

-  INDICATES NEGATIVE NUMBERS.
R  INDICATES RECORD WAS SET OR TIED.
MM INDICATES DATA IS MISSING.
T  INDICATES TRACE AMOUNT.

$$
