000
CXUS51 KOKX 011406
CLSBDR

CLIMATE REPORT
NATIONAL WEATHER SERVICE NEW YORK NY
957 AM EDT FRI JUN 1 2012

...................................

...THE BRIDGEPORT CT CLIMATE SUMMARY FOR THE SEASON, FROM
3/1/2012 TO 5/31/2012...

CLIMATE NORMAL PERIOD 1981 TO 2010
CLIMATE RECORD PERIOD 1948 TO 2012

WEATHER         OBSERVED          NORMAL  DEPART  LAST YEAR`S
                 VALUE   DATE(S)  VALUE   FROM    VALUE
                                          NORMAL
.............................................................
TEMPERATURE (F)
RECORD
 HIGH              97   05/20/1996
 LOW                4   03/19/1967
HIGHEST            85   05/29        MM      MM
                        05/26
LOWEST             22   03/06        MM      MM
AVG. MAXIMUM     62.2              57.5     4.7
AVG. MINIMUM     46.4              41.0     5.4
MEAN             54.3              49.2     5.1
DAYS MAX >= 90      0               0.1    -0.1
DAYS MAX <= 32      0               0.9    -0.9
DAYS MIN <= 32      6              17.5   -11.5
DAYS MIN <= 0       0               0.0     0.0

PRECIPITATION (INCHES)
RECORD
 MAXIMUM        24.70   1983
 MINIMUM         4.38   1986
TOTALS           8.58             11.98   -3.40    13.85
DAILY AVG.       0.09              0.13   -0.04
DAYS >= .01        34              34.1    -0.1
DAYS >= .10        19              21.5    -2.5
DAYS >= .50         6               7.1    -1.1
DAYS >= 1.00        2               2.8    -0.8
GREATEST
 24 HR. TOTAL    2.54   04/22 TO 04/23
 STORM TOTAL       MM
 (MM/DD(HH))            MM

SNOWFALL (INCHES)
RECORDS
 TOTAL           22.0   1996
 24 HR TOTAL     11.1   03/22/1967 TO 03/22/1967
TOTALS              T               6.1    -6.1
 LIQUID EQUIV       T              0.60    -0.6
SINCE 7/1        13.6              28.1   -14.5
 LIQUID 7/1      1.36
DAYS >= TRACE       2               2.8    -0.8
DAYS >= 1.0         0               1.9    -1.9
GREATEST
 SNOW DEPTH         0   MM
 24 HR TOTAL        T   04/24 TO 04/24
                        03/02 TO 03/02
 STORM TOTAL       MM
 (MM/DD(HH))            MM

DEGREE_DAYS
HEATING TOTAL    1021              1473    -452
 SINCE 7/1       4134              5360   -1226
COOLING TOTAL      59                24      35
 SINCE 1/1         59                24      35
..............................................................

WIND (MPH)
AVERAGE WIND SPEED              8.1
HIGHEST WIND SPEED/DIRECTION    33/310    DATE  03/26
HIGHEST GUST SPEED/DIRECTION    46/310    DATE  03/26

SKY COVER
POSSIBLE SUNSHINE (PERCENT)   MM
AVERAGE SKY COVER           0.40
NUMBER OF DAYS FAIR           40
NUMBER OF DAYS PC             28
NUMBER OF DAYS CLOUDY         24

AVERAGE RH (PERCENT)     62

WEATHER CONDITIONS. NUMBER OF DAYS WITH
THUNDERSTORM              0     MIXED PRECIP               0
HEAVY RAIN                7     RAIN                      15
LIGHT RAIN               42     FREEZING RAIN              0
LT FREEZING RAIN          0     HAIL                       0
HEAVY SNOW                0     SNOW                       0
LIGHT SNOW                0     SLEET                      0
FOG                      42     FOG W/VIS <= 1/4 MILE     20
HAZE                     24

-  INDICATES NEGATIVE NUMBERS.
R  INDICATES RECORD WAS SET OR TIED.
MM INDICATES DATA IS MISSING.
T  INDICATES TRACE AMOUNT.

$$
