000
CXUS51 KOKX 030135
CLSBDR
CLIMATE REPORT
NATIONAL WEATHER SERVICE NEW YORK, NY
835 PM EST THU MAR 02 2023
...................................
...THE BRIDGEPORT CT CLIMATE SUMMARY FOR THE SEASON, FROM
12/1/2022 TO 2/28/2023...
CLIMATE NORMAL PERIOD 1991 TO 2020
CLIMATE RECORD PERIOD 1948 TO 2023
WEATHER OBSERVED NORMAL DEPART LAST YEAR`S
VALUE DATE(S) VALUE FROM VALUE
NORMAL
..............................................................
TEMPERATURE (F)
RECORD
HIGH 76 12/07/1998
LOW -7 01/22/1984
HIGHEST 68 02/16 MM MM
LOWEST -4 02/04 MM MM
AVG. MAXIMUM 45.0 40.9 4.1
AVG. MINIMUM 29.9 26.7 3.2
MEAN 37.5 33.8 3.7
DAYS MAX >= 90 0 0.0 0.0
DAYS MAX <= 32 5 17.0 -12.0
DAYS MIN <= 32 57 66.1 -9.1
DAYS MIN <= 0 1 0.4 0.6
PRECIPITATION (INCHES)
RECORD
MAXIMUM 19.61 1979
MINIMUM 4.33 1980
TOTALS 10.46 10.28 0.18 8.28
DAILY AVG. 0.11 0.11 -0.00
DAYS >= .01 35 33.1 1.9
DAYS >= .10 20 20.3 -0.3
DAYS >= .50 6 7.2 -1.2
DAYS >= 1.00 2 2.2 -0.2
GREATEST
24 HR. TOTAL 1.54 12/06 TO 12/07
STORM TOTAL 1.11
(MM/DD(HH))
SNOWFALL (INCHES)
RECORDS
TOTAL 59.0 2011
24 HR TOTAL MM
TOTALS 4.9 24.7 -19.8
LIQUID EQUIV 0.50 2.40 -1.90
SINCE 7/1 4.9 25.7 -20.8
LIQUID 7/1 0.49
DAYS >= TRACE 16 11.0 5.0
DAYS >= 1.0 2 7.0 -5.0
GREATEST
SNOW DEPTH 3 02/28
24 HR TOTAL 3.8
STORM TOTAL 3.8
(MM/DD(HH))
DEGREE DAYS
HEATING TOTAL 2458 2803 -345
SINCE 7/1 3284 3702 -418
COOLING TOTAL 0 0 0
SINCE 1/1 0 0 0
..............................................................
WIND (MPH)
AVERAGE WIND SPEED 8.6
HIGHEST WIND SPEED/DIRECTION 38/230 DATE 12/23
HIGHEST GUST SPEED/DIRECTION 49/300 DATE 12/23
SKY COVER
POSSIBLE SUNSHINE (PERCENT) MM
AVERAGE SKY COVER 0.45
NUMBER OF DAYS FAIR 40
NUMBER OF DAYS PC 27
NUMBER OF DAYS CLOUDY 23
AVERAGE RH (PERCENT) 69
WEATHER CONDITIONS. NUMBER OF DAYS WITH
THUNDERSTORM 2 MIXED PRECIP 0
HEAVY RAIN 12 RAIN 16
LIGHT RAIN 36 FREEZING RAIN 0
LT FREEZING RAIN 0 HAIL 0
HEAVY SNOW 0 SNOW 1
LIGHT SNOW 14 SLEET 1
FOG 34 FOG W/VIS <= 1/4 MILE 5
HAZE 0
- INDICATES NEGATIVE NUMBERS.
R INDICATES RECORD WAS SET OR TIED.
MM INDICATES DATA IS MISSING.
T INDICATES TRACE AMOUNT.
$$