000
CXUS55 KBOU 011000
CF6BDU
PRELIMINARY LOCAL CLIMATOLOGICAL DATA (WS FORM: F-6)
STATION: BOULDER AIRPORT
MONTH: DECEMBER
YEAR: 2022
LATITUDE: 40 2 N
LONGITUDE: 105 14 W
TEMPERATURE IN F: :PCPN: SNOW: WIND :SUNSHINE: SKY :PK WND
================================================================================
1 2 3 4 5 6A 6B 7 8 9 10 11 12 13 14 15 16 17 18
12Z AVG MX 2MIN
DY MAX MIN AVG DEP HDD CDD WTR SNW DPTH SPD SPD DIR MIN PSBL S-S WX SPD DR
================================================================================
1 57 18 38 M 27 0 0.00 M M 8.0 32 250 M M 0 49 250
2 54 27 41 M 24 0 0.00 M M 18.3 32 250 M M 2 56 250
3 54 19 37 M 28 0 0.00 M M 3.0 10 30 M M 0 20 200
4 55 30 43 M 22 0 0.00 M M 4.3 27 280 M M 1 40 280
5 55 32 44 M 21 0 0.00 M M 13.2 29 250 M M 1 41 250
6 50 32 41 M 24 0 0.00 M M 13.8 24 250 M M 1 37 250
7 46 28 37 M 28 0 0.00 M M 2.8 8 360 M M 1 M M
8 45 27 36 M 29 0 0.00 M M 8.3 23 270 M M 1 40 270
9 50 19 35 M 30 0 0.00 M M 5.7 23 250 M M 0 31 250
10 50 27 39 M 26 0 0.00 M M 3.1 9 340 M M 0 M M
11 59 27 43 M 22 0 0.00 M M 1.7 7 240 M M 0 M M
12 54 27 41 M 24 0 0.00 M M 5.9 13 50 M M 3 21 20
13 30 25 28 M 37 0 0.00 M M 4.6 8 120 M M 10 M M
14 41 21 31 M 34 0 0.00 M M 8.3 22 260 M M 2 35 280
15 34 21 28 M 37 0 0.00 M M 6.8 14 280 M M 2 27 340
16 32 18 25 M 40 0 0.00 M M 8.3 20 260 M M 2 27 260
17 36 18 27 M 38 0 0.00 M M 3.0 9 230 M M 1 M M
18 41 14 28 M 37 0 0.00 M M 2.0 8 50 M M 0 M M
19 46 18 32 M 33 0 0.00 M M 12.2 36 270 M M 0 8 51 260
20 50 19 35 M 30 0 0.00 M M 4.2 9 350 M M 1 17 260
21 46 -6 20 M 45 0 0.36 M M 8.7 28 260 M M 5 8 43 260
22 1 -13 -6 M 71 0 0.00 M M 3.5 9 70 M M 4 M M
23 10 -9 1 M 64 0 0.02 M M 1.1 5 320 M M 0 M M
24 50 3 27 M 38 0 0.00 M M 4.7 14 270 M M 2 29 270
25 52 27 40 M 25 0 0.00 M M 14.3 29 280 M M 2 41 280
26 50 32 41 M 24 0 0.00 M M 2.7 13 240 M M 2 18 310
27 63 32 48 M 17 0 0.00 M M 4.1 12 220 M M 1 21 280
28 54 32 43 M 22 0 1.04 M M 3.4 13 260 M M 5 17 40
29 36 23 30 M 35 0 0.12 M M 1.7 7 260 M M 2 M M
30 36 18 27 M 38 0 0.00 M M 2.8 7 340 M M 0 17 70
31 50 21 36 M 29 0 0.00 M M 3.4 15 260 M M 2 20 260
================================================================================
SM 1387 627 999 0 1.54 M 188.0 M 53
================================================================================
AV 44.7 20.2 6.1 FASTST M M 2 MAX(MPH)
MISC ----> 36 270 56 250
================================================================================
NOTES:
# LAST OF SEVERAL OCCURRENCES
COLUMN 17 PEAK WIND IN M.P.H.
PRELIMINARY LOCAL CLIMATOLOGICAL DATA (WS FORM: F-6) , PAGE 2
STATION: BOULDER AIRPORT
MONTH: DECEMBER
YEAR: 2022
LATITUDE: 40 2 N
LONGITUDE: 105 14 W
[TEMPERATURE DATA] [PRECIPITATION DATA] SYMBOLS USED IN COLUMN 16
AVERAGE MONTHLY: 32.5 TOTAL FOR MONTH: 1.54 1 = FOG OR MIST
DPTR FM NORMAL: 0.0 DPTR FM NORMAL: M 2 = FOG REDUCING VISIBILITY
HIGHEST: 63 ON 27 GRTST 24HR 1.04 ON 28-28 TO 1/4 MILE OR LESS
LOWEST: -13 ON 22 3 = THUNDER
SNOW, ICE PELLETS, HAIL 4 = ICE PELLETS
TOTAL MONTH: M 5 = HAIL
GRTST 24HR M ON M 6 = FREEZING RAIN OR DRIZZLE
GRTST DEPTH: M ON M 7 = DUSTSTORM OR SANDSTORM:
VSBY 1/2 MILE OR LESS
8 = SMOKE OR HAZE
[NO. OF DAYS WITH] [WEATHER - DAYS WITH] 9 = BLOWING SNOW
X = TORNADO
MAX 32 OR BELOW: 4 0.01 INCH OR MORE: 4
MAX 90 OR ABOVE: 0 0.10 INCH OR MORE: 3
MIN 32 OR BELOW: 31 0.50 INCH OR MORE: 1
MIN 0 OR BELOW: 3 1.00 INCH OR MORE: 1
[HDD (BASE 65) ]
TOTAL THIS MO. 999 CLEAR (SCALE 0-3) 26
DPTR FM NORMAL M PTCLDY (SCALE 4-7) 4
TOTAL FM JUL 1 2268 CLOUDY (SCALE 8-10) 1
DPTR FM NORMAL M
[CDD (BASE 65) ]
TOTAL THIS MO. 0
DPTR FM NORMAL M [PRESSURE DATA]
TOTAL FM JAN 1 1033 HIGHEST SLP M ON M
DPTR FM NORMAL M LOWEST SLP M ON M
[REMARKS]
#FINAL-12-22#