000
CXUS51 KCTP 010900
CF6BFD
PRELIMINARY LOCAL CLIMATOLOGICAL DATA (WS FORM: F-6)
STATION: BRADFORD
MONTH: NOVEMBER
YEAR: 2021
LATITUDE: 41 47 N
LONGITUDE: 78 38 W
TEMPERATURE IN F: :PCPN: SNOW: WIND :SUNSHINE: SKY :PK WND
================================================================================
1 2 3 4 5 6A 6B 7 8 9 10 11 12 13 14 15 16 17 18
12Z AVG MX 2MIN
DY MAX MIN AVG DEP HDD CDD WTR SNW DPTH SPD SPD DIR MIN PSBL S-S WX SPD DR
================================================================================
1 48 38 43 0 22 0 0.02 M M 9.6 22 290 M M 6 29 290
2 43 32 38 -5 27 0 T M M 7.3 20 290 M M 9 8 26 300
3 39 29 34 -8 31 0 0.06 M M 5.5 18 300 M M 9 18 24 290
4 41 26 34 -8 31 0 T M M 2.3 10 330 M M 7 13 280
5 44 23 34 -8 31 0 0.00 M M 2.1 13 300 M M 2 19 340
6 50 20 35 -6 30 0 0.00 M M 2.8 10 150 M M 0 16 200
7 57 23 40 -1 25 0 0.00 M M 2.9 12 310 M M 0 15 310
8 65 28 47 7 18 0 0.00 M M 3.8 12 240 M M 0 16 220
9 62 37 50 10 15 0 0.00 M M 3.5 12 320 M M 5 15 210
10 58 31 45 5 20 0 T M M 5.1 21 320 M M 4 18 25 330
11 59 31 45 6 20 0 0.01 M M 12.8 24 150 M M 2 37 140
12 56 41 49 10 16 0 0.36 M M 7.4 22 140 M M 7 1 30 140
13 42 32 37 -2 28 0 0.09 M M 8.2 17 270 M M 9 1 27 230
14 34 32 33 -5 32 0 0.14 M M 7.3 15 210 M M 10 1268 23 200
15 35 31 33 -5 32 0 0.03 M M 10.2 21 270 M M 10 18 31 280
16 37 25 31 -7 34 0 T M M 3.4 10 290 M M 6 14 260
17 62 27 45 8 20 0 0.00 M M 7.1 15 210 M M 5 18 24 210
18 61 33 47 10 18 0 0.24 M M 9.0 18 290 M M 10 8 29 300
19 33 27 30 -6 35 0 0.01 M M 9.4 20 270 M M 10 28 290
20 40 20 30 -6 35 0 0.00 M M 5.6 16 150 M M 2 26 150
21 42 28 35 -1 30 0 0.08 M M 5.4 16 190 M M 7 18 26 200
22 41 24 33 -3 32 0 0.03 M M 9.7 23 300 M M 10 31 310
23 32 21 27 -8 38 0 0.01 M M 7.1 18 300 M M 9 8 24 290
24 42 14 28 -7 37 0 0.00 M M 4.1 12 220 M M 0 18 190
25 46 39 43 9 22 0 0.02 M M 6.6 13 210 M M 10 18 20 210
26 42 26 34 0 31 0 0.12 M M 16.8 28 300 M M 10 18 38 300
27 31 25 28 -6 37 0 0.04 M M 8.1 22 310 M M 9 8 28 310
28 33 28 31 -2 34 0 0.14 M M 5.8 15 260 M M 10 168 23 280
29 33 28 31 -2 34 0 0.04 M M 6.8 15 290 M M 10 20 320
30 36 28 32 -1 33 0 0.07 M M 6.6 25 280 M M 10 8 34 280
================================================================================
SM 1344 847 848 0 1.51 M 202.3 M 198
================================================================================
AV 44.8 28.2 6.7 FASTST M M 7 MAX(MPH)
MISC ----> 28 300 38 300
================================================================================
NOTES:
# LAST OF SEVERAL OCCURRENCES
COLUMN 17 PEAK WIND IN M.P.H.
PRELIMINARY LOCAL CLIMATOLOGICAL DATA (WS FORM: F-6) , PAGE 2
STATION: BRADFORD
MONTH: NOVEMBER
YEAR: 2021
LATITUDE: 41 47 N
LONGITUDE: 78 38 W
[TEMPERATURE DATA] [PRECIPITATION DATA] SYMBOLS USED IN COLUMN 16
AVERAGE MONTHLY: 36.5 TOTAL FOR MONTH: 1.51 1 = FOG OR MIST
DPTR FM NORMAL: -1.3 DPTR FM NORMAL: -1.69 2 = FOG REDUCING VISIBILITY
HIGHEST: 65 ON 8 GRTST 24HR 0.37 ON 11-12 TO 1/4 MILE OR LESS
LOWEST: 14 ON 24 3 = THUNDER
SNOW, ICE PELLETS, HAIL 4 = ICE PELLETS
TOTAL MONTH: M 5 = HAIL
GRTST 24HR M ON M 6 = FREEZING RAIN OR DRIZZLE
GRTST DEPTH: M ON M 7 = DUSTSTORM OR SANDSTORM:
VSBY 1/2 MILE OR LESS
8 = SMOKE OR HAZE
[NO. OF DAYS WITH] [WEATHER - DAYS WITH] 9 = BLOWING SNOW
X = TORNADO
MAX 32 OR BELOW: 2 0.01 INCH OR MORE: 18
MAX 90 OR ABOVE: 0 0.10 INCH OR MORE: 5
MIN 32 OR BELOW: 25 0.50 INCH OR MORE: 0
MIN 0 OR BELOW: 0 1.00 INCH OR MORE: 0
[HDD (BASE 65) ]
TOTAL THIS MO. 848 CLEAR (SCALE 0-3) 7
DPTR FM NORMAL 32 PTCLDY (SCALE 4-7) 8
TOTAL FM JUL 1 1348 CLOUDY (SCALE 8-10) 15
DPTR FM NORMAL -299
[CDD (BASE 65) ]
TOTAL THIS MO. 0
DPTR FM NORMAL 0 [PRESSURE DATA]
TOTAL FM JAN 1 428 HIGHEST SLP 30.51 ON 20
DPTR FM NORMAL 146 LOWEST SLP 29.67 ON 26
[REMARKS]
#FINAL-11-21#