000
CXUS51 KCTP 010800
CF6BFD
PRELIMINARY LOCAL CLIMATOLOGICAL DATA (WS FORM: F-6)
STATION: BRADFORD
MONTH: AUGUST
YEAR: 2021
LATITUDE: 41 47 N
LONGITUDE: 78 38 W
TEMPERATURE IN F: :PCPN: SNOW: WIND :SUNSHINE: SKY :PK WND
================================================================================
1 2 3 4 5 6A 6B 7 8 9 10 11 12 13 14 15 16 17 18
12Z AVG MX 2MIN
DY MAX MIN AVG DEP HDD CDD WTR SNW DPTH SPD SPD DIR MIN PSBL S-S WX SPD DR
================================================================================
1 72 50 61 -6 4 0 0.32 M M 5.4 18 330 M M 4 13 24 320
2 72 47 60 -7 5 0 0.00 M M 7.2 17 310 M M 4 1 23 310
3 76 41 59 -8 6 0 0.00 M M 1.7 9 80 M M 2 1 12 30
4 77 50 64 -3 1 0 0.00 M M 1.9 12 140 M M 6 18 16 110
5 79 53 66 -1 0 1 0.00 M M 1.1 8 140 M M 4 18 11 110
6 82 50 66 0 0 1 0.00 M M 2.9 12 190 M M 2 18 17 200
7 81 58 70 4 0 5 0.75 M M 3.0 15 300 M M 4 1238 23 210
8 81 57 69 3 0 4 0.00 M M 2.8 13 290 M M 4 128 16 280
9 86 59 73 7 0 8 0.00 M M 3.7 10 150 M M 3 128 14 150
10 76 67 72 6 0 7 0.02 M M 6.9 14 190 M M 8 18 20 160
11 83 69 76 10 0 11 0.04 M M 5.8 15 260 M M 5 18 23 260
12 85 67 76 10 0 11 0.45 M M 6.7 15 230 M M 5 138 22 250
13 82 66 74 8 0 9 0.11 M M 5.1 14 250 M M 3 13 24 230
14 77 52 65 -1 0 0 0.01 M M 4.7 14 310 M M 4 1 16 320
15 74 48 61 -5 4 0 0.00 M M 2.4 12 100 M M 1 1 14 110
16 75 53 64 -2 1 0 0.21 M M 5.8 14 120 M M 8 1 18 140
17 79 67 73 7 0 8 0.59 M M 4.4 15 160 M M 10 138 22 220
18 71 66 69 3 0 4 1.98 M M 6.6 15 340 M M 10 1 20 320
19 80 63 72 6 0 7 0.10 M M 7.1 16 320 M M 6 1 20 310
20 83 56 70 5 0 5 0.00 M M 3.0 10 350 M M 3 123 14 70
21 81 63 72 7 0 7 0.07 M M 1.6 14 230 M M 6 1238 21 240
22 81 59 70 5 0 5 T M M 4.4 13 320 M M 4 128 19 330
23 84 67 76 11 0 11 0.00 M M 7.5 16 300 M M 4 18 22 300
24 85 60 73 8 0 8 0.00 M M 3.0 13 320 M M 2 128 17 340
25 88 61 75 10 0 10 0.07 M M 3.4 15 340 M M 1 13 20 340
26 86 66 76 12 0 11 0.00 M M 1.7 8 190 M M 1 1 12 180
27 83 65 74 10 0 9 0.90 M M 3.7 22 200 M M 4 13 27 210
28 86 64 75 11 0 10 0.49 M M 2.8 20 210 M M 4 123 28 210
29 82 65 74 10 0 9 0.07 M M 4.8 10 210 M M 5 138 14 230
30 79 57 68 4 0 3 0.20 M M 5.0 13 300 M M 5 1 18 330
31 77 55 66 2 0 1 0.00 M M 2.7 12 290 M M 6 12 16 290
================================================================================
SM 2483 1821 21 165 6.38 M 128.8 M 138
================================================================================
AV 80.1 58.7 4.2 FASTST M M 4 MAX(MPH)
MISC ----> 22 200 28 210
================================================================================
NOTES:
# LAST OF SEVERAL OCCURRENCES
COLUMN 17 PEAK WIND IN M.P.H.
PRELIMINARY LOCAL CLIMATOLOGICAL DATA (WS FORM: F-6) , PAGE 2
STATION: BRADFORD
MONTH: AUGUST
YEAR: 2021
LATITUDE: 41 47 N
LONGITUDE: 78 38 W
[TEMPERATURE DATA] [PRECIPITATION DATA] SYMBOLS USED IN COLUMN 16
AVERAGE MONTHLY: 69.4 TOTAL FOR MONTH: 6.38 1 = FOG OR MIST
DPTR FM NORMAL: 3.9 DPTR FM NORMAL: 2.47 2 = FOG REDUCING VISIBILITY
HIGHEST: 88 ON 25 GRTST 24HR 1.98 ON 18-18 TO 1/4 MILE OR LESS
LOWEST: 41 ON 3 3 = THUNDER
SNOW, ICE PELLETS, HAIL 4 = ICE PELLETS
TOTAL MONTH: M 5 = HAIL
GRTST 24HR M ON M 6 = FREEZING RAIN OR DRIZZLE
GRTST DEPTH: M ON M 7 = DUSTSTORM OR SANDSTORM:
VSBY 1/2 MILE OR LESS
8 = SMOKE OR HAZE
[NO. OF DAYS WITH] [WEATHER - DAYS WITH] 9 = BLOWING SNOW
X = TORNADO
MAX 32 OR BELOW: 0 0.01 INCH OR MORE: 17
MAX 90 OR ABOVE: 0 0.10 INCH OR MORE: 11
MIN 32 OR BELOW: 0 0.50 INCH OR MORE: 4
MIN 0 OR BELOW: 0 1.00 INCH OR MORE: 1
[HDD (BASE 65) ]
TOTAL THIS MO. 21 CLEAR (SCALE 0-3) 9
DPTR FM NORMAL -39 PTCLDY (SCALE 4-7) 19
TOTAL FM JUL 1 58 CLOUDY (SCALE 8-10) 3
DPTR FM NORMAL -46
[CDD (BASE 65) ]
TOTAL THIS MO. 165
DPTR FM NORMAL 88 [PRESSURE DATA]
TOTAL FM JAN 1 395 HIGHEST SLP 30.30 ON 15
DPTR FM NORMAL 142 LOWEST SLP 29.82 ON 31
[REMARKS]
#FINAL-08-21#