000
CDUS41 KBGM 220537
CLIBGM


CLIMATE REPORT
NATIONAL WEATHER SERVICE BINGHAMTON NY
137 AM EDT MON SEP 22 2014


...................................

...THE BINGHAMTON NY CLIMATE SUMMARY FOR SEPTEMBER 21 2014...

CLIMATE NORMAL PERIOD 1981 TO 2010
CLIMATE RECORD PERIOD 1951 TO 2014


WEATHER ITEM   OBSERVED TIME   RECORD YEAR NORMAL DEPARTURE LAST
                VALUE   (LST)  VALUE       VALUE  FROM      YEAR
                                                  NORMAL
..................................................................
TEMPERATURE (F)
 YESTERDAY
  MAXIMUM         75    400 PM  83    1980  66      9       66
                                      1978
                                      1965
  MINIMUM         55   1159 PM  31    1956  49      6       55
  AVERAGE         65                        58      7       61

PRECIPITATION (IN)
  YESTERDAY        0.01          1.35 1983   0.12  -0.11     0.54
  MONTH TO DATE    1.74                      2.50  -0.76     2.90
  SINCE SEP 1      1.74                      2.50  -0.76     2.90
  SINCE JAN 1     30.77                     28.71   2.06    33.19

SNOWFALL (IN)
  YESTERDAY        0.0           0.0  2002   0.0    0.0      0.0
                                      2001
                                      2000
  MONTH TO DATE    0.0                       0.0    0.0      0.0
  SINCE SEP 1      0.0                       0.0    0.0      0.0
  SINCE JUL 1      T                         0.0    0.0      0.0
  SNOW DEPTH       0

DEGREE DAYS
 HEATING
  YESTERDAY        0                         8     -8        4
  MONTH TO DATE  114                       106      8      143
  SINCE SEP 1    114                       106      8      143
  SINCE JUL 1    180                       169     11      194

 COOLING
  YESTERDAY        0                         1     -1        0
  MONTH TO DATE   38                        28     10       41
  SINCE SEP 1     38                        28     10       41
  SINCE JAN 1    340                       376    -36      468
..................................................................


WIND (MPH)
  HIGHEST WIND SPEED    23   HIGHEST WIND DIRECTION     W (260)
  HIGHEST GUST SPEED    29   HIGHEST GUST DIRECTION     W (270)
  AVERAGE WIND SPEED     9.5


SKY COVER
  AVERAGE SKY COVER 0.4


WEATHER CONDITIONS
 THE FOLLOWING WEATHER WAS RECORDED YESTERDAY.
  LIGHT RAIN
  FOG


RELATIVE HUMIDITY (PERCENT)
 HIGHEST    93           800 PM
 LOWEST     58           200 PM
 AVERAGE    76

..........................................................


THE BINGHAMTON NY CLIMATE NORMALS FOR TODAY
                         NORMAL    RECORD    YEAR
 MAXIMUM TEMPERATURE (F)   66        85      1980
                                             1965
 MINIMUM TEMPERATURE (F)   48        35      1991


SUNRISE AND SUNSET
SEPTEMBER 22 2014.....SUNRISE   651 AM EDT   SUNSET   701 PM EDT
SEPTEMBER 23 2014.....SUNRISE   652 AM EDT   SUNSET   659 PM EDT


-  INDICATES NEGATIVE NUMBERS.
R  INDICATES RECORD WAS SET OR TIED.
MM INDICATES DATA IS MISSING.
T  INDICATES TRACE AMOUNT.




$$
