000
CDUS41 KBGM 180557
CLIBGM


CLIMATE REPORT
NATIONAL WEATHER SERVICE BINGHAMTON NY
157 AM EDT WED OCT 18 2017


...................................

...THE BINGHAMTON NY CLIMATE SUMMARY FOR OCTOBER 17 2017...

CLIMATE NORMAL PERIOD 1981 TO 2010
CLIMATE RECORD PERIOD 1951 TO 2017


WEATHER ITEM   OBSERVED TIME   RECORD YEAR NORMAL DEPARTURE LAST
                VALUE   (LST)  VALUE       VALUE  FROM      YEAR
                                                  NORMAL
..................................................................
TEMPERATURE (F)
 YESTERDAY
  MAXIMUM         55    417 PM  78    1956  56     -1       67
  MINIMUM         31    657 AM  26    1978  40     -9       58
  AVERAGE         43                        48     -5       63

PRECIPITATION (IN)
  YESTERDAY        0.00          0.90 1975   0.10  -0.10     0.04
  MONTH TO DATE    1.55                      1.87  -0.32     0.65
  SINCE SEP 1      2.81                      5.50  -2.69     1.68
  SINCE JAN 1     42.55                     31.71  10.84    25.23

SNOWFALL (IN)
  YESTERDAY        0.0           0.4  1970   0.0    0.0      0.0
  MONTH TO DATE    0.0                       0.2   -0.2      0.0
  SINCE SEP 1      0.0                       0.2   -0.2      0.0
  SINCE JUL 1      0.0                       0.2   -0.2      0.0
  SNOW DEPTH       0

DEGREE DAYS
 HEATING
  YESTERDAY       22                        17      5        2
  MONTH TO DATE  135                       244   -109      205
  SINCE SEP 1    290                       438   -148      319
  SINCE JUL 1    371                       501   -130      328

 COOLING
  YESTERDAY        0                         0      0        0
  MONTH TO DATE    9                         0      9        0
  SINCE SEP 1     78                        31     47       48
  SINCE JAN 1    349                       379    -30      559
..................................................................


WIND (MPH)
  HIGHEST WIND SPEED    14   HIGHEST WIND DIRECTION    SW (220)
  HIGHEST GUST SPEED    20   HIGHEST GUST DIRECTION     W (250)
  AVERAGE WIND SPEED     6.4


SKY COVER
  AVERAGE SKY COVER 0.0


WEATHER CONDITIONS
 THE FOLLOWING WEATHER WAS RECORDED YESTERDAY.
  NO SIGNIFICANT WEATHER WAS OBSERVED.


RELATIVE HUMIDITY (PERCENT)
 HIGHEST    92           700 AM
 LOWEST     38           300 PM
 AVERAGE    65

..........................................................


THE BINGHAMTON NY CLIMATE NORMALS FOR TODAY
                         NORMAL    RECORD    YEAR
 MAXIMUM TEMPERATURE (F)   56        77      2016
 MINIMUM TEMPERATURE (F)   39        22      1974


SUNRISE AND SUNSET
OCTOBER 18 2017.......SUNRISE   720 AM EDT   SUNSET   617 PM EDT
OCTOBER 19 2017.......SUNRISE   722 AM EDT   SUNSET   615 PM EDT


-  INDICATES NEGATIVE NUMBERS.
R  INDICATES RECORD WAS SET OR TIED.
MM INDICATES DATA IS MISSING.
T  INDICATES TRACE AMOUNT.




$$
