000
CDUS41 KBGM 252234
CLIBGM


CLIMATE REPORT
NATIONAL WEATHER SERVICE BINGHAMTON NY
534 PM EST SUN FEB 25 2018


...................................

...THE BINGHAMTON NY CLIMATE SUMMARY FOR FEBRUARY 25 2018...
VALID TODAY AS OF 0500 PM LOCAL TIME.

CLIMATE NORMAL PERIOD 1981 TO 2010
CLIMATE RECORD PERIOD 1951 TO 2018


WEATHER ITEM   OBSERVED TIME   RECORD YEAR NORMAL DEPARTURE LAST
                VALUE   (LST)  VALUE       VALUE  FROM      YEAR
                                                  NORMAL
..................................................................
TEMPERATURE (F)
 TODAY
  MAXIMUM         42    459 PM  60    2017  35      7       60
  MINIMUM         33   1205 AM  -2    1990  19     14       29
  AVERAGE         38                        27     11       45

PRECIPITATION (IN)
  TODAY            0.51          1.08 2011   0.08   0.43     0.61
  MONTH TO DATE    3.40                      2.04   1.36     2.47
  SINCE DEC 1      7.61                      7.32   0.29     9.85
  SINCE JAN 1      6.20                      4.49   1.71     6.26

SNOWFALL (IN)
  TODAY            0.0          13.9  2010   0.7   -0.7      0.1
  MONTH TO DATE   20.1                      15.3    4.8     23.0
  SINCE DEC 1     46.3                      55.3   -9.0     64.8
  SINCE JUL 1     48.1                      62.1  -14.0     93.4
  SNOW DEPTH       0

DEGREE DAYS
 HEATING
  TODAY           27                        38    -11       20
  MONTH TO DATE  877                      1014   -137      844
  SINCE DEC 1   3499                      3511    -12     3177
  SINCE JUL 1   4897                      5086   -189     4526

 COOLING
  TODAY            0                         0      0        0
  MONTH TO DATE    0                         0      0        0
  SINCE DEC 1      0                         0      0        0
  SINCE JAN 1      0                         0      0        0
..................................................................


WIND (MPH)
  HIGHEST WIND SPEED    28   HIGHEST WIND DIRECTION    SE (150)
  HIGHEST GUST SPEED    39   HIGHEST GUST DIRECTION     S (160)
  AVERAGE WIND SPEED    12.4


SKY COVER
  AVERAGE SKY COVER 1.0


WEATHER CONDITIONS
 THE FOLLOWING WEATHER WAS RECORDED TODAY.
  RAIN
  LIGHT RAIN
  FOG


RELATIVE HUMIDITY (PERCENT)
 HIGHEST   100           300 AM
 LOWEST     86          1200 PM
 AVERAGE    93

..........................................................


THE BINGHAMTON NY CLIMATE NORMALS FOR TOMORROW
                         NORMAL    RECORD    YEAR
 MAXIMUM TEMPERATURE (F)   35        62      1976
 MINIMUM TEMPERATURE (F)   19        -6      1990


SUNRISE AND SUNSET
FEBRUARY 25 2018......SUNRISE   645 AM EST   SUNSET   549 PM EST
FEBRUARY 26 2018......SUNRISE   644 AM EST   SUNSET   550 PM EST


-  INDICATES NEGATIVE NUMBERS.
R  INDICATES RECORD WAS SET OR TIED.
MM INDICATES DATA IS MISSING.
T  INDICATES TRACE AMOUNT.




$$
