000
CDUS41 KBGM 142235
CLIBGM


CLIMATE REPORT
NATIONAL WEATHER SERVICE BINGHAMTON NY
535 PM EST SUN FEB 14 2016


...................................

...THE BINGHAMTON NY CLIMATE SUMMARY FOR FEBRUARY 14 2016...
VALID TODAY AS OF 0500 PM LOCAL TIME.

CLIMATE NORMAL PERIOD 1981 TO 2010
CLIMATE RECORD PERIOD 1951 TO 2016


WEATHER ITEM   OBSERVED TIME   RECORD YEAR NORMAL DEPARTURE LAST
                VALUE   (LST)  VALUE       VALUE  FROM      YEAR
                                                  NORMAL
..................................................................
TEMPERATURE (F)
 TODAY
  MAXIMUM          6    342 PM  52    1984  32    -26       19
  MINIMUM        -18R   757 AM  -9    1979  17    -35        2
  AVERAGE         -6                        24    -30       11

PRECIPITATION (IN)
  TODAY            T             1.41 1960   0.08  -0.08     0.28
  MONTH TO DATE    1.00                      1.12  -0.12     1.74
  SINCE DEC 1      5.92                      6.40  -0.48     6.97
  SINCE JAN 1      2.31                      3.57  -1.26     3.67

SNOWFALL (IN)
  TODAY            T            14.3  2007   0.6   -0.6      4.3
  MONTH TO DATE    4.9                       8.5   -3.6     27.8
  SINCE DEC 1     17.3                      48.5  -31.2     57.0
  SINCE JUL 1     18.4                      55.3  -36.9     70.7
  SNOW DEPTH       2

DEGREE DAYS
 HEATING
  TODAY           71                        41     30       54
  MONTH TO DATE  560                       582    -22      675
  SINCE DEC 1   2568                      3079   -511     3204
  SINCE JUL 1   3838                      4654   -816     4739

 COOLING
  TODAY            0                         0      0        0
  MONTH TO DATE    0                         0      0        0
  SINCE DEC 1      0                         0      0        0
  SINCE JAN 1      0                         0      0        0
..................................................................


WIND (MPH)
  HIGHEST WIND SPEED    17   HIGHEST WIND DIRECTION     N (340)
  HIGHEST GUST SPEED    22   HIGHEST GUST DIRECTION     N (350)
  AVERAGE WIND SPEED     5.9


SKY COVER
  AVERAGE SKY COVER 0.3


WEATHER CONDITIONS
 THE FOLLOWING WEATHER WAS RECORDED TODAY.
  LIGHT SNOW
  HAZE


RELATIVE HUMIDITY (PERCENT)
 HIGHEST    81           500 AM
 LOWEST     49           400 PM
 AVERAGE    65

..........................................................


THE BINGHAMTON NY CLIMATE NORMALS FOR TOMORROW
                         NORMAL    RECORD    YEAR
 MAXIMUM TEMPERATURE (F)   32        58      1954
 MINIMUM TEMPERATURE (F)   17       -10      1987


SUNRISE AND SUNSET
FEBRUARY 14 2016......SUNRISE   702 AM EST   SUNSET   535 PM EST
FEBRUARY 15 2016......SUNRISE   701 AM EST   SUNSET   536 PM EST


-  INDICATES NEGATIVE NUMBERS.
R  INDICATES RECORD WAS SET OR TIED.
MM INDICATES DATA IS MISSING.
T  INDICATES TRACE AMOUNT.




$$
