000
CDUS41 KBGM 010538
CLIBGM


CLIMATE REPORT
NATIONAL WEATHER SERVICE BINGHAMTON NY
138 AM EDT MON JUN 1 2015


...................................

...THE BINGHAMTON NY CLIMATE SUMMARY FOR MAY 31 2015...

CLIMATE NORMAL PERIOD 1981 TO 2010
CLIMATE RECORD PERIOD 1951 TO 2015


WEATHER ITEM   OBSERVED TIME   RECORD YEAR NORMAL DEPARTURE LAST
                VALUE   (LST)  VALUE       VALUE  FROM      YEAR
                                                  NORMAL
..................................................................
TEMPERATURE (F)
 YESTERDAY
  MAXIMUM         67   1246 AM  87    2013  70     -3       70
                                      2011
  MINIMUM         53   1045 PM  37    2009  51      2       51
                                      2001
                                      1961
  AVERAGE         60                        60      0       61

PRECIPITATION (IN)
  YESTERDAY        0.29          2.91 1992   0.13   0.16     0.00
  MONTH TO DATE    3.41                      3.57  -0.16     4.22
  SINCE MAR 1      9.61                      9.99  -0.38     9.67
  SINCE JAN 1     13.55                     14.75  -1.20    15.36

SNOWFALL (IN)
  YESTERDAY        0.0           T    1998   0.0    0.0      0.0
  MONTH TO DATE    0.0                       0.1   -0.1       T
  SINCE MAR 1     17.6                      19.5   -1.9      2.9
  SINCE JUL 1     93.4                      83.4   10.0     85.4
  SNOW DEPTH       0

DEGREE DAYS
 HEATING
  YESTERDAY        5                         6     -1        4
  MONTH TO DATE  153                       305   -152      221
  SINCE MAR 1   1926                      1905     21     2023
  SINCE JUL 1   7458                      7104    354     7494

 COOLING
  YESTERDAY        0                         1     -1        0
  MONTH TO DATE   73                        19     54       23
  SINCE MAR 1     73                        23     50       25
  SINCE JAN 1     73                        23     50       25
..................................................................


WIND (MPH)
  HIGHEST WIND SPEED    15   HIGHEST WIND DIRECTION     E (90)
  HIGHEST GUST SPEED    19   HIGHEST GUST DIRECTION     E (90)
  AVERAGE WIND SPEED     8.8


SKY COVER
  AVERAGE SKY COVER 1.0


WEATHER CONDITIONS
 THE FOLLOWING WEATHER WAS RECORDED YESTERDAY.
  HEAVY RAIN
  LIGHT RAIN
  FOG
  FOG W/VISIBILITY <= 1/4 MILE


RELATIVE HUMIDITY (PERCENT)
 HIGHEST   100           600 AM
 LOWEST     86          1200 PM
 AVERAGE    93

..........................................................


THE BINGHAMTON NY CLIMATE NORMALS FOR TODAY
                         NORMAL    RECORD    YEAR
 MAXIMUM TEMPERATURE (F)   70        86      2011
                                             1954
 MINIMUM TEMPERATURE (F)   51        37      2009
                                             2001
                                             1966


SUNRISE AND SUNSET
JUNE  1 2015..........SUNRISE   530 AM EDT   SUNSET   834 PM EDT
JUNE  2 2015..........SUNRISE   530 AM EDT   SUNSET   834 PM EDT


-  INDICATES NEGATIVE NUMBERS.
R  INDICATES RECORD WAS SET OR TIED.
MM INDICATES DATA IS MISSING.
T  INDICATES TRACE AMOUNT.




$$
