263
CDUS41 KBGM 290608
CLIBGM


CLIMATE REPORT
NATIONAL WEATHER SERVICE BINGHAMTON NY
207 AM EDT FRI JUL 29 2016


...................................

...THE BINGHAMTON NY CLIMATE SUMMARY FOR JULY 28 2016...

CLIMATE NORMAL PERIOD 1981 TO 2010
CLIMATE RECORD PERIOD 1951 TO 2016


WEATHER ITEM   OBSERVED TIME   RECORD YEAR NORMAL DEPARTURE LAST
                VALUE   (LST)  VALUE       VALUE  FROM      YEAR
                                                  NORMAL
..................................................................
TEMPERATURE (F)
 YESTERDAY
  MAXIMUM         85    236 PM  89    1964  78      7       85
  MINIMUM         63    523 AM  48    2001  60      3       63
                                      1971
  AVERAGE         74                        69      5       74

PRECIPITATION (IN)
  YESTERDAY        0.00          0.73 1982   0.12  -0.12     0.00
  MONTH TO DATE    1.48                      3.35  -1.87     4.86
  SINCE JUN 1      4.52                      7.66  -3.14    14.60
  SINCE JAN 1     16.91                     22.41  -5.50    28.15

SNOWFALL (IN)
  YESTERDAY        0.0           0.0  2002   0.0    0.0      0.0
                                      2000
                                      2001
  MONTH TO DATE    0.0                       0.0    0.0       T
  SINCE JUN 1      0.0                       0.0    0.0       T
  SINCE JUL 1      0.0                       0.0    0.0       T
  SNOW DEPTH       0

DEGREE DAYS
 HEATING
  YESTERDAY        0                         1     -1        0
  MONTH TO DATE    3                        28    -25       24
  SINCE JUN 1     72                       119    -47      101
  SINCE JUL 1      3                        28    -25       24

 COOLING
  YESTERDAY        9                         4      5        9
  MONTH TO DATE  201                       129     72       96
  SINCE JUN 1    264                       203     61      146
  SINCE JAN 1    310                       226     84      219
..................................................................


WIND (MPH)
  HIGHEST WIND SPEED     9   HIGHEST WIND DIRECTION     N (20)
  HIGHEST GUST SPEED    12   HIGHEST GUST DIRECTION    NW (300)
  AVERAGE WIND SPEED     3.3


SKY COVER
  AVERAGE SKY COVER 0.0


WEATHER CONDITIONS
 THE FOLLOWING WEATHER WAS RECORDED YESTERDAY.
  NO SIGNIFICANT WEATHER WAS OBSERVED.


RELATIVE HUMIDITY (PERCENT)
 HIGHEST    84           500 AM
 LOWEST     40           200 PM
 AVERAGE    62

..........................................................


THE BINGHAMTON NY CLIMATE NORMALS FOR TODAY
                         NORMAL    RECORD    YEAR
 MAXIMUM TEMPERATURE (F)   78        90      1959
 MINIMUM TEMPERATURE (F)   60        50      1987
                                             1978


SUNRISE AND SUNSET
JULY 29 2016..........SUNRISE   554 AM EDT   SUNSET   826 PM EDT
JULY 30 2016..........SUNRISE   555 AM EDT   SUNSET   825 PM EDT


-  INDICATES NEGATIVE NUMBERS.
R  INDICATES RECORD WAS SET OR TIED.
MM INDICATES DATA IS MISSING.
T  INDICATES TRACE AMOUNT.




$$
