000
CDUS41 KBGM 280554
CLIBGM


CLIMATE REPORT
NATIONAL WEATHER SERVICE BINGHAMTON NY
153 AM EDT THU MAY 28 2015


...................................

...THE BINGHAMTON NY CLIMATE SUMMARY FOR MAY 27 2015...

CLIMATE NORMAL PERIOD 1981 TO 2010
CLIMATE RECORD PERIOD 1951 TO 2015


WEATHER ITEM   OBSERVED TIME   RECORD YEAR NORMAL DEPARTURE LAST
                VALUE   (LST)  VALUE       VALUE  FROM      YEAR
                                                  NORMAL
..................................................................
TEMPERATURE (F)
 YESTERDAY
  MAXIMUM         77   1058 AM  86    2010  69      8       81
  MINIMUM         66   1159 PM  34    1969  50     16       61
  AVERAGE         72                        59     13       71

PRECIPITATION (IN)
  YESTERDAY        0.09          1.62 2011   0.11  -0.02     0.49
  MONTH TO DATE    3.02                      3.07  -0.05     4.19
  SINCE MAR 1      9.22                      9.49  -0.27     9.64
  SINCE JAN 1     13.16                     14.25  -1.09    15.33

SNOWFALL (IN)
  YESTERDAY        0.0           T    2001   0.0    0.0      0.0
  MONTH TO DATE    0.0                       0.1   -0.1       T
  SINCE MAR 1     17.6                      19.5   -1.9      2.9
  SINCE JUL 1     93.4                      83.4   10.0     85.4
  SNOW DEPTH       0

DEGREE DAYS
 HEATING
  YESTERDAY        0                         7     -7        0
  MONTH TO DATE  148                       280   -132      197
  SINCE MAR 1   1921                      1880     41     1999
  SINCE JUL 1   7453                      7079    374     7470

 COOLING
  YESTERDAY        7                         1      6        6
  MONTH TO DATE   62                        15     47       23
  SINCE MAR 1     62                        19     43       25
  SINCE JAN 1     62                        19     43       25
..................................................................


WIND (MPH)
  HIGHEST WIND SPEED    16   HIGHEST WIND DIRECTION     W (280)
  HIGHEST GUST SPEED    23   HIGHEST GUST DIRECTION    SW (210)
  AVERAGE WIND SPEED     8.8


SKY COVER
  AVERAGE SKY COVER 0.2


WEATHER CONDITIONS
 THE FOLLOWING WEATHER WAS RECORDED YESTERDAY.
  HEAVY RAIN
  RAIN
  LIGHT RAIN


RELATIVE HUMIDITY (PERCENT)
 HIGHEST    93           300 AM
 LOWEST     60           600 PM
 AVERAGE    77

..........................................................


THE BINGHAMTON NY CLIMATE NORMALS FOR TODAY
                         NORMAL    RECORD    YEAR
 MAXIMUM TEMPERATURE (F)   69        87      2012
 MINIMUM TEMPERATURE (F)   50        35      1994


SUNRISE AND SUNSET
MAY 28 2015...........SUNRISE   533 AM EDT   SUNSET   830 PM EDT
MAY 29 2015...........SUNRISE   532 AM EDT   SUNSET   831 PM EDT


-  INDICATES NEGATIVE NUMBERS.
R  INDICATES RECORD WAS SET OR TIED.
MM INDICATES DATA IS MISSING.
T  INDICATES TRACE AMOUNT.




$$
