000
CDUS41 KBGM 172117
CLIBGM


CLIMATE REPORT
NATIONAL WEATHER SERVICE BINGHAMTON NY
517 PM EDT SUN SEP 17 2017


...................................

...THE BINGHAMTON NY CLIMATE SUMMARY FOR SEPTEMBER 17 2017...
VALID TODAY AS OF 0500 PM LOCAL TIME.

CLIMATE NORMAL PERIOD 1981 TO 2010
CLIMATE RECORD PERIOD 1951 TO 2017


WEATHER ITEM   OBSERVED TIME   RECORD YEAR NORMAL DEPARTURE LAST
                VALUE   (LST)  VALUE       VALUE  FROM      YEAR
                                                  NORMAL
..................................................................
TEMPERATURE (F)
 TODAY
  MAXIMUM         79    300 PM  84    1972  68     11       73
  MINIMUM         59    621 AM  35    1959  50      9       52
  AVERAGE         69                        59     10       63

PRECIPITATION (IN)
  TODAY            0.00          2.92 2004   0.12  -0.12      T
  MONTH TO DATE    1.16                      2.00  -0.84     0.14
  SINCE SEP 1      1.16                      2.00  -0.84     0.14
  SINCE JAN 1     40.90                     28.21  12.69    23.69

SNOWFALL (IN)
  TODAY            0.0           0.0  2002   0.0    0.0      0.0
                                      2001
                                      2000
  MONTH TO DATE    0.0                       0.0    0.0      0.0
  SINCE SEP 1      0.0                       0.0    0.0      0.0
  SINCE JUL 1      0.0                       0.0    0.0      0.0
  SNOW DEPTH       0

DEGREE DAYS
 HEATING
  TODAY            0                         7     -7        2
  MONTH TO DATE  114                        76     38       37
  SINCE SEP 1    114                        76     38       37
  SINCE JUL 1    195                       139     56       46

 COOLING
  TODAY            4                         1      3        0
  MONTH TO DATE   11                        24    -13       37
  SINCE SEP 1     11                        24    -13       37
  SINCE JAN 1    282                       372    -90      548
..................................................................


WIND (MPH)
  HIGHEST WIND SPEED     8   HIGHEST WIND DIRECTION    SE (140)
  HIGHEST GUST SPEED    11   HIGHEST GUST DIRECTION    SE (140)
  AVERAGE WIND SPEED     3.4


SKY COVER
  AVERAGE SKY COVER 0.2


WEATHER CONDITIONS
 THE FOLLOWING WEATHER WAS RECORDED TODAY.
  FOG


RELATIVE HUMIDITY (PERCENT)
 HIGHEST   100           400 AM
 LOWEST     54           300 PM
 AVERAGE    77

..........................................................


THE BINGHAMTON NY CLIMATE NORMALS FOR TOMORROW
                         NORMAL    RECORD    YEAR
 MAXIMUM TEMPERATURE (F)   68        83      1955
 MINIMUM TEMPERATURE (F)   50        35      1990


SUNRISE AND SUNSET
SEPTEMBER 17 2017.....SUNRISE   646 AM EDT   SUNSET   710 PM EDT
SEPTEMBER 18 2017.....SUNRISE   647 AM EDT   SUNSET   708 PM EDT


-  INDICATES NEGATIVE NUMBERS.
R  INDICATES RECORD WAS SET OR TIED.
MM INDICATES DATA IS MISSING.
T  INDICATES TRACE AMOUNT.




$$
