000
CDUS41 KBGM 270550
CLIBGM


CLIMATE REPORT
NATIONAL WEATHER SERVICE BINGHAMTON NY
147 AM EDT MON JUL 27 2015


...................................

...THE BINGHAMTON NY CLIMATE SUMMARY FOR JULY 26 2015...

CLIMATE NORMAL PERIOD 1981 TO 2010
CLIMATE RECORD PERIOD 1951 TO 2015


WEATHER ITEM   OBSERVED TIME   RECORD YEAR NORMAL DEPARTURE LAST
                VALUE   (LST)  VALUE       VALUE  FROM      YEAR
                                                  NORMAL
..................................................................
TEMPERATURE (F)
 YESTERDAY
  MAXIMUM         82    120 PM  93    2005  78      4       76
  MINIMUM         63   1159 PM  48    1976  60      3       56
  AVERAGE         73                        69      4       66

PRECIPITATION (IN)
  YESTERDAY        0.62          1.26 1988   0.12   0.50      T
  MONTH TO DATE    4.86                      3.11   1.75     3.76
  SINCE JUN 1     14.60                      7.42   7.18     8.13
  SINCE JAN 1     28.15                     22.17   5.98    23.49

SNOWFALL (IN)
  YESTERDAY        T   R         0.0  2002   0.0    0.0      0.0
                                      2000
                                      2001
  MONTH TO DATE    T                         0.0    0.0       T
  SINCE JUN 1      T                         0.0    0.0       T
  SINCE JUL 1      T                         0.0    0.0       T
  SNOW DEPTH       0

DEGREE DAYS
 HEATING
  YESTERDAY        0                         1     -1        0
  MONTH TO DATE   24                        26     -2       14
  SINCE JUN 1    101                       117    -16       59
  SINCE JUL 1     24                        26     -2       14

 COOLING
  YESTERDAY        8                         5      3        1
  MONTH TO DATE   80                       121    -41      114
  SINCE JUN 1    130                       195    -65      199
  SINCE JAN 1    203                       218    -15      224
..................................................................


WIND (MPH)
  HIGHEST WIND SPEED    22   HIGHEST WIND DIRECTION     W (260)
  HIGHEST GUST SPEED    30   HIGHEST GUST DIRECTION     W (270)
  AVERAGE WIND SPEED     6.4


SKY COVER
  AVERAGE SKY COVER 0.2


WEATHER CONDITIONS
 THE FOLLOWING WEATHER WAS RECORDED YESTERDAY.
  THUNDERSTORM
  HEAVY RAIN
  LIGHT RAIN
  FOG
  HAZE


RELATIVE HUMIDITY (PERCENT)
 HIGHEST   100           200 AM
 LOWEST     62           100 PM
 AVERAGE    81

..........................................................


THE BINGHAMTON NY CLIMATE NORMALS FOR TODAY
                         NORMAL    RECORD    YEAR
 MAXIMUM TEMPERATURE (F)   78        90      1955
 MINIMUM TEMPERATURE (F)   60        48      2001
                                             1962


SUNRISE AND SUNSET
JULY 27 2015..........SUNRISE   552 AM EDT   SUNSET   829 PM EDT
JULY 28 2015..........SUNRISE   553 AM EDT   SUNSET   828 PM EDT


-  INDICATES NEGATIVE NUMBERS.
R  INDICATES RECORD WAS SET OR TIED.
MM INDICATES DATA IS MISSING.
T  INDICATES TRACE AMOUNT.

&&
TRACE OF SNOW WAS HAIL

$$
