000
CDUS41 KBGM 290559
CLIBGM


CLIMATE REPORT
NATIONAL WEATHER SERVICE BINGHAMTON NY
1258 AM EST THU JAN 29 2015


...................................

...THE BINGHAMTON NY CLIMATE SUMMARY FOR JANUARY 28 2015...

CLIMATE NORMAL PERIOD 1981 TO 2010
CLIMATE RECORD PERIOD 1951 TO 2015


WEATHER ITEM   OBSERVED TIME   RECORD YEAR NORMAL DEPARTURE LAST
                VALUE   (LST)  VALUE       VALUE  FROM      YEAR
                                                  NORMAL
..................................................................
TEMPERATURE (F)
 YESTERDAY
  MAXIMUM         22    341 PM  53    2002  29     -7        7
  MINIMUM          7    726 AM  -8    1966  15     -8       -4
  AVERAGE         15                        22     -7        2

PRECIPITATION (IN)
  YESTERDAY        0.00          0.47 2009   0.08  -0.08      T
  MONTH TO DATE    1.75                      2.22  -0.47     2.94
  SINCE DEC 1      5.05                      5.05   0.00     6.38
  SINCE JAN 1      1.75                      2.22  -0.47     2.94

SNOWFALL (IN)
  YESTERDAY        0.0           5.9  2009   0.7   -0.7       T
  MONTH TO DATE   12.9                      20.2   -7.3     23.2
  SINCE DEC 1     26.0                      38.0  -12.0     48.2
  SINCE JUL 1     39.7                      44.8   -5.1     56.4
  SNOW DEPTH       0

DEGREE DAYS
 HEATING
  YESTERDAY       50                        43      7       63
  MONTH TO DATE 1308                      1198    110     1320
  SINCE DEC 1   2377                      2368      9     2468
  SINCE JUL 1   3912                      3943    -31     4059

 COOLING
  YESTERDAY        0                         0      0        0
  MONTH TO DATE    0                         0      0        0
  SINCE DEC 1      0                         0      0        0
  SINCE JAN 1      0                         0      0        0
..................................................................


WIND (MPH)
  HIGHEST WIND SPEED    22   HIGHEST WIND DIRECTION    NW (330)
  HIGHEST GUST SPEED    31   HIGHEST GUST DIRECTION    NW (330)
  AVERAGE WIND SPEED    11.4


SKY COVER
  AVERAGE SKY COVER 0.0


WEATHER CONDITIONS
 THE FOLLOWING WEATHER WAS RECORDED YESTERDAY.
  HAZE


RELATIVE HUMIDITY (PERCENT)
 HIGHEST    80           700 AM
 LOWEST     41           200 PM
 AVERAGE    61

..........................................................


THE BINGHAMTON NY CLIMATE NORMALS FOR TODAY
                         NORMAL    RECORD    YEAR
 MAXIMUM TEMPERATURE (F)   29        54      2002
 MINIMUM TEMPERATURE (F)   16       -12      1977


SUNRISE AND SUNSET
JANUARY 29 2015.......SUNRISE   720 AM EST   SUNSET   514 PM EST
JANUARY 30 2015.......SUNRISE   719 AM EST   SUNSET   515 PM EST


-  INDICATES NEGATIVE NUMBERS.
R  INDICATES RECORD WAS SET OR TIED.
MM INDICATES DATA IS MISSING.
T  INDICATES TRACE AMOUNT.




$$
