000
CDUS41 KBGM 252119
CLIBGM


CLIMATE REPORT
NATIONAL WEATHER SERVICE BINGHAMTON NY
519 PM EDT FRI JUL 25 2014


...................................

...THE BINGHAMTON NY CLIMATE SUMMARY FOR JULY 25 2014...
VALID TODAY AS OF 0500 PM LOCAL TIME.

CLIMATE NORMAL PERIOD 1981 TO 2010
CLIMATE RECORD PERIOD 1951 TO 2014


WEATHER ITEM   OBSERVED TIME   RECORD YEAR NORMAL DEPARTURE LAST
                VALUE   (LST)  VALUE       VALUE  FROM      YEAR
                                                  NORMAL
..................................................................
TEMPERATURE (F)
 TODAY
  MAXIMUM         74    258 PM  88    2005  78     -4       72
                                      1966
  MINIMUM         50    554 AM  45    1953  60    -10       47
  AVERAGE         62                        69     -7       60

PRECIPITATION (IN)
  TODAY            0.00          1.20 1977   0.11  -0.11     0.00
  MONTH TO DATE    3.76                      2.99   0.77     5.92
  SINCE JUN 1      8.13                      7.30   0.83    11.16
  SINCE JAN 1     23.49                     22.05   1.44    24.32

SNOWFALL (IN)
  TODAY            0.0           0.0  2002   0.0    0.0      0.0
                                      2000
                                      2001
  MONTH TO DATE    T                         0.0    0.0      0.0
  SINCE JUN 1      T                         0.0    0.0      0.0
  SINCE JUL 1      T                         0.0    0.0      0.0
  SNOW DEPTH       0

DEGREE DAYS
 HEATING
  TODAY            3                         1      2        5
  MONTH TO DATE   14                        25    -11       11
  SINCE JUN 1     59                       116    -57       98
  SINCE JUL 1     14                        25    -11       11

 COOLING
  TODAY            0                         5     -5        0
  MONTH TO DATE  113                       116     -3      217
  SINCE JUN 1    198                       190      8      300
  SINCE JAN 1    223                       213     10      343
..................................................................


WIND (MPH)
  HIGHEST WIND SPEED     9   HIGHEST WIND DIRECTION     W (290)
  HIGHEST GUST SPEED    13   HIGHEST GUST DIRECTION     W (280)
  AVERAGE WIND SPEED     3.3


SKY COVER
  AVERAGE SKY COVER 0.1


WEATHER CONDITIONS
 THE FOLLOWING WEATHER WAS RECORDED TODAY.
  NO SIGNIFICANT WEATHER WAS OBSERVED.


RELATIVE HUMIDITY (PERCENT)
 HIGHEST    93           600 AM
 LOWEST     49           300 PM
 AVERAGE    71

..........................................................


THE BINGHAMTON NY CLIMATE NORMALS FOR TOMORROW
                         NORMAL    RECORD    YEAR
 MAXIMUM TEMPERATURE (F)   78        93      2005
 MINIMUM TEMPERATURE (F)   60        48      1976


SUNRISE AND SUNSET
JULY 25 2014..........SUNRISE   550 AM EDT   SUNSET   830 PM EDT
JULY 26 2014..........SUNRISE   551 AM EDT   SUNSET   829 PM EDT


-  INDICATES NEGATIVE NUMBERS.
R  INDICATES RECORD WAS SET OR TIED.
MM INDICATES DATA IS MISSING.
T  INDICATES TRACE AMOUNT.




$$
