000
CDUS41 KBGM 310221
CLIBGM


CLIMATE REPORT
NATIONAL WEATHER SERVICE BINGHAMTON NY
1021 PM EDT SAT MAY 30 2015


...................................

...THE BINGHAMTON NY CLIMATE SUMMARY FOR MAY 30 2015...
VALID AS OF 1000 PM LOCAL TIME.

CLIMATE NORMAL PERIOD 1981 TO 2010
CLIMATE RECORD PERIOD 1951 TO 2015


WEATHER ITEM   OBSERVED TIME   RECORD YEAR NORMAL DEPARTURE LAST
                VALUE   (LST)  VALUE       VALUE  FROM      YEAR
                                                  NORMAL
..................................................................
TEMPERATURE (F)
 TODAY
  MAXIMUM         82    208 PM  88    2006  70     12       72
                                      1987
  MINIMUM         65    842 PM  35    1961  51     14       50
  AVERAGE         74                        60     14       61

PRECIPITATION (IN)
  TODAY            0.08          0.82 1992   0.13  -0.05     0.00
  MONTH TO DATE    3.10                      3.44  -0.34     4.22
  SINCE MAR 1      9.30                      9.86  -0.56     9.67
  SINCE JAN 1     13.24                     14.62  -1.38    15.36

SNOWFALL (IN)
  TODAY            0.0           0.0  2002   0.0    0.0      0.0
                                      2001
  MONTH TO DATE    0.0                       0.1   -0.1       T
  SINCE MAR 1     17.6                      19.5   -1.9      2.9
  SINCE JUL 1     93.4                      83.4   10.0     85.4
  SNOW DEPTH       0

DEGREE DAYS
 HEATING
  TODAY            0                         6     -6        4
  MONTH TO DATE  148                       299   -151      217
  SINCE MAR 1   1921                      1899     22     2019
  SINCE JUL 1   7453                      7098    355     7490

 COOLING
  TODAY            9                         1      8        0
  MONTH TO DATE   73                        18     55       23
  SINCE MAR 1     73                        22     51       25
  SINCE JAN 1     73                        22     51       25
..................................................................


WIND (MPH)
  HIGHEST WIND SPEED    17   HIGHEST WIND DIRECTION    SW (210)
  HIGHEST GUST SPEED    24   HIGHEST GUST DIRECTION     S (190)
  AVERAGE WIND SPEED     9.7


SKY COVER
  AVERAGE SKY COVER 0.4


WEATHER CONDITIONS
 THE FOLLOWING WEATHER WAS RECORDED TODAY.
  THUNDERSTORM
  LIGHT RAIN
  FOG


RELATIVE HUMIDITY (PERCENT)
 HIGHEST    87           300 AM
 LOWEST     54           200 PM
 AVERAGE    71

..........................................................


THE BINGHAMTON NY CLIMATE NORMALS FOR TOMORROW
                         NORMAL    RECORD    YEAR
 MAXIMUM TEMPERATURE (F)   70        87      2013
                                             2011
 MINIMUM TEMPERATURE (F)   51        37      2009
                                             2001
                                             1961


SUNRISE AND SUNSET
MAY 30 2015...........SUNRISE   531 AM EDT   SUNSET   832 PM EDT
MAY 31 2015...........SUNRISE   531 AM EDT   SUNSET   833 PM EDT


-  INDICATES NEGATIVE NUMBERS.
R  INDICATES RECORD WAS SET OR TIED.
MM INDICATES DATA IS MISSING.
T  INDICATES TRACE AMOUNT.




$$
