000
CDUS41 KBGM 100625
CLIBGM


CLIMATE REPORT
NATIONAL WEATHER SERVICE BINGHAMTON NY
125 AM EST SUN DEC 10 2017


...................................

...THE BINGHAMTON NY CLIMATE SUMMARY FOR DECEMBER 9 2017...

CLIMATE NORMAL PERIOD 1981 TO 2010
CLIMATE RECORD PERIOD 1951 TO 2017


WEATHER ITEM   OBSERVED TIME   RECORD YEAR NORMAL DEPARTURE LAST
                VALUE   (LST)  VALUE       VALUE  FROM      YEAR
                                                  NORMAL
..................................................................
TEMPERATURE (F)
 YESTERDAY
  MAXIMUM         27    357 PM  61    1966  35     -8       25
  MINIMUM         20   1159 PM   1    1968  23     -3       19
  AVERAGE         24                        29     -5       22

PRECIPITATION (IN)
  YESTERDAY        0.00          1.26 1973   0.10  -0.10     0.10
  MONTH TO DATE    0.31                      0.93  -0.62     1.28
  SINCE DEC 1      0.31                      0.93  -0.62     1.28
  SINCE JAN 1     47.20                     37.40   9.80    33.80

SNOWFALL (IN)
  YESTERDAY        0.0           6.4  2009   0.6   -0.6      3.2
  MONTH TO DATE    T                         4.5   -4.5     10.1
  SINCE DEC 1      T                         4.5   -4.5     10.1
  SINCE JUL 1      1.8                      11.3   -9.5     38.7
  SNOW DEPTH       0

DEGREE DAYS
 HEATING
  YESTERDAY       41                        36      5       43
  MONTH TO DATE  287                       308    -21      298
  SINCE DEC 1    287                       308    -21      298
  SINCE JUL 1   1685                      1883   -198     1647

 COOLING
  YESTERDAY        0                         0      0        0
  MONTH TO DATE    0                         0      0        0
  SINCE DEC 1      0                         0      0        0
  SINCE JAN 1    349                       381    -32      563
..................................................................


WIND (MPH)
  HIGHEST WIND SPEED     8   HIGHEST WIND DIRECTION    SE (140)
  HIGHEST GUST SPEED    10   HIGHEST GUST DIRECTION     W (260)
  AVERAGE WIND SPEED     3.0


SKY COVER
  AVERAGE SKY COVER 0.4


WEATHER CONDITIONS
 THE FOLLOWING WEATHER WAS RECORDED YESTERDAY.
  NO SIGNIFICANT WEATHER WAS OBSERVED.


RELATIVE HUMIDITY (PERCENT)
 HIGHEST    68          1200 AM
 LOWEST     57           200 PM
 AVERAGE    63

..........................................................


THE BINGHAMTON NY CLIMATE NORMALS FOR TODAY
                         NORMAL    RECORD    YEAR
 MAXIMUM TEMPERATURE (F)   35        64      1966
 MINIMUM TEMPERATURE (F)   23         1      1995
                                             1982
                                             1968


SUNRISE AND SUNSET
DECEMBER 10 2017......SUNRISE   722 AM EST   SUNSET   432 PM EST
DECEMBER 11 2017......SUNRISE   723 AM EST   SUNSET   432 PM EST


-  INDICATES NEGATIVE NUMBERS.
R  INDICATES RECORD WAS SET OR TIED.
MM INDICATES DATA IS MISSING.
T  INDICATES TRACE AMOUNT.




$$
