000
CDUS41 KBGM 210225
CLIBGM


CLIMATE REPORT
NATIONAL WEATHER SERVICE BINGHAMTON NY
1025 PM EDT MON OCT 20 2014


...................................

...THE BINGHAMTON NY CLIMATE SUMMARY FOR OCTOBER 19 2014...

CLIMATE NORMAL PERIOD 1981 TO 2010
CLIMATE RECORD PERIOD 1951 TO 2014


WEATHER ITEM   OBSERVED TIME   RECORD YEAR NORMAL DEPARTURE LAST
                VALUE   (LST)  VALUE       VALUE  FROM      YEAR
                                                  NORMAL
..................................................................
TEMPERATURE (F)
 YESTERDAY
  MAXIMUM         42   1216 AM  77    1963  56    -14       58
  MINIMUM         31   1132 PM  20    1974  39     -8       44
  AVERAGE         37                        47    -10       51

PRECIPITATION (IN)
  YESTERDAY        0.01          1.81 1996   0.10  -0.09     0.17
  MONTH TO DATE    3.04                      2.08   0.96     2.06
  SINCE SEP 1      4.95                      5.71  -0.76     4.97
  SINCE JAN 1     33.98                     31.92   2.06    35.26

SNOWFALL (IN)
  YESTERDAY        0.0           1.7  1972   0.1   -0.1      0.0
  MONTH TO DATE    0.0                       0.3   -0.3      0.0
  SINCE SEP 1      0.0                       0.3   -0.3      0.0
  SINCE JUL 1      T                         0.3   -0.3      0.0
  SNOW DEPTH       0

DEGREE DAYS
 HEATING
  YESTERDAY       28                        18     10       14
  MONTH TO DATE  215                       279    -64      132
  SINCE SEP 1    376                       473    -97      373
  SINCE JUL 1    442                       536    -94      424

 COOLING
  YESTERDAY        0                         0      0        0
  MONTH TO DATE    1                         0      1       12
  SINCE SEP 1     39                        31      8       53
  SINCE JAN 1    341                       379    -38      480
..................................................................


WIND (MPH)
  HIGHEST WIND SPEED    23   HIGHEST WIND DIRECTION     N (350)
  HIGHEST GUST SPEED    30   HIGHEST GUST DIRECTION     N (340)
  AVERAGE WIND SPEED    11.2


SKY COVER
  AVERAGE SKY COVER 0.7


WEATHER CONDITIONS
 THE FOLLOWING WEATHER WAS RECORDED YESTERDAY.
  LIGHT RAIN
  LIGHT SNOW
  FOG


RELATIVE HUMIDITY (PERCENT)
 HIGHEST    93           100 AM
 LOWEST     59           100 PM
 AVERAGE    76

..........................................................


THE BINGHAMTON NY CLIMATE NORMALS FOR TODAY
                         NORMAL    RECORD    YEAR
 MAXIMUM TEMPERATURE (F)   55        77      1963
 MINIMUM TEMPERATURE (F)   39        20      1972


SUNRISE AND SUNSET
OCTOBER 20 2014.......SUNRISE   722 AM EDT   SUNSET   614 PM EDT
OCTOBER 21 2014.......SUNRISE   724 AM EDT   SUNSET   613 PM EDT


-  INDICATES NEGATIVE NUMBERS.
R  INDICATES RECORD WAS SET OR TIED.
MM INDICATES DATA IS MISSING.
T  INDICATES TRACE AMOUNT.




$$
