000
CDUS41 KBGM 180222
CLIBGM


CLIMATE REPORT
NATIONAL WEATHER SERVICE BINGHAMTON NY
1022 PM EDT MON JUL 17 2017


...................................

...THE BINGHAMTON NY CLIMATE SUMMARY FOR JULY 17 2017...
VALID AS OF 1000 PM LOCAL TIME.

CLIMATE NORMAL PERIOD 1981 TO 2010
CLIMATE RECORD PERIOD 1951 TO 2017


WEATHER ITEM   OBSERVED TIME   RECORD YEAR NORMAL DEPARTURE LAST
                VALUE   (LST)  VALUE       VALUE  FROM      YEAR
                                                  NORMAL
..................................................................
TEMPERATURE (F)
 TODAY
  MAXIMUM         79   1214 PM  91    2012  78      1       82
                                      1991
                                      1953
  MINIMUM         61    433 AM  50    1987  60      1       60
  AVERAGE         70                        69      1       71

PRECIPITATION (IN)
  TODAY            0.37          0.90 1969   0.12   0.25      T
  MONTH TO DATE    3.13                      2.05   1.08     0.53
  SINCE JUN 1      8.87                      6.36   2.51     3.57
  SINCE JAN 1     33.32                     21.11  12.21    15.96

SNOWFALL (IN)
  TODAY            0.0           0.0  2002   0.0    0.0      0.0
                                      2000
                                      2001
  MONTH TO DATE    0.0                       0.0    0.0      0.0
  SINCE JUN 1      T                         0.0    0.0      0.0
  SINCE JUL 1      0.0                       0.0    0.0      0.0
  SNOW DEPTH       0

DEGREE DAYS
 HEATING
  TODAY            0                         1     -1        0
  MONTH TO DATE    1                        17    -16        3
  SINCE JUN 1     96                       108    -12       72
  SINCE JUL 1      1                        17    -16        3

 COOLING
  TODAY            5                         5      0        6
  MONTH TO DATE   59                        76    -17      106
  SINCE JUN 1    132                       150    -18      169
  SINCE JAN 1    153                       173    -20      215
..................................................................


WIND (MPH)
  HIGHEST WIND SPEED    20   HIGHEST WIND DIRECTION    NW (330)
  HIGHEST GUST SPEED    27   HIGHEST GUST DIRECTION    NW (330)
  AVERAGE WIND SPEED     4.5


SKY COVER
  AVERAGE SKY COVER 0.3


WEATHER CONDITIONS
 THE FOLLOWING WEATHER WAS RECORDED TODAY.
  THUNDERSTORM
  HEAVY RAIN
  RAIN
  LIGHT RAIN
  FOG
  FOG W/VISIBILITY <= 1/4 MILE


RELATIVE HUMIDITY (PERCENT)
 HIGHEST   100           300 AM
 LOWEST     64           200 PM
 AVERAGE    82

..........................................................


THE BINGHAMTON NY CLIMATE NORMALS FOR TOMORROW
                         NORMAL    RECORD    YEAR
 MAXIMUM TEMPERATURE (F)   78        93      1953
 MINIMUM TEMPERATURE (F)   60        47      1971


SUNRISE AND SUNSET
JULY 17 2017..........SUNRISE   543 AM EDT   SUNSET   837 PM EDT
JULY 18 2017..........SUNRISE   544 AM EDT   SUNSET   836 PM EDT


-  INDICATES NEGATIVE NUMBERS.
R  INDICATES RECORD WAS SET OR TIED.
MM INDICATES DATA IS MISSING.
T  INDICATES TRACE AMOUNT.




$$
