000
CDUS41 KBGM 200529
CLIBGM


CLIMATE REPORT
NATIONAL WEATHER SERVICE BINGHAMTON NY
128 AM EDT THU APR 20 2017


...................................

...THE BINGHAMTON NY CLIMATE SUMMARY FOR APRIL 19 2017...

CLIMATE NORMAL PERIOD 1981 TO 2010
CLIMATE RECORD PERIOD 1951 TO 2017


WEATHER ITEM   OBSERVED TIME   RECORD YEAR NORMAL DEPARTURE LAST
                VALUE   (LST)  VALUE       VALUE  FROM      YEAR
                                                  NORMAL
..................................................................
TEMPERATURE (F)
 YESTERDAY
  MAXIMUM         49   1115 AM  85    1976  56     -7       57
  MINIMUM         42    722 AM  22    2001  37      5       41
  AVERAGE         46                        47     -1       49

PRECIPITATION (IN)
  YESTERDAY        0.61          1.53 1998   0.11   0.50     0.00
  MONTH TO DATE    3.38                      2.22   1.16     2.21
  SINCE MAR 1      8.98                      5.21   3.77     3.61
  SINCE JAN 1     15.25                      9.97   5.28     8.92

SNOWFALL (IN)
  YESTERDAY        0.0           6.9  1983   0.1   -0.1      0.0
  MONTH TO DATE    2.1                       3.4   -1.3      9.3
  SINCE MAR 1     41.7                      18.5   23.2     10.3
  SINCE JUL 1    135.2                      82.4   52.8     32.0
  SNOW DEPTH       0

DEGREE DAYS
 HEATING
  YESTERDAY       19                        19      0       16
  MONTH TO DATE  321                       423   -102      492
  SINCE MAR 1   1433                      1420     13     1263
  SINCE JUL 1   6046                      6619   -573     5621

 COOLING
  YESTERDAY        0                         0      0        0
  MONTH TO DATE    4                         0      4        0
  SINCE MAR 1      4                         0      4        0
  SINCE JAN 1      4                         0      4        0
..................................................................


WIND (MPH)
  HIGHEST WIND SPEED    22   HIGHEST WIND DIRECTION     S (200)
  HIGHEST GUST SPEED    32   HIGHEST GUST DIRECTION     S (180)
  AVERAGE WIND SPEED    12.2


SKY COVER
  AVERAGE SKY COVER 0.8


WEATHER CONDITIONS
 THE FOLLOWING WEATHER WAS RECORDED YESTERDAY.
  HEAVY RAIN
  RAIN
  LIGHT RAIN
  FOG


RELATIVE HUMIDITY (PERCENT)
 HIGHEST   100          1100 PM
 LOWEST     56          1000 AM
 AVERAGE    78

..........................................................


THE BINGHAMTON NY CLIMATE NORMALS FOR TODAY
                         NORMAL    RECORD    YEAR
 MAXIMUM TEMPERATURE (F)   56        80      1954
 MINIMUM TEMPERATURE (F)   38        24      1988
                                             1953


SUNRISE AND SUNSET
APRIL 20 2017.........SUNRISE   615 AM EDT   SUNSET   751 PM EDT
APRIL 21 2017.........SUNRISE   613 AM EDT   SUNSET   752 PM EDT


-  INDICATES NEGATIVE NUMBERS.
R  INDICATES RECORD WAS SET OR TIED.
MM INDICATES DATA IS MISSING.
T  INDICATES TRACE AMOUNT.




$$
