000
CDUS41 KBGM 022137
CLIBGM


CLIMATE REPORT
NATIONAL WEATHER SERVICE BINGHAMTON NY
537 PM EDT SUN AUG 2 2015


...................................

...THE BINGHAMTON NY CLIMATE SUMMARY FOR AUGUST 2 2015...
VALID TODAY AS OF 0500 PM LOCAL TIME.

CLIMATE NORMAL PERIOD 1981 TO 2010
CLIMATE RECORD PERIOD 1951 TO 2015


WEATHER ITEM   OBSERVED TIME   RECORD YEAR NORMAL DEPARTURE LAST
                VALUE   (LST)  VALUE       VALUE  FROM      YEAR
                                                  NORMAL
..................................................................
TEMPERATURE (F)
 TODAY
  MAXIMUM         79    341 PM  91    2002  78      1       78
  MINIMUM         57    422 AM  47    1976  60     -3       61
  AVERAGE         68                        69     -1       70

PRECIPITATION (IN)
  TODAY            0.00          1.18 1961   0.12  -0.12     0.00
  MONTH TO DATE    0.02                      0.24  -0.22     0.00
  SINCE JUN 1     14.91                      8.25   6.66     8.21
  SINCE JAN 1     28.46                     23.00   5.46    23.57

SNOWFALL (IN)
  TODAY            0.0           0.0  2002   0.0    0.0      0.0
                                      2001
                                      2000
  MONTH TO DATE    0.0                       0.0    0.0      0.0
  SINCE JUN 1      T                         0.0    0.0       T
  SINCE JUL 1      T                         0.0    0.0       T
  SNOW DEPTH       0

DEGREE DAYS
 HEATING
  TODAY            0                         1     -1        0
  MONTH TO DATE    0                         2     -2        0
  SINCE JUN 1    101                       117    -16       70
  SINCE JUL 1     24                        26     -2       25

 COOLING
  TODAY            3                         4     -1        5
  MONTH TO DATE    7                         8     -1       11
  SINCE JUN 1    176                       220    -44      219
  SINCE JAN 1    249                       243      6      244
..................................................................


WIND (MPH)
  HIGHEST WIND SPEED    15   HIGHEST WIND DIRECTION    SW (230)
  HIGHEST GUST SPEED    20   HIGHEST GUST DIRECTION    SW (210)
  AVERAGE WIND SPEED     7.6


SKY COVER
  AVERAGE SKY COVER 0.2


WEATHER CONDITIONS
 THE FOLLOWING WEATHER WAS RECORDED TODAY.
  NO SIGNIFICANT WEATHER WAS OBSERVED.


RELATIVE HUMIDITY (PERCENT)
 HIGHEST    86           400 AM
 LOWEST     43           100 PM
 AVERAGE    65

..........................................................


THE BINGHAMTON NY CLIMATE NORMALS FOR TOMORROW
                         NORMAL    RECORD    YEAR
 MAXIMUM TEMPERATURE (F)   78        91      1995
 MINIMUM TEMPERATURE (F)   60        44      1976


SUNRISE AND SUNSET
AUGUST  2 2015........SUNRISE   558 AM EDT   SUNSET   822 PM EDT
AUGUST  3 2015........SUNRISE   559 AM EDT   SUNSET   821 PM EDT


-  INDICATES NEGATIVE NUMBERS.
R  INDICATES RECORD WAS SET OR TIED.
MM INDICATES DATA IS MISSING.
T  INDICATES TRACE AMOUNT.




$$
