000
CDUS41 KBGM 200534
CLIBGM


CLIMATE REPORT
NATIONAL WEATHER SERVICE BINGHAMTON NY
133 AM EDT SUN JUL 20 2014


...................................

...THE BINGHAMTON NY CLIMATE SUMMARY FOR JULY 19 2014...

CLIMATE NORMAL PERIOD 1981 TO 2010
CLIMATE RECORD PERIOD 1951 TO 2014


WEATHER ITEM   OBSERVED TIME   RECORD YEAR NORMAL DEPARTURE LAST
                VALUE   (LST)  VALUE       VALUE  FROM      YEAR
                                                  NORMAL
..................................................................
TEMPERATURE (F)
 YESTERDAY
  MAXIMUM         75    319 PM  91    1991  78     -3       88
                                      1972
  MINIMUM         57    513 AM  50    2003  60     -3       69
  AVERAGE         66                        69     -3       79

PRECIPITATION (IN)
  YESTERDAY        0.00          1.52 2007   0.12  -0.12      T
  MONTH TO DATE    2.99                      2.29   0.70     4.29
  SINCE JUN 1      7.36                      6.60   0.76     9.53
  SINCE JAN 1     22.72                     21.35   1.37    22.69

SNOWFALL (IN)
  YESTERDAY        0.0           0.0  2002   0.0    0.0      0.0
                                      2000
                                      2001
  MONTH TO DATE    0.0                       0.0    0.0      0.0
  SINCE JUN 1      0.0                       0.0    0.0      0.0
  SINCE JUL 1      0.0                       0.0    0.0      0.0
  SNOW DEPTH       0

DEGREE DAYS
 HEATING
  YESTERDAY        0                         1     -1        0
  MONTH TO DATE    8                        19    -11        0
  SINCE JUN 1     53                       110    -57       87
  SINCE JUL 1      8                        19    -11        0

 COOLING
  YESTERDAY        1                         5     -4       14
  MONTH TO DATE   85                        86     -1      189
  SINCE JUN 1    170                       160     10      272
  SINCE JAN 1    195                       183     12      315
..................................................................


WIND (MPH)
  HIGHEST WIND SPEED    12   HIGHEST WIND DIRECTION    SE (140)
  HIGHEST GUST SPEED    15   HIGHEST GUST DIRECTION    SW (210)
  AVERAGE WIND SPEED     4.8


SKY COVER
  AVERAGE SKY COVER 0.2


WEATHER CONDITIONS
 THE FOLLOWING WEATHER WAS RECORDED YESTERDAY.
  NO SIGNIFICANT WEATHER WAS OBSERVED.


RELATIVE HUMIDITY (PERCENT)
 HIGHEST    86           400 AM
 LOWEST     46           200 PM
 AVERAGE    66

..........................................................


THE BINGHAMTON NY CLIMATE NORMALS FOR TODAY
                         NORMAL    RECORD    YEAR
 MAXIMUM TEMPERATURE (F)   78        93      1991
 MINIMUM TEMPERATURE (F)   60        47      1965


SUNRISE AND SUNSET
JULY 20 2014..........SUNRISE   545 AM EDT   SUNSET   835 PM EDT
JULY 21 2014..........SUNRISE   546 AM EDT   SUNSET   834 PM EDT


-  INDICATES NEGATIVE NUMBERS.
R  INDICATES RECORD WAS SET OR TIED.
MM INDICATES DATA IS MISSING.
T  INDICATES TRACE AMOUNT.




$$
