000
CDUS41 KBGM 160605
CLIBGM


CLIMATE REPORT
NATIONAL WEATHER SERVICE BINGHAMTON NY
104 AM EST TUE DEC 16 2014


...................................

...THE BINGHAMTON NY CLIMATE SUMMARY FOR DECEMBER 15 2014...

CLIMATE NORMAL PERIOD 1981 TO 2010
CLIMATE RECORD PERIOD 1951 TO 2014


WEATHER ITEM   OBSERVED TIME   RECORD YEAR NORMAL DEPARTURE LAST
                VALUE   (LST)  VALUE       VALUE  FROM      YEAR
                                                  NORMAL
..................................................................
TEMPERATURE (F)
 YESTERDAY
  MAXIMUM         33    334 PM  56    1971  33      0       28
  MINIMUM         30    828 PM   1    1962  21      9       19
  AVERAGE         32                        27      5       24

PRECIPITATION (IN)
  YESTERDAY        T             0.89 1972   0.09  -0.09     0.05
  MONTH TO DATE    2.02                      1.49   0.53     1.15
  SINCE DEC 1      2.02                      1.49   0.53     1.15
  SINCE JAN 1     38.35                     37.96   0.39    40.66

SNOWFALL (IN)
  YESTERDAY        0.0           6.3  1989   0.6   -0.6      0.1
  MONTH TO DATE   11.0                       7.8    3.2     13.6
  SINCE DEC 1     11.0                       7.8    3.2     13.6
  SINCE JUL 1     24.7                      14.6   10.1     21.8
  SNOW DEPTH       4

DEGREE DAYS
 HEATING
  YESTERDAY       33                        38     -5       41
  MONTH TO DATE  545                       529     16      564
  SINCE DEC 1    545                       529     16      564
  SINCE JUL 1   2080                      2104    -24     2155

 COOLING
  YESTERDAY        0                         0      0        0
  MONTH TO DATE    0                         0      0        0
  SINCE DEC 1      0                         0      0        0
  SINCE JAN 1    341                       381    -40      480
..................................................................


WIND (MPH)
  HIGHEST WIND SPEED    13   HIGHEST WIND DIRECTION    NW (320)
  HIGHEST GUST SPEED    19   HIGHEST GUST DIRECTION     N (350)
  AVERAGE WIND SPEED     5.5


SKY COVER
  AVERAGE SKY COVER 1.0


WEATHER CONDITIONS
 THE FOLLOWING WEATHER WAS RECORDED YESTERDAY.
  FOG
  FOG W/VISIBILITY <= 1/4 MILE


RELATIVE HUMIDITY (PERCENT)
 HIGHEST   100           700 PM
 LOWEST     89          1200 AM
 AVERAGE    95

..........................................................


THE BINGHAMTON NY CLIMATE NORMALS FOR TODAY
                         NORMAL    RECORD    YEAR
 MAXIMUM TEMPERATURE (F)   33        54      1971
 MINIMUM TEMPERATURE (F)   21        -1      1961
                                             1951


SUNRISE AND SUNSET
DECEMBER 16 2014......SUNRISE   726 AM EST   SUNSET   433 PM EST
DECEMBER 17 2014......SUNRISE   727 AM EST   SUNSET   433 PM EST


-  INDICATES NEGATIVE NUMBERS.
R  INDICATES RECORD WAS SET OR TIED.
MM INDICATES DATA IS MISSING.
T  INDICATES TRACE AMOUNT.




$$

HEDEN
