218
CDUS41 KBGM 210652
CLIBGM


CLIMATE REPORT
NATIONAL WEATHER SERVICE BINGHAMTON NY
250 AM EDT SAT MAY 21 2016


...................................

...THE BINGHAMTON NY CLIMATE SUMMARY FOR MAY 20 2016...

CLIMATE NORMAL PERIOD 1981 TO 2010
CLIMATE RECORD PERIOD 1951 TO 2016


WEATHER ITEM   OBSERVED TIME   RECORD YEAR NORMAL DEPARTURE LAST
                VALUE   (LST)  VALUE       VALUE  FROM      YEAR
                                                  NORMAL
..................................................................
TEMPERATURE (F)
 YESTERDAY
  MAXIMUM         70        MM  89    1996  67      3       52
  MINIMUM         40        MM  30    2002  47     -7       40
  AVERAGE         55                        57     -2       46

PRECIPITATION (IN)
  YESTERDAY        0.00          1.40 1971   0.13  -0.13      T
  MONTH TO DATE    2.47                      2.22   0.25     2.93
  SINCE MAR 1      6.70                      8.64  -1.94     9.13
  SINCE JAN 1     12.01                     13.40  -1.39    13.07

SNOWFALL (IN)
  YESTERDAY        0.0           T    2008   0.0    0.0      0.0
                                      2002
  MONTH TO DATE    T                         0.1   -0.1      0.0
  SINCE MAR 1     10.3                      19.5   -9.2     17.6
  SINCE JUL 1     32.0                      83.4  -51.4     93.4
  SNOW DEPTH       0

DEGREE DAYS
 HEATING
  YESTERDAY       10                         9      1       19
  MONTH TO DATE  302                       227     75       96
  SINCE MAR 1   1752                      1827    -75     1869
  SINCE JUL 1   6110                      7026   -916     7401

 COOLING
  YESTERDAY        0                         1     -1        0
  MONTH TO DATE    0                         8     -8       42
  SINCE MAR 1      0                        12    -12       42
  SINCE JAN 1      0                        12    -12       42
..................................................................


WIND (MPH)
  HIGHEST WIND SPEED     9   HIGHEST WIND DIRECTION     N (350)
  HIGHEST GUST SPEED    20   HIGHEST GUST DIRECTION     N (350)
  AVERAGE WIND SPEED     4.3


SKY COVER
  AVERAGE SKY COVER 0.1


WEATHER CONDITIONS
 THE FOLLOWING WEATHER WAS RECORDED YESTERDAY.
  NO SIGNIFICANT WEATHER WAS OBSERVED.


RELATIVE HUMIDITY (PERCENT)
 HIGHEST    86           500 AM
 LOWEST     28           400 PM
 AVERAGE    57

..........................................................


THE BINGHAMTON NY CLIMATE NORMALS FOR TODAY
                         NORMAL    RECORD    YEAR
 MAXIMUM TEMPERATURE (F)   67        86      1977
 MINIMUM TEMPERATURE (F)   48        28      2002


SUNRISE AND SUNSET
MAY 21 2016...........SUNRISE   537 AM EDT   SUNSET   825 PM EDT
MAY 22 2016...........SUNRISE   536 AM EDT   SUNSET   826 PM EDT


-  INDICATES NEGATIVE NUMBERS.
R  INDICATES RECORD WAS SET OR TIED.
MM INDICATES DATA IS MISSING.
T  INDICATES TRACE AMOUNT.




$$
