000
CDUS41 KBGM 270624
CLIBGM


CLIMATE REPORT
NATIONAL WEATHER SERVICE BINGHAMTON NY
223 AM EDT WED APR 27 2016


...................................

...THE BINGHAMTON NY CLIMATE SUMMARY FOR APRIL 26 2016...

CLIMATE NORMAL PERIOD 1981 TO 2010
CLIMATE RECORD PERIOD 1951 TO 2016


WEATHER ITEM   OBSERVED TIME   RECORD YEAR NORMAL DEPARTURE LAST
                VALUE   (LST)  VALUE       VALUE  FROM      YEAR
                                                  NORMAL
..................................................................
TEMPERATURE (F)
 YESTERDAY
  MAXIMUM         54   1055 AM  84    1962  59     -5       48
  MINIMUM         34   1006 PM  26    1967  40     -6       31
  AVERAGE         44                        49     -5       40

PRECIPITATION (IN)
  YESTERDAY        0.26          1.14 2011   0.11   0.15     0.00
  MONTH TO DATE    2.58                      2.98  -0.40     4.20
  SINCE MAR 1      3.98                      5.97  -1.99     6.19
  SINCE JAN 1      9.29                     10.73  -1.44    10.13

SNOWFALL (IN)
  YESTERDAY        0.0           0.6  1993   0.1   -0.1      0.0
  MONTH TO DATE    9.3                       4.1    5.2      2.8
  SINCE MAR 1     10.3                      19.2   -8.9     17.6
  SINCE JUL 1     32.0                      83.1  -51.1     93.4
  SNOW DEPTH       0

DEGREE DAYS
 HEATING
  YESTERDAY       21                        16      5       25
  MONTH TO DATE  595                       542     53      547
  SINCE MAR 1   1366                      1539   -173     1717
  SINCE JUL 1   5724                      6738  -1014     7249

 COOLING
  YESTERDAY        0                         0      0        0
  MONTH TO DATE    0                         0      0        0
  SINCE MAR 1      0                         0      0        0
  SINCE JAN 1      0                         0      0        0
..................................................................


WIND (MPH)
  HIGHEST WIND SPEED    20   HIGHEST WIND DIRECTION     N (350)
  HIGHEST GUST SPEED    24   HIGHEST GUST DIRECTION     N (350)
  AVERAGE WIND SPEED     8.8


SKY COVER
  AVERAGE SKY COVER 1.0


WEATHER CONDITIONS
 THE FOLLOWING WEATHER WAS RECORDED YESTERDAY.
  THUNDERSTORM
  RAIN
  LIGHT RAIN
  FOG


RELATIVE HUMIDITY (PERCENT)
 HIGHEST   100           700 PM
 LOWEST     86           200 PM
 AVERAGE    93

..........................................................


THE BINGHAMTON NY CLIMATE NORMALS FOR TODAY
                         NORMAL    RECORD    YEAR
 MAXIMUM TEMPERATURE (F)   59        89      2009
 MINIMUM TEMPERATURE (F)   40        28      2002
                                             1998
                                             1993


SUNRISE AND SUNSET
APRIL 27 2016.........SUNRISE   604 AM EDT   SUNSET   759 PM EDT
APRIL 28 2016.........SUNRISE   603 AM EDT   SUNSET   800 PM EDT


-  INDICATES NEGATIVE NUMBERS.
R  INDICATES RECORD WAS SET OR TIED.
MM INDICATES DATA IS MISSING.
T  INDICATES TRACE AMOUNT.




$$
