000
CDUS41 KBGM 220548
CLIBGM


CLIMATE REPORT
NATIONAL WEATHER SERVICE BINGHAMTON NY
148 AM EDT SAT JUL 22 2017


...................................

...THE BINGHAMTON NY CLIMATE SUMMARY FOR JULY 21 2017...

CLIMATE NORMAL PERIOD 1981 TO 2010
CLIMATE RECORD PERIOD 1951 TO 2017


WEATHER ITEM   OBSERVED TIME   RECORD YEAR NORMAL DEPARTURE LAST
                VALUE   (LST)  VALUE       VALUE  FROM      YEAR
                                                  NORMAL
..................................................................
TEMPERATURE (F)
 YESTERDAY
  MAXIMUM         83    224 PM  95    2011  78      5       87
  MINIMUM         64    541 AM  44    1965  60      4       55
  AVERAGE         74                        69      5       71

PRECIPITATION (IN)
  YESTERDAY        0.06          2.17 1952   0.12  -0.06     0.00
  MONTH TO DATE    3.41                      2.53   0.88     0.62
  SINCE JUN 1      9.15                      6.84   2.31     3.66
  SINCE JAN 1     33.60                     21.59  12.01    16.05

SNOWFALL (IN)
  YESTERDAY        0.0           0.0  2002   0.0    0.0      0.0
                                      2000
                                      2001
  MONTH TO DATE    0.0                       0.0    0.0      0.0
  SINCE JUN 1      T                         0.0    0.0      0.0
  SINCE JUL 1      0.0                       0.0    0.0      0.0
  SNOW DEPTH       0

DEGREE DAYS
 HEATING
  YESTERDAY        0                         1     -1        0
  MONTH TO DATE    1                        21    -20        3
  SINCE JUN 1     96                       112    -16       72
  SINCE JUL 1      1                        21    -20        3

 COOLING
  YESTERDAY        9                         5      4        6
  MONTH TO DATE   90                        96     -6      124
  SINCE JUN 1    163                       170     -7      187
  SINCE JAN 1    184                       193     -9      233
..................................................................


WIND (MPH)
  HIGHEST WIND SPEED    15   HIGHEST WIND DIRECTION     W (280)
  HIGHEST GUST SPEED    21   HIGHEST GUST DIRECTION     W (280)
  AVERAGE WIND SPEED     6.0


SKY COVER
  AVERAGE SKY COVER 0.4


WEATHER CONDITIONS
 THE FOLLOWING WEATHER WAS RECORDED YESTERDAY.
  LIGHT RAIN
  FOG
  FOG W/VISIBILITY <= 1/4 MILE


RELATIVE HUMIDITY (PERCENT)
 HIGHEST   100          1200 AM
 LOWEST     54           100 PM
 AVERAGE    77

..........................................................


THE BINGHAMTON NY CLIMATE NORMALS FOR TODAY
                         NORMAL    RECORD    YEAR
 MAXIMUM TEMPERATURE (F)   78        95      1955
 MINIMUM TEMPERATURE (F)   60        49      1970


SUNRISE AND SUNSET
JULY 22 2017..........SUNRISE   547 AM EDT   SUNSET   833 PM EDT
JULY 23 2017..........SUNRISE   548 AM EDT   SUNSET   832 PM EDT


-  INDICATES NEGATIVE NUMBERS.
R  INDICATES RECORD WAS SET OR TIED.
MM INDICATES DATA IS MISSING.
T  INDICATES TRACE AMOUNT.




$$
