000
CDUS41 KBGM 240610
CLIBGM


CLIMATE REPORT
NATIONAL WEATHER SERVICE BINGHAMTON NY
108 AM EST MON NOV 24 2014


...................................

...THE BINGHAMTON NY CLIMATE SUMMARY FOR NOVEMBER 23 2014...

CLIMATE NORMAL PERIOD 1981 TO 2010
CLIMATE RECORD PERIOD 1951 TO 2014


WEATHER ITEM   OBSERVED TIME   RECORD YEAR NORMAL DEPARTURE LAST
                VALUE   (LST)  VALUE       VALUE  FROM      YEAR
                                                  NORMAL
..................................................................
TEMPERATURE (F)
 YESTERDAY
  MAXIMUM         48   1159 PM  65    1979  42      6       36
  MINIMUM         37    120 AM  12    2008  29      8       16
                                      1989
  AVERAGE         43                        36      7       26

PRECIPITATION (IN)
  YESTERDAY        0.02          0.94 1953   0.11  -0.09     0.02
  MONTH TO DATE    1.28                      2.53  -1.25     1.82
  SINCE SEP 1      6.48                      9.49  -3.01     7.54
  SINCE JAN 1     35.51                     35.70  -0.19    37.83

SNOWFALL (IN)
  YESTERDAY        0.0           3.8  1994   0.3   -0.3      0.6
  MONTH TO DATE    3.2                       3.6   -0.4      2.6
  SINCE SEP 1      3.2                       4.6   -1.4      2.6
  SINCE JUL 1      3.2                       4.6   -1.4      2.6
  SNOW DEPTH       0

DEGREE DAYS
 HEATING
  YESTERDAY       22                        30     -8       39
  MONTH TO DATE  665                       586     79      608
  SINCE SEP 1   1249                      1295    -46     1241
  SINCE JUL 1   1315                      1358    -43     1292

 COOLING
  YESTERDAY        0                         0      0        0
  MONTH TO DATE    0                         0      0        0
  SINCE SEP 1     39                        33      6       53
  SINCE JAN 1    341                       381    -40      480
..................................................................


WIND (MPH)
  HIGHEST WIND SPEED    17   HIGHEST WIND DIRECTION    SE (150)
  HIGHEST GUST SPEED    23   HIGHEST GUST DIRECTION     S (160)
  AVERAGE WIND SPEED     9.4


SKY COVER
  AVERAGE SKY COVER 0.6


WEATHER CONDITIONS
 THE FOLLOWING WEATHER WAS RECORDED YESTERDAY.
  LIGHT RAIN


RELATIVE HUMIDITY (PERCENT)
 HIGHEST    76           300 AM
 LOWEST     49           800 PM
 AVERAGE    63

..........................................................


THE BINGHAMTON NY CLIMATE NORMALS FOR TODAY
                         NORMAL    RECORD    YEAR
 MAXIMUM TEMPERATURE (F)   41        63      1979
 MINIMUM TEMPERATURE (F)   29         9      1956


SUNRISE AND SUNSET
NOVEMBER 24 2014......SUNRISE   705 AM EST   SUNSET   436 PM EST
NOVEMBER 25 2014......SUNRISE   706 AM EST   SUNSET   435 PM EST


-  INDICATES NEGATIVE NUMBERS.
R  INDICATES RECORD WAS SET OR TIED.
MM INDICATES DATA IS MISSING.
T  INDICATES TRACE AMOUNT.




$$
