195
CDUS41 KBGM 290544
CLIBGM


CLIMATE REPORT
NATIONAL WEATHER SERVICE BINGHAMTON NY
143 AM EDT WED MAR 29 2017


...................................

...THE BINGHAMTON NY CLIMATE SUMMARY FOR MARCH 28 2017...

CLIMATE NORMAL PERIOD 1981 TO 2010
CLIMATE RECORD PERIOD 1951 TO 2017


WEATHER ITEM   OBSERVED TIME   RECORD YEAR NORMAL DEPARTURE LAST
                VALUE   (LST)  VALUE       VALUE  FROM      YEAR
                                                  NORMAL
..................................................................
TEMPERATURE (F)
 YESTERDAY
  MAXIMUM         49    345 PM  78    1998  46      3       54
  MINIMUM         36   1159 PM  11    1975  29      7       33
  AVERAGE         43                        37      6       44

PRECIPITATION (IN)
  YESTERDAY        0.12          1.83 2005   0.10   0.02     0.34
  MONTH TO DATE    4.68                      2.66   2.02     1.40
  SINCE MAR 1      4.68                      2.66   2.02     1.40
  SINCE JAN 1     10.95                      7.42   3.53     6.71

SNOWFALL (IN)
  YESTERDAY        0.0           4.0  1984   0.4   -0.4       T
  MONTH TO DATE   39.6                      14.2   25.4      1.0
  SINCE MAR 1     39.6                      14.2   25.4      1.0
  SINCE JUL 1    133.1                      78.1   55.0     22.7
  SNOW DEPTH       T

DEGREE DAYS
 HEATING
  YESTERDAY       22                        28     -6       21
  MONTH TO DATE 1024                       917    107      708
  SINCE MAR 1   1024                       917    107      708
  SINCE JUL 1   5637                      6116   -479     5066

 COOLING
  YESTERDAY        0                         0      0        0
  MONTH TO DATE    0                         0      0        0
  SINCE MAR 1      0                         0      0        0
  SINCE JAN 1      0                         0      0        0
..................................................................


WIND (MPH)
  HIGHEST WIND SPEED    21   HIGHEST WIND DIRECTION     N (340)
  HIGHEST GUST SPEED    27   HIGHEST GUST DIRECTION     N (340)
  AVERAGE WIND SPEED     6.1


SKY COVER
  AVERAGE SKY COVER 1.0


WEATHER CONDITIONS
 THE FOLLOWING WEATHER WAS RECORDED YESTERDAY.
  LIGHT RAIN
  FOG
  FOG W/VISIBILITY <= 1/4 MILE


RELATIVE HUMIDITY (PERCENT)
 HIGHEST   100           200 AM
 LOWEST     92           300 AM
 AVERAGE    96

..........................................................


THE BINGHAMTON NY CLIMATE NORMALS FOR TODAY
                         NORMAL    RECORD    YEAR
 MAXIMUM TEMPERATURE (F)   46        75      1986
                                             1985
 MINIMUM TEMPERATURE (F)   29         9      1959


SUNRISE AND SUNSET
MARCH 29 2017.........SUNRISE   651 AM EDT   SUNSET   727 PM EDT
MARCH 30 2017.........SUNRISE   650 AM EDT   SUNSET   728 PM EDT


-  INDICATES NEGATIVE NUMBERS.
R  INDICATES RECORD WAS SET OR TIED.
MM INDICATES DATA IS MISSING.
T  INDICATES TRACE AMOUNT.




$$
