000
CDUS41 KBGM 232236
CLIBGM


CLIMATE REPORT
NATIONAL WEATHER SERVICE BINGHAMTON NY
536 PM EST FRI JAN 23 2015


...................................

...THE BINGHAMTON NY CLIMATE SUMMARY FOR JANUARY 23 2015...
VALID TODAY AS OF 0500 PM LOCAL TIME.

CLIMATE NORMAL PERIOD 1981 TO 2010
CLIMATE RECORD PERIOD 1951 TO 2015


WEATHER ITEM   OBSERVED TIME   RECORD YEAR NORMAL DEPARTURE LAST
                VALUE   (LST)  VALUE       VALUE  FROM      YEAR
                                                  NORMAL
..................................................................
TEMPERATURE (F)
 TODAY
  MAXIMUM         29    436 PM  56    1967  29      0       11
  MINIMUM         11    559 AM -13    1976  15     -4       -4
  AVERAGE         20                        22     -2        4

PRECIPITATION (IN)
  TODAY            0.00          1.20 1965   0.08  -0.08     0.01
  MONTH TO DATE    1.56                      1.83  -0.27     2.86
  SINCE DEC 1      4.86                      4.66   0.20     6.30
  SINCE JAN 1      1.56                      1.83  -0.27     2.86

SNOWFALL (IN)
  TODAY            0.0           8.6  1965   0.7   -0.7      0.1
  MONTH TO DATE   11.1                      16.7   -5.6     20.8
  SINCE DEC 1     24.2                      34.5  -10.3     45.8
  SINCE JUL 1     37.9                      41.3   -3.4     54.0
  SNOW DEPTH       3

DEGREE DAYS
 HEATING
  TODAY           45                        43      2       61
  MONTH TO DATE 1071                       983     88     1048
  SINCE DEC 1   2140                      2153    -13     2196
  SINCE JUL 1   3675                      3728    -53     3787

 COOLING
  TODAY            0                         0      0        0
  MONTH TO DATE    0                         0      0        0
  SINCE DEC 1      0                         0      0        0
  SINCE JAN 1      0                         0      0        0
..................................................................


WIND (MPH)
  HIGHEST WIND SPEED    13   HIGHEST WIND DIRECTION    SW (220)
  HIGHEST GUST SPEED    16   HIGHEST GUST DIRECTION     S (200)
  AVERAGE WIND SPEED     6.4


SKY COVER
  AVERAGE SKY COVER 0.6


WEATHER CONDITIONS
 THE FOLLOWING WEATHER WAS RECORDED TODAY.
  FOG


RELATIVE HUMIDITY (PERCENT)
 HIGHEST    92           500 AM
 LOWEST     69           300 PM
 AVERAGE    81

..........................................................


THE BINGHAMTON NY CLIMATE NORMALS FOR TOMORROW
                         NORMAL    RECORD    YEAR
 MAXIMUM TEMPERATURE (F)   29        56      1967
 MINIMUM TEMPERATURE (F)   15       -10      1963


SUNRISE AND SUNSET
JANUARY 23 2015.......SUNRISE   725 AM EST   SUNSET   507 PM EST
JANUARY 24 2015.......SUNRISE   725 AM EST   SUNSET   508 PM EST


-  INDICATES NEGATIVE NUMBERS.
R  INDICATES RECORD WAS SET OR TIED.
MM INDICATES DATA IS MISSING.
T  INDICATES TRACE AMOUNT.




$$
