000
CDUS41 KBGM 230247
CLIBGM


CLIMATE REPORT
NATIONAL WEATHER SERVICE BINGHAMTON NY
1047 PM EDT WED MAR 22 2017


...................................

...THE BINGHAMTON NY CLIMATE SUMMARY FOR MARCH 22 2017...
VALID AS OF 1000 PM LOCAL TIME.

CLIMATE NORMAL PERIOD 1981 TO 2010
CLIMATE RECORD PERIOD 1951 TO 2017


WEATHER ITEM   OBSERVED TIME   RECORD YEAR NORMAL DEPARTURE LAST
                VALUE   (LST)  VALUE       VALUE  FROM      YEAR
                                                  NORMAL
..................................................................
TEMPERATURE (F)
 TODAY
  MAXIMUM         31   1225 AM  76    2012  43    -12       48
  MINIMUM         13    859 PM   7    1988  27    -14       21
  AVERAGE         22                        35    -13       35

PRECIPITATION (IN)
  TODAY            0.01          1.41 1977   0.11  -0.10      T
  MONTH TO DATE    2.85                      2.04   0.81     0.97
  SINCE MAR 1      2.85                      2.04   0.81     0.97
  SINCE JAN 1      9.12                      6.80   2.32     6.28

SNOWFALL (IN)
  TODAY            0.5           7.7  1999   0.4    0.1       T
  MONTH TO DATE   39.6                      12.0   27.6      1.0
  SINCE MAR 1     39.6                      12.0   27.6      1.0
  SINCE JUL 1    133.1                      75.9   57.2     22.7
  SNOW DEPTH       9

DEGREE DAYS
 HEATING
  TODAY           43                        30     13       30
  MONTH TO DATE  854                       744    110      587
  SINCE MAR 1    854                       744    110      587
  SINCE JUL 1   5467                      5943   -476     4945

 COOLING
  TODAY            0                         0      0        0
  MONTH TO DATE    0                         0      0        0
  SINCE MAR 1      0                         0      0        0
  SINCE JAN 1      0                         0      0        0
..................................................................


WIND (MPH)
  HIGHEST WIND SPEED    28   HIGHEST WIND DIRECTION     N (350)
  HIGHEST GUST SPEED    38   HIGHEST GUST DIRECTION    NW (330)
  AVERAGE WIND SPEED    15.7


SKY COVER
  AVERAGE SKY COVER 0.5


WEATHER CONDITIONS
 THE FOLLOWING WEATHER WAS RECORDED TODAY.
  SNOW
  LIGHT SNOW
  FOG
  BLOWING SNOW


RELATIVE HUMIDITY (PERCENT)
 HIGHEST    81           300 AM
 LOWEST     47           200 PM
 AVERAGE    64

..........................................................


THE BINGHAMTON NY CLIMATE NORMALS FOR TOMORROW
                         NORMAL    RECORD    YEAR
 MAXIMUM TEMPERATURE (F)   44        71      2012
 MINIMUM TEMPERATURE (F)   27         9      1959


SUNRISE AND SUNSET
MARCH 22 2017.........SUNRISE   703 AM EDT   SUNSET   719 PM EDT
MARCH 23 2017.........SUNRISE   702 AM EDT   SUNSET   720 PM EDT


-  INDICATES NEGATIVE NUMBERS.
R  INDICATES RECORD WAS SET OR TIED.
MM INDICATES DATA IS MISSING.
T  INDICATES TRACE AMOUNT.




$$
