000
CDUS41 KBGM 170621
CLIBGM


CLIMATE REPORT
NATIONAL WEATHER SERVICE BINGHAMTON NY
120 AM EST WED DEC 17 2014


...................................

...THE BINGHAMTON NY CLIMATE SUMMARY FOR DECEMBER 16 2014...

CLIMATE NORMAL PERIOD 1981 TO 2010
CLIMATE RECORD PERIOD 1951 TO 2014


WEATHER ITEM   OBSERVED TIME   RECORD YEAR NORMAL DEPARTURE LAST
                VALUE   (LST)  VALUE       VALUE  FROM      YEAR
                                                  NORMAL
..................................................................
TEMPERATURE (F)
 YESTERDAY
  MAXIMUM         38   1144 PM  54    1971  33      5       22
  MINIMUM         31    150 AM  -1    1961  21     10       10
                                      1951
  AVERAGE         35                        27      8       16

PRECIPITATION (IN)
  YESTERDAY        0.06          0.63 2005   0.09  -0.03      T
  MONTH TO DATE    2.08                      1.58   0.50     1.15
  SINCE DEC 1      2.08                      1.58   0.50     1.15
  SINCE JAN 1     38.41                     38.05   0.36    40.66

SNOWFALL (IN)
  YESTERDAY        0.0           6.2  1970   0.6   -0.6      0.1
  MONTH TO DATE   11.0                       8.4    2.6     13.7
  SINCE DEC 1     11.0                       8.4    2.6     13.7
  SINCE JUL 1     24.7                      15.2    9.5     21.9
  SNOW DEPTH       2

DEGREE DAYS
 HEATING
  YESTERDAY       30                        38     -8       49
  MONTH TO DATE  575                       567      8      613
  SINCE DEC 1    575                       567      8      613
  SINCE JUL 1   2110                      2142    -32     2204

 COOLING
  YESTERDAY        0                         0      0        0
  MONTH TO DATE    0                         0      0        0
  SINCE DEC 1      0                         0      0        0
  SINCE JAN 1    341                       381    -40      480
..................................................................


WIND (MPH)
  HIGHEST WIND SPEED    17   HIGHEST WIND DIRECTION    SE (150)
  HIGHEST GUST SPEED    21   HIGHEST GUST DIRECTION    SE (150)
  AVERAGE WIND SPEED     9.2


SKY COVER
  AVERAGE SKY COVER 1.0


WEATHER CONDITIONS
 THE FOLLOWING WEATHER WAS RECORDED YESTERDAY.
  LIGHT RAIN
  FOG
  FOG W/VISIBILITY <= 1/4 MILE


RELATIVE HUMIDITY (PERCENT)
 HIGHEST   100          1200 AM
 LOWEST     92           200 AM
 AVERAGE    96

..........................................................


THE BINGHAMTON NY CLIMATE NORMALS FOR TODAY
                         NORMAL    RECORD    YEAR
 MAXIMUM TEMPERATURE (F)   33        60      1984
 MINIMUM TEMPERATURE (F)   21        -5      1951


SUNRISE AND SUNSET
DECEMBER 17 2014......SUNRISE   727 AM EST   SUNSET   433 PM EST
DECEMBER 18 2014......SUNRISE   728 AM EST   SUNSET   434 PM EST


-  INDICATES NEGATIVE NUMBERS.
R  INDICATES RECORD WAS SET OR TIED.
MM INDICATES DATA IS MISSING.
T  INDICATES TRACE AMOUNT.




$$

HEDEN
