000
CDUS41 KBGM 100541
CLIBGM


CLIMATE REPORT
NATIONAL WEATHER SERVICE BINGHAMTON NY
140 AM EDT THU APR 10 2014


...................................

...THE BINGHAMTON NY CLIMATE SUMMARY FOR APRIL 9 2014...

CLIMATE NORMAL PERIOD 1981 TO 2010
CLIMATE RECORD PERIOD 1951 TO 2014


WEATHER ITEM   OBSERVED TIME   RECORD YEAR NORMAL DEPARTURE LAST
                VALUE   (LST)  VALUE       VALUE  FROM      YEAR
                                                  NORMAL
..................................................................
TEMPERATURE (F)
 YESTERDAY
  MAXIMUM         46    219 PM  75    1991  51     -5       66
  MINIMUM         32   1054 PM  15    1997  34     -2       48
  AVERAGE         39                        42     -3       57

PRECIPITATION (IN)
  YESTERDAY        0.00          2.86 1980   0.13  -0.13     0.18
  MONTH TO DATE    0.59                      1.06  -0.47     0.37
  SINCE MAR 1      3.27                      4.05  -0.78     2.27
  SINCE JAN 1      8.96                      8.81   0.15     6.82

SNOWFALL (IN)
  YESTERDAY        0.0          11.5  1960   0.2   -0.2      0.0
  MONTH TO DATE    T                         1.9   -1.9      0.9
  SINCE MAR 1      1.9                      17.0  -15.1     15.3
  SINCE JUL 1     84.4                      80.9    3.5     69.1
  SNOW DEPTH       0

DEGREE DAYS
 HEATING
  YESTERDAY       26                        23      3        8
  MONTH TO DATE  220                       219      1      234
  SINCE MAR 1   1420                      1216    204     1305
  SINCE JUL 1   6891                      6415    476     6189

 COOLING
  YESTERDAY        0                         0      0        0
  MONTH TO DATE    0                         0      0        0
  SINCE MAR 1      0                         0      0        0
  SINCE JAN 1      0                         0      0        0
..................................................................


WIND (MPH)
  HIGHEST WIND SPEED    20   HIGHEST WIND DIRECTION     N (340)
  HIGHEST GUST SPEED    29   HIGHEST GUST DIRECTION    NW (310)
  AVERAGE WIND SPEED     8.3


SKY COVER
  AVERAGE SKY COVER 0.4


WEATHER CONDITIONS
 THE FOLLOWING WEATHER WAS RECORDED YESTERDAY.
  FOG
  FOG W/VISIBILITY <= 1/4 MILE


RELATIVE HUMIDITY (PERCENT)
 HIGHEST   100           400 AM
 LOWEST     36           600 PM
 AVERAGE    68

..........................................................


THE BINGHAMTON NY CLIMATE NORMALS FOR TODAY
                         NORMAL    RECORD    YEAR
 MAXIMUM TEMPERATURE (F)   52        72      1955
 MINIMUM TEMPERATURE (F)   34        17      1985


SUNRISE AND SUNSET
APRIL 10 2014.........SUNRISE   631 AM EDT   SUNSET   740 PM EDT
APRIL 11 2014.........SUNRISE   630 AM EDT   SUNSET   741 PM EDT


-  INDICATES NEGATIVE NUMBERS.
R  INDICATES RECORD WAS SET OR TIED.
MM INDICATES DATA IS MISSING.
T  INDICATES TRACE AMOUNT.




$$
