000
CDUS41 KBGM 152119
CLIBGM


CLIMATE REPORT
NATIONAL WEATHER SERVICE BINGHAMTON NY
519 PM EDT MON MAY 15 2017


...................................

...THE BINGHAMTON NY CLIMATE SUMMARY FOR MAY 15 2017...
VALID TODAY AS OF 0500 PM LOCAL TIME.

CLIMATE NORMAL PERIOD 1981 TO 2010
CLIMATE RECORD PERIOD 1951 TO 2017


WEATHER ITEM   OBSERVED TIME   RECORD YEAR NORMAL DEPARTURE LAST
                VALUE   (LST)  VALUE       VALUE  FROM      YEAR
                                                  NORMAL
..................................................................
TEMPERATURE (F)
 TODAY
  MAXIMUM         59    243 PM  85    2007  65     -6       47
                                      1962
  MINIMUM         43    630 AM  32    2016  46     -3       32
  AVERAGE         51                        56     -5       40

PRECIPITATION (IN)
  TODAY            0.01          0.93 1967   0.11  -0.10      T
  MONTH TO DATE    3.66                      1.63   2.03     2.47
  SINCE MAR 1     14.87                      8.05   6.82     6.70
  SINCE JAN 1     21.14                     12.81   8.33    12.01

SNOWFALL (IN)
  TODAY            0.0           T    2016   0.0    0.0       T
                                      1984
  MONTH TO DATE    0.0                       0.1   -0.1       T
  SINCE MAR 1     41.7                      19.5   22.2     10.3
  SINCE JUL 1    135.2                      83.4   51.8     32.0
  SNOW DEPTH       0

DEGREE DAYS
 HEATING
  TODAY           14                        10      4       25
  MONTH TO DATE  256                       181     75      229
  SINCE MAR 1   1803                      1781     22     1679
  SINCE JUL 1   6416                      6980   -564     6037

 COOLING
  TODAY            0                         1     -1        0
  MONTH TO DATE    0                         3     -3        0
  SINCE MAR 1      4                         7     -3        0
  SINCE JAN 1      4                         7     -3        0
..................................................................


WIND (MPH)
  HIGHEST WIND SPEED    22   HIGHEST WIND DIRECTION     N (340)
  HIGHEST GUST SPEED    31   HIGHEST GUST DIRECTION    NW (300)
  AVERAGE WIND SPEED    15.7


SKY COVER
  AVERAGE SKY COVER 1.0


WEATHER CONDITIONS
 THE FOLLOWING WEATHER WAS RECORDED TODAY.
  LIGHT RAIN


RELATIVE HUMIDITY (PERCENT)
 HIGHEST    92          1200 AM
 LOWEST     55           300 PM
 AVERAGE    74

..........................................................


THE BINGHAMTON NY CLIMATE NORMALS FOR TOMORROW
                         NORMAL    RECORD    YEAR
 MAXIMUM TEMPERATURE (F)   66        86      1962
 MINIMUM TEMPERATURE (F)   46        30      2016
                                             1956


SUNRISE AND SUNSET
MAY 15 2017...........SUNRISE   543 AM EDT   SUNSET   819 PM EDT
MAY 16 2017...........SUNRISE   542 AM EDT   SUNSET   820 PM EDT


-  INDICATES NEGATIVE NUMBERS.
R  INDICATES RECORD WAS SET OR TIED.
MM INDICATES DATA IS MISSING.
T  INDICATES TRACE AMOUNT.




$$
