000
CDUS41 KBGM 160530
CLIBGM


CLIMATE REPORT
NATIONAL WEATHER SERVICE BINGHAMTON NY
129 AM EDT THU MAR 16 2017


...................................

...THE BINGHAMTON NY CLIMATE SUMMARY FOR MARCH 15 2017...

CLIMATE NORMAL PERIOD 1981 TO 2010
CLIMATE RECORD PERIOD 1951 TO 2017


WEATHER ITEM   OBSERVED TIME   RECORD YEAR NORMAL DEPARTURE LAST
                VALUE   (LST)  VALUE       VALUE  FROM      YEAR
                                                  NORMAL
..................................................................
TEMPERATURE (F)
 YESTERDAY
  MAXIMUM         18   1108 PM  76    1990  41    -23       50
  MINIMUM         11    758 AM   0    1993  24    -13       39
  AVERAGE         15                        32    -17       45

PRECIPITATION (IN)
  YESTERDAY        0.52          0.69 1986   0.09   0.43     0.00
  MONTH TO DATE    2.74                      1.33   1.41     0.91
  SINCE MAR 1      2.74                      1.33   1.41     0.91
  SINCE JAN 1      9.01                      6.09   2.92     6.22

SNOWFALL (IN)
  YESTERDAY        4.1           6.4  1967   0.5    3.6      0.0
  MONTH TO DATE   38.2                       8.8   29.4      0.6
  SINCE MAR 1     38.2                       8.8   29.4      0.6
  SINCE JUL 1    131.7                      72.7   59.0     22.3
  SNOW DEPTH      26

DEGREE DAYS
 HEATING
  YESTERDAY       50                        33     17       20
  MONTH TO DATE  596                       525     71      386
  SINCE MAR 1    596                       525     71      386
  SINCE JUL 1   5209                      5724   -515     4744

 COOLING
  YESTERDAY        0                         0      0        0
  MONTH TO DATE    0                         0      0        0
  SINCE MAR 1      0                         0      0        0
  SINCE JAN 1      0                         0      0        0
..................................................................


WIND (MPH)
  HIGHEST WIND SPEED    26   HIGHEST WIND DIRECTION    NW (300)
  HIGHEST GUST SPEED    40   HIGHEST GUST DIRECTION    NW (300)
  AVERAGE WIND SPEED    16.5


SKY COVER
  AVERAGE SKY COVER 1.0


WEATHER CONDITIONS
 THE FOLLOWING WEATHER WAS RECORDED YESTERDAY.
  LIGHT SNOW
  FOG
  FOG W/VISIBILITY <= 1/4 MILE
  HAZE


RELATIVE HUMIDITY (PERCENT)
 HIGHEST    92           700 AM
 LOWEST     73           100 PM
 AVERAGE    83

..........................................................


THE BINGHAMTON NY CLIMATE NORMALS FOR TODAY
                         NORMAL    RECORD    YEAR
 MAXIMUM TEMPERATURE (F)   41        74      1990
 MINIMUM TEMPERATURE (F)   24         7      1992


SUNRISE AND SUNSET
MARCH 16 2017.........SUNRISE   714 AM EDT   SUNSET   712 PM EDT
MARCH 17 2017.........SUNRISE   712 AM EDT   SUNSET   713 PM EDT


-  INDICATES NEGATIVE NUMBERS.
R  INDICATES RECORD WAS SET OR TIED.
MM INDICATES DATA IS MISSING.
T  INDICATES TRACE AMOUNT.




$$
