000
CDUS41 KBGM 210218
CLIBGM


CLIMATE REPORT
NATIONAL WEATHER SERVICE BINGHAMTON NY
1017 PM EDT TUE SEP 20 2016


...................................

...THE BINGHAMTON NY CLIMATE SUMMARY FOR SEPTEMBER 20 2016...
VALID AS OF 1000 PM LOCAL TIME.

CLIMATE NORMAL PERIOD 1981 TO 2010
CLIMATE RECORD PERIOD 1951 TO 2016


WEATHER ITEM   OBSERVED TIME   RECORD YEAR NORMAL DEPARTURE LAST
                VALUE   (LST)  VALUE       VALUE  FROM      YEAR
                                                  NORMAL
..................................................................
TEMPERATURE (F)
 TODAY
  MAXIMUM         80    322 PM  89    1983  67     13       66
  MINIMUM         54    639 AM  29    1993  49      5       47
  AVERAGE         67                        58      9       57

PRECIPITATION (IN)
  TODAY            0.00          0.90 1977   0.13  -0.13     0.01
  MONTH TO DATE    0.69                      2.38  -1.69     0.50
  SINCE SEP 1      0.69                      2.38  -1.69     0.50
  SINCE JAN 1     24.24                     28.59  -4.35    32.02

SNOWFALL (IN)
  TODAY            0.0           T    1962   0.0    0.0      0.0
  MONTH TO DATE    0.0                       0.0    0.0      0.0
  SINCE SEP 1      0.0                       0.0    0.0      0.0
  SINCE JUL 1      0.0                       0.0    0.0       T
  SNOW DEPTH       0

DEGREE DAYS
 HEATING
  TODAY            0                         8     -8        8
  MONTH TO DATE   37                        98    -61       31
  SINCE SEP 1     37                        98    -61       31
  SINCE JUL 1     46                       161   -115       80

 COOLING
  TODAY            2                         1      1        0
  MONTH TO DATE   46                        27     19       99
  SINCE SEP 1     46                        27     19       99
  SINCE JAN 1    557                       375    182      441
..................................................................


WIND (MPH)
  HIGHEST WIND SPEED    10   HIGHEST WIND DIRECTION     W (260)
  HIGHEST GUST SPEED    12   HIGHEST GUST DIRECTION     W (260)
  AVERAGE WIND SPEED     2.9


SKY COVER
  AVERAGE SKY COVER 0.3


WEATHER CONDITIONS
 THE FOLLOWING WEATHER WAS RECORDED TODAY.
  FOG
  FOG W/VISIBILITY <= 1/4 MILE
  HAZE


RELATIVE HUMIDITY (PERCENT)
 HIGHEST   100          1200 AM
 LOWEST     39           300 PM
 AVERAGE    70

..........................................................


THE BINGHAMTON NY CLIMATE NORMALS FOR TOMORROW
                         NORMAL    RECORD    YEAR
 MAXIMUM TEMPERATURE (F)   66        83      1980
                                             1978
                                             1965
 MINIMUM TEMPERATURE (F)   49        31      1956


SUNRISE AND SUNSET
SEPTEMBER 20 2016.....SUNRISE   650 AM EDT   SUNSET   704 PM EDT
SEPTEMBER 21 2016.....SUNRISE   651 AM EDT   SUNSET   702 PM EDT


-  INDICATES NEGATIVE NUMBERS.
R  INDICATES RECORD WAS SET OR TIED.
MM INDICATES DATA IS MISSING.
T  INDICATES TRACE AMOUNT.

$$
