000
CDUS41 KBGM 172222
CLIBGM


CLIMATE REPORT
NATIONAL WEATHER SERVICE BINGHAMTON NY
521 PM EST WED DEC 17 2014


...................................

...THE BINGHAMTON NY CLIMATE SUMMARY FOR DECEMBER 17 2014...
VALID TODAY AS OF 0500 PM LOCAL TIME.

CLIMATE NORMAL PERIOD 1981 TO 2010
CLIMATE RECORD PERIOD 1951 TO 2014


WEATHER ITEM   OBSERVED TIME   RECORD YEAR NORMAL DEPARTURE LAST
                VALUE   (LST)  VALUE       VALUE  FROM      YEAR
                                                  NORMAL
..................................................................
TEMPERATURE (F)
 TODAY
  MAXIMUM         39    234 AM  60    1984  33      6       22
  MINIMUM         33    459 PM  -5    1951  21     12        6
  AVERAGE         36                        27      9       14

PRECIPITATION (IN)
  TODAY            0.10          0.93 2012   0.08   0.02     0.16
  MONTH TO DATE    2.18                      1.66   0.52     1.31
  SINCE DEC 1      2.18                      1.66   0.52     1.31
  SINCE JAN 1     38.51                     38.13   0.38    40.82

SNOWFALL (IN)
  TODAY            T             9.8  1973   0.6   -0.6      1.0
  MONTH TO DATE   11.0                       9.0    2.0     14.7
  SINCE DEC 1     11.0                       9.0    2.0     14.7
  SINCE JUL 1     24.7                      15.8    8.9     22.9
  SNOW DEPTH       1

DEGREE DAYS
 HEATING
  TODAY           29                        38     -9       51
  MONTH TO DATE  604                       605     -1      664
  SINCE DEC 1    604                       605     -1      664
  SINCE JUL 1   2139                      2180    -41     2255

 COOLING
  TODAY            0                         0      0        0
  MONTH TO DATE    0                         0      0        0
  SINCE DEC 1      0                         0      0        0
  SINCE JAN 1    341                       381    -40      480
..................................................................


WIND (MPH)
  HIGHEST WIND SPEED    20   HIGHEST WIND DIRECTION     W (270)
  HIGHEST GUST SPEED    30   HIGHEST GUST DIRECTION    NW (300)
  AVERAGE WIND SPEED    10.5


SKY COVER
  AVERAGE SKY COVER 0.8


WEATHER CONDITIONS
 THE FOLLOWING WEATHER WAS RECORDED TODAY.
  LIGHT RAIN
  LIGHT SNOW
  FOG
  FOG W/VISIBILITY <= 1/4 MILE


RELATIVE HUMIDITY (PERCENT)
 HIGHEST   100           400 AM
 LOWEST     92          1100 AM
 AVERAGE    96

..........................................................


THE BINGHAMTON NY CLIMATE NORMALS FOR TOMORROW
                         NORMAL    RECORD    YEAR
 MAXIMUM TEMPERATURE (F)   32        50      2006
 MINIMUM TEMPERATURE (F)   20        -1      1989


SUNRISE AND SUNSET
DECEMBER 17 2014......SUNRISE   727 AM EST   SUNSET   433 PM EST
DECEMBER 18 2014......SUNRISE   728 AM EST   SUNSET   434 PM EST


-  INDICATES NEGATIVE NUMBERS.
R  INDICATES RECORD WAS SET OR TIED.
MM INDICATES DATA IS MISSING.
T  INDICATES TRACE AMOUNT.




$$
