886
CDUS41 KBGM 150220
CLIBGM


CLIMATE REPORT
NATIONAL WEATHER SERVICE BINGHAMTON NY
1019 PM EDT THU MAY 14 2015


...................................

...THE BINGHAMTON NY CLIMATE SUMMARY FOR MAY 14 2015...
VALID AS OF 1000 PM LOCAL TIME.

CLIMATE NORMAL PERIOD 1981 TO 2010
CLIMATE RECORD PERIOD 1951 TO 2015


WEATHER ITEM   OBSERVED TIME   RECORD YEAR NORMAL DEPARTURE LAST
                VALUE   (LST)  VALUE       VALUE  FROM      YEAR
                                                  NORMAL
..................................................................
TEMPERATURE (F)
 TODAY
  MAXIMUM         64    418 PM  81    1956  65     -1       78
  MINIMUM         36    528 AM  30    2013  46    -10       48
                                      1996
  AVERAGE         50                        55     -5       63

PRECIPITATION (IN)
  TODAY            0.00          0.86 2014   0.11  -0.11     0.86
  MONTH TO DATE    0.25                      1.52  -1.27     2.04
  SINCE MAR 1      6.45                      7.94  -1.49     7.49
  SINCE JAN 1     10.39                     12.70  -2.31    13.18

SNOWFALL (IN)
  TODAY            0.0           T    2002   0.0    0.0      0.0
  MONTH TO DATE    0.0                       0.1   -0.1      0.0
  SINCE MAR 1     17.6                      19.5   -1.9      2.9
  SINCE JUL 1     93.4                      83.4   10.0     85.4
  SNOW DEPTH       0

DEGREE DAYS
 HEATING
  TODAY           15                        10      5        2
  MONTH TO DATE   67                       171   -104      111
  SINCE MAR 1   1840                      1771     69     1913
  SINCE JUL 1   7372                      6970    402     7384

 COOLING
  TODAY            0                         1     -1        0
  MONTH TO DATE   31                         2     29        8
  SINCE MAR 1     31                         6     25       10
  SINCE JAN 1     31                         6     25       10
..................................................................


WIND (MPH)
  HIGHEST WIND SPEED    14   HIGHEST WIND DIRECTION     N (10)
  HIGHEST GUST SPEED    19   HIGHEST GUST DIRECTION     N (360)
  AVERAGE WIND SPEED     5.6


SKY COVER
  AVERAGE SKY COVER 0.0


WEATHER CONDITIONS
 THE FOLLOWING WEATHER WAS RECORDED TODAY.
  NO SIGNIFICANT WEATHER WAS OBSERVED.


RELATIVE HUMIDITY (PERCENT)
 HIGHEST    92           500 AM
 LOWEST     27           400 PM
 AVERAGE    60

..........................................................


THE BINGHAMTON NY CLIMATE NORMALS FOR TOMORROW
                         NORMAL    RECORD    YEAR
 MAXIMUM TEMPERATURE (F)   65        85      2007
                                             1962
 MINIMUM TEMPERATURE (F)   46        36      1971
                                             1969
                                             1959


SUNRISE AND SUNSET
MAY 14 2015...........SUNRISE   544 AM EDT   SUNSET   817 PM EDT
MAY 15 2015...........SUNRISE   543 AM EDT   SUNSET   818 PM EDT


-  INDICATES NEGATIVE NUMBERS.
R  INDICATES RECORD WAS SET OR TIED.
MM INDICATES DATA IS MISSING.
T  INDICATES TRACE AMOUNT.




$$
