000
CDUS41 KBGM 220608
CLIBGM


CLIMATE REPORT
NATIONAL WEATHER SERVICE BINGHAMTON NY
208 AM EDT SUN MAY 22 2016


...................................

...THE BINGHAMTON NY CLIMATE SUMMARY FOR MAY 21 2016...

CLIMATE NORMAL PERIOD 1981 TO 2010
CLIMATE RECORD PERIOD 1951 TO 2016


WEATHER ITEM   OBSERVED TIME   RECORD YEAR NORMAL DEPARTURE LAST
                VALUE   (LST)  VALUE       VALUE  FROM      YEAR
                                                  NORMAL
..................................................................
TEMPERATURE (F)
 YESTERDAY
  MAXIMUM         63   1204 PM  86    1977  67     -4       56
  MINIMUM         50    915 PM  28    2002  48      2       41
  AVERAGE         57                        57      0       49

PRECIPITATION (IN)
  YESTERDAY        0.05          0.71 1986   0.12  -0.07     0.00
  MONTH TO DATE    2.52                      2.34   0.18     2.93
  SINCE MAR 1      6.75                      8.76  -2.01     9.13
  SINCE JAN 1     12.06                     13.52  -1.46    13.07

SNOWFALL (IN)
  YESTERDAY        0.0           T    2002   0.0    0.0      0.0
  MONTH TO DATE    T                         0.1   -0.1      0.0
  SINCE MAR 1     10.3                      19.5   -9.2     17.6
  SINCE JUL 1     32.0                      83.4  -51.4     93.4
  SNOW DEPTH       0

DEGREE DAYS
 HEATING
  YESTERDAY        8                         8      0       16
  MONTH TO DATE  310                       235     75      112
  SINCE MAR 1   1760                      1835    -75     1885
  SINCE JUL 1   6118                      7034   -916     7417

 COOLING
  YESTERDAY        0                         1     -1        0
  MONTH TO DATE    0                         9     -9       42
  SINCE MAR 1      0                        13    -13       42
  SINCE JAN 1      0                        13    -13       42
..................................................................


WIND (MPH)
  HIGHEST WIND SPEED    14   HIGHEST WIND DIRECTION     S (190)
  HIGHEST GUST SPEED    17   HIGHEST GUST DIRECTION     S (190)
  AVERAGE WIND SPEED     4.2


SKY COVER
  AVERAGE SKY COVER 0.7


WEATHER CONDITIONS
 THE FOLLOWING WEATHER WAS RECORDED YESTERDAY.
  LIGHT RAIN


RELATIVE HUMIDITY (PERCENT)
 HIGHEST    89           700 PM
 LOWEST     51           100 PM
 AVERAGE    70

..........................................................


THE BINGHAMTON NY CLIMATE NORMALS FOR TODAY
                         NORMAL    RECORD    YEAR
 MAXIMUM TEMPERATURE (F)   67        86      1975
 MINIMUM TEMPERATURE (F)   48        33      2002


SUNRISE AND SUNSET
MAY 22 2016...........SUNRISE   536 AM EDT   SUNSET   826 PM EDT
MAY 23 2016...........SUNRISE   535 AM EDT   SUNSET   827 PM EDT


-  INDICATES NEGATIVE NUMBERS.
R  INDICATES RECORD WAS SET OR TIED.
MM INDICATES DATA IS MISSING.
T  INDICATES TRACE AMOUNT.




$$
