000
CDUS41 KBGM 260533
CLIBGM


CLIMATE REPORT
NATIONAL WEATHER SERVICE BINGHAMTON NY
133 AM EDT TUE AUG 26 2014


...................................

...THE BINGHAMTON NY CLIMATE SUMMARY FOR AUGUST 25 2014...

CLIMATE NORMAL PERIOD 1981 TO 2010
CLIMATE RECORD PERIOD 1951 TO 2014


WEATHER ITEM   OBSERVED TIME   RECORD YEAR NORMAL DEPARTURE LAST
                VALUE   (LST)  VALUE       VALUE  FROM      YEAR
                                                  NORMAL
..................................................................
TEMPERATURE (F)
 YESTERDAY
  MAXIMUM         78    244 PM  91    2007  75      3       76
  MINIMUM         54    603 AM  41    1971  57     -3       52
  AVERAGE         66                        66      0       64

PRECIPITATION (IN)
  YESTERDAY        0.00          1.04 1961   0.11  -0.11      T
  MONTH TO DATE    5.06                      2.80   2.26     4.26
  SINCE JUN 1     13.27                     10.81   2.46    16.02
  SINCE JAN 1     28.63                     25.56   3.07    29.18

SNOWFALL (IN)
  YESTERDAY        0.0           0.0  2002   0.0    0.0      0.0
                                      2001
                                      2000
  MONTH TO DATE    0.0                       0.0    0.0      0.0
  SINCE JUN 1      T                         0.0    0.0      0.0
  SINCE JUL 1      T                         0.0    0.0      0.0
  SNOW DEPTH       0

DEGREE DAYS
 HEATING
  YESTERDAY        0                         2     -2        1
  MONTH TO DATE   31                        27      4       37
  SINCE JUN 1    101                       142    -41      138
  SINCE JUL 1     56                        51      5       51

 COOLING
  YESTERDAY        1                         3     -2        0
  MONTH TO DATE   58                        94    -36       39
  SINCE JUN 1    266                       306    -40      342
  SINCE JAN 1    291                       329    -38      385
..................................................................


WIND (MPH)
  HIGHEST WIND SPEED     9   HIGHEST WIND DIRECTION     W (250)
  HIGHEST GUST SPEED    13   HIGHEST GUST DIRECTION     S (200)
  AVERAGE WIND SPEED     2.7


SKY COVER
  AVERAGE SKY COVER 0.2


WEATHER CONDITIONS
 THE FOLLOWING WEATHER WAS RECORDED YESTERDAY.
  FOG
  FOG W/VISIBILITY <= 1/4 MILE


RELATIVE HUMIDITY (PERCENT)
 HIGHEST   100           200 AM
 LOWEST     50           500 PM
 AVERAGE    75

..........................................................


THE BINGHAMTON NY CLIMATE NORMALS FOR TODAY
                         NORMAL    RECORD    YEAR
 MAXIMUM TEMPERATURE (F)   75        88      1983
                                             1959
 MINIMUM TEMPERATURE (F)   57        46      1989
                                             1963


SUNRISE AND SUNSET
AUGUST 26 2014........SUNRISE   623 AM EDT   SUNSET   748 PM EDT
AUGUST 27 2014........SUNRISE   624 AM EDT   SUNSET   746 PM EDT


-  INDICATES NEGATIVE NUMBERS.
R  INDICATES RECORD WAS SET OR TIED.
MM INDICATES DATA IS MISSING.
T  INDICATES TRACE AMOUNT.




$$
