000
CDUS41 KBGM 240910
CLIBGM


CLIMATE REPORT
NATIONAL WEATHER SERVICE BINGHAMTON NY
409 AM EST TUE FEB 24 2015


...................................

...THE BINGHAMTON NY CLIMATE SUMMARY FOR FEBRUARY 23 2015...

CLIMATE NORMAL PERIOD 1981 TO 2010
CLIMATE RECORD PERIOD 1951 TO 2015


WEATHER ITEM   OBSERVED TIME   RECORD YEAR NORMAL DEPARTURE LAST
                VALUE   (LST)  VALUE       VALUE  FROM      YEAR
                                                  NORMAL
..................................................................
TEMPERATURE (F)
 YESTERDAY
  MAXIMUM         20   1207 AM  60    1985  34    -14       42
  MINIMUM         -7R  1123 PM  -5    1972  19    -26       26
  AVERAGE          7                        26    -19       34

PRECIPITATION (IN)
  YESTERDAY        T             0.76 1975   0.09  -0.09     0.00
  MONTH TO DATE    2.01                      1.87   0.14     2.74
  SINCE DEC 1      7.24                      7.15   0.09     9.12
  SINCE JAN 1      3.94                      4.32  -0.38     5.68

SNOWFALL (IN)
  YESTERDAY        0.1           5.9  1971   0.6   -0.5      0.0
  MONTH TO DATE   32.8                      14.0   18.8     25.4
  SINCE DEC 1     62.0                      54.0    8.0     73.6
  SINCE JUL 1     75.7                      60.8   14.9     81.8
  SNOW DEPTH      18

DEGREE DAYS
 HEATING
  YESTERDAY       58                        39     19       31
  MONTH TO DATE 1193                       938    255      998
  SINCE DEC 1   3722                      3435    287     3617
  SINCE JUL 1   5257                      5010    247     5208

 COOLING
  YESTERDAY        0                         0      0        0
  MONTH TO DATE    0                         0      0        0
  SINCE DEC 1      0                         0      0        0
  SINCE JAN 1      0                         0      0        0
..................................................................


WIND (MPH)
  HIGHEST WIND SPEED    25   HIGHEST WIND DIRECTION     N (340)
  HIGHEST GUST SPEED    31   HIGHEST GUST DIRECTION     N (340)
  AVERAGE WIND SPEED    12.0


SKY COVER
  AVERAGE SKY COVER 0.6


WEATHER CONDITIONS
 THE FOLLOWING WEATHER WAS RECORDED YESTERDAY.
  LIGHT SNOW
  FOG
  HAZE
  BLOWING SNOW


RELATIVE HUMIDITY (PERCENT)
 HIGHEST    84           200 AM
 LOWEST     51          1000 AM
 AVERAGE    68

..........................................................


THE BINGHAMTON NY CLIMATE NORMALS FOR TODAY
                         NORMAL    RECORD    YEAR
 MAXIMUM TEMPERATURE (F)   34        63      1984
 MINIMUM TEMPERATURE (F)   19         2      1989


SUNRISE AND SUNSET
FEBRUARY 24 2015......SUNRISE   647 AM EST   SUNSET   547 PM EST
FEBRUARY 25 2015......SUNRISE   646 AM EST   SUNSET   549 PM EST


-  INDICATES NEGATIVE NUMBERS.
R  INDICATES RECORD WAS SET OR TIED.
MM INDICATES DATA IS MISSING.
T  INDICATES TRACE AMOUNT.




$$

HEDEN
