000
CDUS41 KBGM 140555
CLIBGM


CLIMATE REPORT
NATIONAL WEATHER SERVICE BINGHAMTON NY
1253 AM EST SAT JAN 14 2017


...................................

...THE BINGHAMTON NY CLIMATE SUMMARY FOR JANUARY 13 2017...

CLIMATE NORMAL PERIOD 1981 TO 2010
CLIMATE RECORD PERIOD 1951 TO 2017


WEATHER ITEM   OBSERVED TIME   RECORD YEAR NORMAL DEPARTURE LAST
                VALUE   (LST)  VALUE       VALUE  FROM      YEAR
                                                  NORMAL
..................................................................
TEMPERATURE (F)
 YESTERDAY
  MAXIMUM         39   1208 AM  61    1995  28     11       19
  MINIMUM         20   1159 PM  -7    1981  16      4       12
  AVERAGE         30                        22      8       16

PRECIPITATION (IN)
  YESTERDAY        T             0.78 1964   0.08  -0.08     0.02
  MONTH TO DATE    1.65                      1.04   0.61     0.88
  SINCE DEC 1      5.24                      3.87   1.37     4.49
  SINCE JAN 1      1.65                      1.04   0.61     0.88

SNOWFALL (IN)
  YESTERDAY        T            18.4  1964   0.8   -0.8      0.7
  MONTH TO DATE    1.0                       9.3   -8.3      3.8
  SINCE DEC 1     30.8                      27.1    3.7      6.0
  SINCE JUL 1     59.4                      33.9   25.5      7.1
  SNOW DEPTH       0

DEGREE DAYS
 HEATING
  YESTERDAY       35                        43     -8       49
  MONTH TO DATE  526                       553    -27      533
  SINCE DEC 1   1702                      1723    -21     1288
  SINCE JUL 1   3051                      3298   -247     2558

 COOLING
  YESTERDAY        0                         0      0        0
  MONTH TO DATE    0                         0      0        0
  SINCE DEC 1      0                         0      0        0
  SINCE JAN 1      0                         0      0        0
..................................................................


WIND (MPH)
  HIGHEST WIND SPEED    18   HIGHEST WIND DIRECTION    NW (300)
  HIGHEST GUST SPEED    26   HIGHEST GUST DIRECTION    NW (300)
  AVERAGE WIND SPEED    11.0


SKY COVER
  AVERAGE SKY COVER 0.8


WEATHER CONDITIONS
 THE FOLLOWING WEATHER WAS RECORDED YESTERDAY.
  LIGHT SNOW
  FOG
  HAZE


RELATIVE HUMIDITY (PERCENT)
 HIGHEST    92           100 AM
 LOWEST     55           100 PM
 AVERAGE    74

..........................................................


THE BINGHAMTON NY CLIMATE NORMALS FOR TODAY
                         NORMAL    RECORD    YEAR
 MAXIMUM TEMPERATURE (F)   28        62      1995
 MINIMUM TEMPERATURE (F)   16       -12      1957


SUNRISE AND SUNSET
JANUARY 14 2017.......SUNRISE   730 AM EST   SUNSET   456 PM EST
JANUARY 15 2017.......SUNRISE   730 AM EST   SUNSET   457 PM EST


-  INDICATES NEGATIVE NUMBERS.
R  INDICATES RECORD WAS SET OR TIED.
MM INDICATES DATA IS MISSING.
T  INDICATES TRACE AMOUNT.

$$
