000
CDUS41 KBGM 160540
CLIBGM


CLIMATE REPORT
NATIONAL WEATHER SERVICE BINGHAMTON NY
1239 AM EST FRI FEB 16 2018


...................................

...THE BINGHAMTON NY CLIMATE SUMMARY FOR FEBRUARY 15 2018...

CLIMATE NORMAL PERIOD 1981 TO 2010
CLIMATE RECORD PERIOD 1951 TO 2018


WEATHER ITEM   OBSERVED TIME   RECORD YEAR NORMAL DEPARTURE LAST
                VALUE   (LST)  VALUE       VALUE  FROM      YEAR
                                                  NORMAL
..................................................................
TEMPERATURE (F)
 YESTERDAY
  MAXIMUM         56    345 PM  58    1954  32     24       35
  MINIMUM         37    109 AM -10    1987  17     20       23
  AVERAGE         47                        25     22       29

PRECIPITATION (IN)
  YESTERDAY        0.03          1.28 1990   0.08  -0.05     0.13
  MONTH TO DATE    1.52                      1.20   0.32     1.85
  SINCE DEC 1      5.73                      6.48  -0.75     9.23
  SINCE JAN 1      4.32                      3.65   0.67     5.64

SNOWFALL (IN)
  YESTERDAY        0.0           8.3  1953   0.6   -0.6      2.4
  MONTH TO DATE   13.6                       9.1    4.5     21.5
  SINCE DEC 1     39.8                      49.1   -9.3     63.3
  SINCE JUL 1     41.6                      55.9  -14.3     91.9
  SNOW DEPTH       2

DEGREE DAYS
 HEATING
  YESTERDAY       18                        40    -22       36
  MONTH TO DATE  591                       622    -31      590
  SINCE DEC 1   3213                      3119     94     2923
  SINCE JUL 1   4611                      4694    -83     4272

 COOLING
  YESTERDAY        0                         0      0        0
  MONTH TO DATE    0                         0      0        0
  SINCE DEC 1      0                         0      0        0
  SINCE JAN 1      0                         0      0        0
..................................................................


WIND (MPH)
  HIGHEST WIND SPEED    14   HIGHEST WIND DIRECTION    SW (220)
  HIGHEST GUST SPEED    20   HIGHEST GUST DIRECTION     W (270)
  AVERAGE WIND SPEED     6.5


SKY COVER
  AVERAGE SKY COVER 0.8


WEATHER CONDITIONS
 THE FOLLOWING WEATHER WAS RECORDED YESTERDAY.
  LIGHT RAIN
  FOG
  FOG W/VISIBILITY <= 1/4 MILE


RELATIVE HUMIDITY (PERCENT)
 HIGHEST   100           100 AM
 LOWEST     66           300 PM
 AVERAGE    83

..........................................................


THE BINGHAMTON NY CLIMATE NORMALS FOR TODAY
                         NORMAL    RECORD    YEAR
 MAXIMUM TEMPERATURE (F)   32        66      1954
 MINIMUM TEMPERATURE (F)   17        -7      2015
                                             1987


SUNRISE AND SUNSET
FEBRUARY 16 2018......SUNRISE   659 AM EST   SUNSET   538 PM EST
FEBRUARY 17 2018......SUNRISE   657 AM EST   SUNSET   539 PM EST


-  INDICATES NEGATIVE NUMBERS.
R  INDICATES RECORD WAS SET OR TIED.
MM INDICATES DATA IS MISSING.
T  INDICATES TRACE AMOUNT.




$$
