000
CDUS41 KBGM 050548
CLIBGM


CLIMATE REPORT
NATIONAL WEATHER SERVICE BINGHAMTON NY
147 AM EDT SAT JUL 5 2014


...................................

...THE BINGHAMTON NY CLIMATE SUMMARY FOR JULY 4 2014...

CLIMATE NORMAL PERIOD 1981 TO 2010
CLIMATE RECORD PERIOD 1951 TO 2014


WEATHER ITEM   OBSERVED TIME   RECORD YEAR NORMAL DEPARTURE LAST
                VALUE   (LST)  VALUE       VALUE  FROM      YEAR
                                                  NORMAL
..................................................................
TEMPERATURE (F)
 YESTERDAY
  MAXIMUM         67    459 PM  91    1990  77    -10       84
                                      1955
  MINIMUM         56   1159 PM  47    1986  59     -3       68
  AVERAGE         62                        68     -6       76

PRECIPITATION (IN)
  YESTERDAY        0.00          0.84 1970   0.12  -0.12     0.00
  MONTH TO DATE    0.39                      0.48  -0.09     1.93
  SINCE JUN 1      4.76                      4.79  -0.03     7.17
  SINCE JAN 1     20.12                     19.54   0.58    20.33

SNOWFALL (IN)
  YESTERDAY        0.0           0.0  2002   0.0    0.0      0.0
                                      2000
                                      2001
  MONTH TO DATE    0.0                       0.0    0.0      0.0
  SINCE JUN 1      0.0                       0.0    0.0      0.0
  SINCE JUL 1      0.0                       0.0    0.0      0.0
  SNOW DEPTH       0

DEGREE DAYS
 HEATING
  YESTERDAY        3                         1      2        0
  MONTH TO DATE    3                         4     -1        0
  SINCE JUN 1     48                        95    -47       87
  SINCE JUL 1      3                         4     -1        0

 COOLING
  YESTERDAY        0                         4     -4       11
  MONTH TO DATE   32                        16     16       33
  SINCE JUN 1    117                        90     27      116
  SINCE JAN 1    142                       113     29      159
..................................................................


WIND (MPH)
  HIGHEST WIND SPEED    22   HIGHEST WIND DIRECTION     N (350)
  HIGHEST GUST SPEED    30   HIGHEST GUST DIRECTION     N (350)
  AVERAGE WIND SPEED     9.3


SKY COVER
  AVERAGE SKY COVER 0.8


WEATHER CONDITIONS
 THE FOLLOWING WEATHER WAS RECORDED YESTERDAY.
  FOG
  FOG W/VISIBILITY <= 1/4 MILE


RELATIVE HUMIDITY (PERCENT)
 HIGHEST   100          1200 AM
 LOWEST     52           600 PM
 AVERAGE    76

..........................................................


THE BINGHAMTON NY CLIMATE NORMALS FOR TODAY
                         NORMAL    RECORD    YEAR
 MAXIMUM TEMPERATURE (F)   77        91      1999
                                             1955
 MINIMUM TEMPERATURE (F)   59        45      1979
                                             1961


SUNRISE AND SUNSET
JULY  5 2014..........SUNRISE   534 AM EDT   SUNSET   843 PM EDT
JULY  6 2014..........SUNRISE   534 AM EDT   SUNSET   843 PM EDT


-  INDICATES NEGATIVE NUMBERS.
R  INDICATES RECORD WAS SET OR TIED.
MM INDICATES DATA IS MISSING.
T  INDICATES TRACE AMOUNT.




$$
