000
CDUS41 KBGM 172123
CLIBGM


CLIMATE REPORT
NATIONAL WEATHER SERVICE BINGHAMTON NY
522 PM EDT SUN AUG 17 2014


...................................

...THE BINGHAMTON NY CLIMATE SUMMARY FOR AUGUST 17 2014...
VALID TODAY AS OF 0500 PM LOCAL TIME.

CLIMATE NORMAL PERIOD 1981 TO 2010
CLIMATE RECORD PERIOD 1951 TO 2014


WEATHER ITEM   OBSERVED TIME   RECORD YEAR NORMAL DEPARTURE LAST
                VALUE   (LST)  VALUE       VALUE  FROM      YEAR
                                                  NORMAL
..................................................................
TEMPERATURE (F)
 TODAY
  MAXIMUM         70    342 PM  92    1987  77     -7       75
  MINIMUM         58    105 AM  42    1971  59     -1       50
  AVERAGE         64                        68     -4       63

PRECIPITATION (IN)
  TODAY            T             0.82 1994   0.12  -0.12     0.00
  MONTH TO DATE    3.01                      1.90   1.11     3.84
  SINCE JUN 1     11.22                      9.91   1.31    15.60
  SINCE JAN 1     26.58                     24.66   1.92    28.76

SNOWFALL (IN)
  TODAY            0.0           0.0  2002   0.0    0.0      0.0
                                      2001
                                      2000
  MONTH TO DATE    0.0                       0.0    0.0      0.0
  SINCE JUN 1      T                         0.0    0.0      0.0
  SINCE JUL 1      T                         0.0    0.0      0.0
  SNOW DEPTH       0

DEGREE DAYS
 HEATING
  TODAY            1                         1      0        2
  MONTH TO DATE   23                        17      6       34
  SINCE JUN 1     93                       132    -39      135
  SINCE JUL 1     48                        41      7       48

 COOLING
  TODAY            0                         4     -4        0
  MONTH TO DATE   41                        68    -27       19
  SINCE JUN 1    249                       280    -31      322
  SINCE JAN 1    274                       303    -29      365
..................................................................


WIND (MPH)
  HIGHEST WIND SPEED    17   HIGHEST WIND DIRECTION     N (350)
  HIGHEST GUST SPEED    21   HIGHEST GUST DIRECTION     N (340)
  AVERAGE WIND SPEED     8.2


SKY COVER
  AVERAGE SKY COVER 0.9


WEATHER CONDITIONS
 THE FOLLOWING WEATHER WAS RECORDED TODAY.
  LIGHT RAIN


RELATIVE HUMIDITY (PERCENT)
 HIGHEST    97           800 AM
 LOWEST     57           100 PM
 AVERAGE    77

..........................................................


THE BINGHAMTON NY CLIMATE NORMALS FOR TOMORROW
                         NORMAL    RECORD    YEAR
 MAXIMUM TEMPERATURE (F)   77        90      2002
 MINIMUM TEMPERATURE (F)   58        46      2000
                                             1981


SUNRISE AND SUNSET
AUGUST 17 2014........SUNRISE   613 AM EDT   SUNSET   802 PM EDT
AUGUST 18 2014........SUNRISE   615 AM EDT   SUNSET   800 PM EDT


-  INDICATES NEGATIVE NUMBERS.
R  INDICATES RECORD WAS SET OR TIED.
MM INDICATES DATA IS MISSING.
T  INDICATES TRACE AMOUNT.




$$
