178
CDUS41 KBGM 020616
CLIBGM


CLIMATE REPORT
NATIONAL WEATHER SERVICE BINGHAMTON NY
215 AM EDT MON MAY 2 2016


...................................

...THE BINGHAMTON NY CLIMATE SUMMARY FOR MAY 1 2016...

CLIMATE NORMAL PERIOD 1981 TO 2010
CLIMATE RECORD PERIOD 1951 TO 2016


WEATHER ITEM   OBSERVED TIME   RECORD YEAR NORMAL DEPARTURE LAST
                VALUE   (LST)  VALUE       VALUE  FROM      YEAR
                                                  NORMAL
..................................................................
TEMPERATURE (F)
 YESTERDAY
  MAXIMUM         48   1258 AM  84    2010  61    -13       62
  MINIMUM         38    855 AM  25    1978  41     -3       47
  AVERAGE         43                        51     -8       55

PRECIPITATION (IN)
  YESTERDAY        0.36          0.61 1953   0.11   0.25      T
  MONTH TO DATE    0.36                      0.11   0.25      T
  SINCE MAR 1      4.59                      6.53  -1.94     6.20
  SINCE JAN 1      9.90                     11.29  -1.39    10.14

SNOWFALL (IN)
  YESTERDAY        0.0           1.0  1963   0.0    0.0      0.0
  MONTH TO DATE    0.0                       0.0    0.0      0.0
  SINCE MAR 1     10.3                      19.4   -9.1     17.6
  SINCE JUL 1     32.0                      83.3  -51.3     93.4
  SNOW DEPTH       0

DEGREE DAYS
 HEATING
  YESTERDAY       22                        14      8       10
  MONTH TO DATE   22                        14      8       10
  SINCE MAR 1   1472                      1614   -142     1783
  SINCE JUL 1   5830                      6813   -983     7315

 COOLING
  YESTERDAY        0                         0      0        0
  MONTH TO DATE    0                         0      0        0
  SINCE MAR 1      0                         4     -4        0
  SINCE JAN 1      0                         4     -4        0
..................................................................


WIND (MPH)
  HIGHEST WIND SPEED    22   HIGHEST WIND DIRECTION    SE (150)
  HIGHEST GUST SPEED    31   HIGHEST GUST DIRECTION    SE (150)
  AVERAGE WIND SPEED    10.4


SKY COVER
  AVERAGE SKY COVER 1.0


WEATHER CONDITIONS
 THE FOLLOWING WEATHER WAS RECORDED YESTERDAY.
  LIGHT RAIN
  FOG


RELATIVE HUMIDITY (PERCENT)
 HIGHEST   100           400 AM
 LOWEST     71          1200 AM
 AVERAGE    86

..........................................................


THE BINGHAMTON NY CLIMATE NORMALS FOR TODAY
                         NORMAL    RECORD    YEAR
 MAXIMUM TEMPERATURE (F)   61        83      2001
 MINIMUM TEMPERATURE (F)   42        29      1974


SUNRISE AND SUNSET
MAY  2 2016...........SUNRISE   557 AM EDT   SUNSET   805 PM EDT
MAY  3 2016...........SUNRISE   556 AM EDT   SUNSET   806 PM EDT


-  INDICATES NEGATIVE NUMBERS.
R  INDICATES RECORD WAS SET OR TIED.
MM INDICATES DATA IS MISSING.
T  INDICATES TRACE AMOUNT.

$$
