219
CDUS41 KBGM 030551
CLIBGM


CLIMATE REPORT
NATIONAL WEATHER SERVICE BINGHAMTON NY
1250 AM EST WED FEB 3 2016


...................................

...THE BINGHAMTON NY CLIMATE SUMMARY FOR FEBRUARY 2 2016...

CLIMATE NORMAL PERIOD 1981 TO 2010
CLIMATE RECORD PERIOD 1951 TO 2016


WEATHER ITEM   OBSERVED TIME   RECORD YEAR NORMAL DEPARTURE LAST
                VALUE   (LST)  VALUE       VALUE  FROM      YEAR
                                                  NORMAL
..................................................................
TEMPERATURE (F)
 YESTERDAY
  MAXIMUM         42    216 PM  51    1973  30     12       25
  MINIMUM         26    541 AM -15    1961  16     10        4
  AVERAGE         34                        23     11       15

PRECIPITATION (IN)
  YESTERDAY        0.00          0.83 1973   0.08  -0.08     0.38
  MONTH TO DATE    0.01                      0.16  -0.15     0.53
  SINCE DEC 1      4.93                      5.44  -0.51     5.76
  SINCE JAN 1      1.32                      2.61  -1.29     2.46

SNOWFALL (IN)
  YESTERDAY        0.0           8.8  2015   0.7   -0.7      8.8
  MONTH TO DATE    0.0                       1.3   -1.3     10.7
  SINCE DEC 1     12.4                      41.3  -28.9     39.9
  SINCE JUL 1     13.5                      48.1  -34.6     53.6
  SNOW DEPTH       0

DEGREE DAYS
 HEATING
  YESTERDAY       31                        42    -11       50
  MONTH TO DATE   56                        84    -28       97
  SINCE DEC 1   2064                      2581   -517     2626
  SINCE JUL 1   3334                      4156   -822     4161

 COOLING
  YESTERDAY        0                         0      0        0
  MONTH TO DATE    0                         0      0        0
  SINCE DEC 1      0                         0      0        0
  SINCE JAN 1      0                         0      0        0
..................................................................


WIND (MPH)
  HIGHEST WIND SPEED    22   HIGHEST WIND DIRECTION     S (160)
  HIGHEST GUST SPEED    30   HIGHEST GUST DIRECTION    SE (150)
  AVERAGE WIND SPEED     5.6


SKY COVER
  AVERAGE SKY COVER 0.2


WEATHER CONDITIONS
 THE FOLLOWING WEATHER WAS RECORDED YESTERDAY.
  NO SIGNIFICANT WEATHER WAS OBSERVED.


RELATIVE HUMIDITY (PERCENT)
 HIGHEST    92           700 AM
 LOWEST     46           400 PM
 AVERAGE    69

..........................................................


THE BINGHAMTON NY CLIMATE NORMALS FOR TODAY
                         NORMAL    RECORD    YEAR
 MAXIMUM TEMPERATURE (F)   30        53      1991
 MINIMUM TEMPERATURE (F)   16       -12      1955


SUNRISE AND SUNSET
FEBRUARY  3 2016......SUNRISE   716 AM EST   SUNSET   520 PM EST
FEBRUARY  4 2016......SUNRISE   714 AM EST   SUNSET   522 PM EST


-  INDICATES NEGATIVE NUMBERS.
R  INDICATES RECORD WAS SET OR TIED.
MM INDICATES DATA IS MISSING.
T  INDICATES TRACE AMOUNT.




$$
