000
CDUS41 KBGM 090525
CLIBGM


CLIMATE REPORT
NATIONAL WEATHER SERVICE BINGHAMTON NY
124 AM EDT MON OCT 9 2017


...................................

...THE BINGHAMTON NY CLIMATE SUMMARY FOR OCTOBER 8 2017...

CLIMATE NORMAL PERIOD 1981 TO 2010
CLIMATE RECORD PERIOD 1951 TO 2017


WEATHER ITEM   OBSERVED TIME   RECORD YEAR NORMAL DEPARTURE LAST
                VALUE   (LST)  VALUE       VALUE  FROM      YEAR
                                                  NORMAL
..................................................................
TEMPERATURE (F)
 YESTERDAY
  MAXIMUM         75   1249 PM  82    2007  60     15       62
  MINIMUM         62   1052 PM  27    1964  42     20       49
                                      1954
  AVERAGE         69                        51     18       56

PRECIPITATION (IN)
  YESTERDAY        0.09          1.36 1998   0.11  -0.02     0.07
  MONTH TO DATE    0.13                      0.90  -0.77     0.48
  SINCE SEP 1      1.39                      4.53  -3.14     1.51
  SINCE JAN 1     41.13                     30.74  10.39    25.06

SNOWFALL (IN)
  YESTERDAY        0.0           T    2001   0.0    0.0      0.0
                                      2000
  MONTH TO DATE    0.0                       0.0    0.0      0.0
  SINCE SEP 1      0.0                       0.0    0.0      0.0
  SINCE JUL 1      0.0                       0.0    0.0      0.0
  SNOW DEPTH       0

DEGREE DAYS
 HEATING
  YESTERDAY        0                        14    -14        9
  MONTH TO DATE   42                       103    -61       71
  SINCE SEP 1    197                       297   -100      185
  SINCE JUL 1    278                       360    -82      194

 COOLING
  YESTERDAY        4                         0      4        0
  MONTH TO DATE    7                         0      7        0
  SINCE SEP 1     76                        31     45       48
  SINCE JAN 1    347                       379    -32      559
..................................................................


WIND (MPH)
  HIGHEST WIND SPEED    22   HIGHEST WIND DIRECTION     W (250)
  HIGHEST GUST SPEED    31   HIGHEST GUST DIRECTION    SW (240)
  AVERAGE WIND SPEED     9.0


SKY COVER
  AVERAGE SKY COVER 0.6


WEATHER CONDITIONS
 THE FOLLOWING WEATHER WAS RECORDED YESTERDAY.
  RAIN
  LIGHT RAIN
  FOG


RELATIVE HUMIDITY (PERCENT)
 HIGHEST    93           600 AM
 LOWEST     57           300 PM
 AVERAGE    75

..........................................................


THE BINGHAMTON NY CLIMATE NORMALS FOR TODAY
                         NORMAL    RECORD    YEAR
 MAXIMUM TEMPERATURE (F)   59        79      2007
 MINIMUM TEMPERATURE (F)   42        27      2001


SUNRISE AND SUNSET
OCTOBER  9 2017.......SUNRISE   710 AM EDT   SUNSET   631 PM EDT
OCTOBER 10 2017.......SUNRISE   711 AM EDT   SUNSET   630 PM EDT


-  INDICATES NEGATIVE NUMBERS.
R  INDICATES RECORD WAS SET OR TIED.
MM INDICATES DATA IS MISSING.
T  INDICATES TRACE AMOUNT.




$$
