000
CDUS41 KBGM 150551
CLIBGM


CLIMATE REPORT
NATIONAL WEATHER SERVICE BINGHAMTON NY
151 AM EDT MON AUG 15 2016


...................................

...THE BINGHAMTON NY CLIMATE SUMMARY FOR AUGUST 14 2016...

CLIMATE NORMAL PERIOD 1981 TO 2010
CLIMATE RECORD PERIOD 1951 TO 2016


WEATHER ITEM   OBSERVED TIME   RECORD YEAR NORMAL DEPARTURE LAST
                VALUE   (LST)  VALUE       VALUE  FROM      YEAR
                                                  NORMAL
..................................................................
TEMPERATURE (F)
 YESTERDAY
  MAXIMUM         81   1002 AM  95    2002  77      4       81
  MINIMUM         69   1159 PM  46    1964  59     10       58
  AVERAGE         75                        68      7       70

PRECIPITATION (IN)
  YESTERDAY        0.29          1.54 2012   0.11   0.18     0.00
  MONTH TO DATE    3.46                      1.56   1.90     1.71
  SINCE JUN 1      9.39                      9.57  -0.18    16.60
  SINCE JAN 1     21.78                     24.32  -2.54    30.15

SNOWFALL (IN)
  YESTERDAY        0.0           0.0  2002   0.0    0.0      0.0
                                      2001
                                      2000
  MONTH TO DATE    0.0                       0.0    0.0      0.0
  SINCE JUN 1      0.0                       0.0    0.0       T
  SINCE JUL 1      0.0                       0.0    0.0       T
  SNOW DEPTH       0

DEGREE DAYS
 HEATING
  YESTERDAY        0                         1     -1        0
  MONTH TO DATE    0                        14    -14        9
  SINCE JUN 1     72                       129    -57      110
  SINCE JUL 1      3                        38    -35       33

 COOLING
  YESTERDAY       10                         4      6        5
  MONTH TO DATE  103                        56     47       29
  SINCE JUN 1    383                       268    115      198
  SINCE JAN 1    429                       291    138      271
..................................................................


WIND (MPH)
  HIGHEST WIND SPEED    16   HIGHEST WIND DIRECTION     W (270)
  HIGHEST GUST SPEED    21   HIGHEST GUST DIRECTION     W (270)
  AVERAGE WIND SPEED     6.8


SKY COVER
  AVERAGE SKY COVER 0.6


WEATHER CONDITIONS
 THE FOLLOWING WEATHER WAS RECORDED YESTERDAY.
  THUNDERSTORM
  HEAVY RAIN
  RAIN
  LIGHT RAIN
  FOG


RELATIVE HUMIDITY (PERCENT)
 HIGHEST   100          1000 PM
 LOWEST     69          1100 AM
 AVERAGE    85

..........................................................


THE BINGHAMTON NY CLIMATE NORMALS FOR TODAY
                         NORMAL    RECORD    YEAR
 MAXIMUM TEMPERATURE (F)   77        92      1965
                                             1959
 MINIMUM TEMPERATURE (F)   59        47      1964
                                             1963


SUNRISE AND SUNSET
AUGUST 15 2016........SUNRISE   612 AM EDT   SUNSET   804 PM EDT
AUGUST 16 2016........SUNRISE   613 AM EDT   SUNSET   802 PM EDT


-  INDICATES NEGATIVE NUMBERS.
R  INDICATES RECORD WAS SET OR TIED.
MM INDICATES DATA IS MISSING.
T  INDICATES TRACE AMOUNT.




$$
