000
CDUS41 KBGM 220218
CLIBGM


CLIMATE REPORT
NATIONAL WEATHER SERVICE BINGHAMTON NY
1018 PM EDT WED JUN 21 2017


...................................

...THE BINGHAMTON NY CLIMATE SUMMARY FOR JUNE 21 2017...
VALID AS OF 1000 PM LOCAL TIME.

CLIMATE NORMAL PERIOD 1981 TO 2010
CLIMATE RECORD PERIOD 1951 TO 2017


WEATHER ITEM   OBSERVED TIME   RECORD YEAR NORMAL DEPARTURE LAST
                VALUE   (LST)  VALUE       VALUE  FROM      YEAR
                                                  NORMAL
..................................................................
TEMPERATURE (F)
 TODAY
  MAXIMUM         73    220 PM  93    1953  75     -2       75
  MINIMUM         56    424 AM  44    1970  57     -1       59
  AVERAGE         65                        66     -1       67

PRECIPITATION (IN)
  TODAY            0.01          2.87 1972   0.14  -0.13     0.04
  MONTH TO DATE    4.80                      3.04   1.76     1.84
  SINCE JUN 1      4.80                      3.04   1.76     1.84
  SINCE JAN 1     29.25                     17.79  11.46    14.23

SNOWFALL (IN)
  TODAY            0.0           T    1955   0.0    0.0      0.0
  MONTH TO DATE    0.0                       0.0    0.0      0.0
  SINCE JUN 1      0.0                       0.0    0.0      0.0
  SINCE JUL 1    135.2                      83.4   51.8     32.0
  SNOW DEPTH       0

DEGREE DAYS
 HEATING
  TODAY            0                         2     -2        0
  MONTH TO DATE   75                        77     -2       68
  SINCE JUN 1     75                        77     -2       68
  SINCE JUL 1   6591                      7181   -590     6197

 COOLING
  TODAY            0                         3     -3        2
  MONTH TO DATE   51                        44      7       36
  SINCE JUN 1     51                        44      7       36
  SINCE JAN 1     72                        67      5       82
..................................................................


WIND (MPH)
  HIGHEST WIND SPEED    15   HIGHEST WIND DIRECTION     W (250)
  HIGHEST GUST SPEED    22   HIGHEST GUST DIRECTION     W (250)
  AVERAGE WIND SPEED     7.8


SKY COVER
  AVERAGE SKY COVER 0.3


WEATHER CONDITIONS
 THE FOLLOWING WEATHER WAS RECORDED TODAY.
  LIGHT RAIN


RELATIVE HUMIDITY (PERCENT)
 HIGHEST    86           700 AM
 LOWEST     49          1200 PM
 AVERAGE    68

..........................................................


THE BINGHAMTON NY CLIMATE NORMALS FOR TOMORROW
                         NORMAL    RECORD    YEAR
 MAXIMUM TEMPERATURE (F)   75        91      1988
 MINIMUM TEMPERATURE (F)   57        43      1992


SUNRISE AND SUNSET
JUNE 21 2017..........SUNRISE   528 AM EDT   SUNSET   844 PM EDT
JUNE 22 2017..........SUNRISE   528 AM EDT   SUNSET   844 PM EDT


-  INDICATES NEGATIVE NUMBERS.
R  INDICATES RECORD WAS SET OR TIED.
MM INDICATES DATA IS MISSING.
T  INDICATES TRACE AMOUNT.




$$
