000
CDUS41 KBGM 220323
CLIBGM


CLIMATE REPORT
NATIONAL WEATHER SERVICE BINGHAMTON NY
1023 PM EST WED JAN 21 2015


...................................

...THE BINGHAMTON NY CLIMATE SUMMARY FOR JANUARY 21 2015...
VALID AS OF 1000 PM LOCAL TIME.

CLIMATE NORMAL PERIOD 1981 TO 2010
CLIMATE RECORD PERIOD 1951 TO 2015


WEATHER ITEM   OBSERVED TIME   RECORD YEAR NORMAL DEPARTURE LAST
                VALUE   (LST)  VALUE       VALUE  FROM      YEAR
                                                  NORMAL
..................................................................
TEMPERATURE (F)
 TODAY
  MAXIMUM         24    811 PM  58    1959  29     -5       11
  MINIMUM          3    807 AM -15    1985  15    -12       -6
  AVERAGE         14                        22     -8        3

PRECIPITATION (IN)
  TODAY            T             0.88 1959   0.08  -0.08      T
  MONTH TO DATE    1.53                      1.67  -0.14     2.85
  SINCE DEC 1      4.83                      4.50   0.33     6.29
  SINCE JAN 1      1.53                      1.67  -0.14     2.85

SNOWFALL (IN)
  TODAY            T             4.4  1953   0.7   -0.7      0.1
  MONTH TO DATE   10.8                      15.3   -4.5     20.7
  SINCE DEC 1     23.9                      33.1   -9.2     45.7
  SINCE JUL 1     37.6                      39.9   -2.3     53.9
  SNOW DEPTH       3

DEGREE DAYS
 HEATING
  TODAY           51                        43      8       62
  MONTH TO DATE  982                       897     85      918
  SINCE DEC 1   2051                      2067    -16     2066
  SINCE JUL 1   3586                      3642    -56     3657

 COOLING
  TODAY            0                         0      0        0
  MONTH TO DATE    0                         0      0        0
  SINCE DEC 1      0                         0      0        0
  SINCE JAN 1      0                         0      0        0
..................................................................


WIND (MPH)
  HIGHEST WIND SPEED     7   HIGHEST WIND DIRECTION     E (110)
  HIGHEST GUST SPEED     8   HIGHEST GUST DIRECTION    SE (140)
  AVERAGE WIND SPEED     2.2


SKY COVER
  AVERAGE SKY COVER 0.4


WEATHER CONDITIONS
 THE FOLLOWING WEATHER WAS RECORDED TODAY.
  LIGHT SNOW
  FOG


RELATIVE HUMIDITY (PERCENT)
 HIGHEST   100          1000 AM
 LOWEST     57           400 PM
 AVERAGE    79

..........................................................


THE BINGHAMTON NY CLIMATE NORMALS FOR TOMORROW
                         NORMAL    RECORD    YEAR
 MAXIMUM TEMPERATURE (F)   29        58      1959
 MINIMUM TEMPERATURE (F)   15       -13      2005


SUNRISE AND SUNSET
JANUARY 21 2015.......SUNRISE   727 AM EST   SUNSET   504 PM EST
JANUARY 22 2015.......SUNRISE   726 AM EST   SUNSET   505 PM EST


-  INDICATES NEGATIVE NUMBERS.
R  INDICATES RECORD WAS SET OR TIED.
MM INDICATES DATA IS MISSING.
T  INDICATES TRACE AMOUNT.




$$
