000
CDUS41 KBGM 190555
CLIBGM


CLIMATE REPORT
NATIONAL WEATHER SERVICE BINGHAMTON NY
154 AM EDT TUE JUL 19 2016


...................................

...THE BINGHAMTON NY CLIMATE SUMMARY FOR JULY 18 2016...

CLIMATE NORMAL PERIOD 1981 TO 2010
CLIMATE RECORD PERIOD 1951 TO 2016


WEATHER ITEM   OBSERVED TIME   RECORD YEAR NORMAL DEPARTURE LAST
                VALUE   (LST)  VALUE       VALUE  FROM      YEAR
                                                  NORMAL
..................................................................
TEMPERATURE (F)
 YESTERDAY
  MAXIMUM         80    341 PM  93    1953  78      2       85
  MINIMUM         65   1159 PM  47    1971  60      5       67
  AVERAGE         73                        69      4       76

PRECIPITATION (IN)
  YESTERDAY        0.09          0.73 1986   0.12  -0.03     0.57
  MONTH TO DATE    0.62                      2.17  -1.55     2.74
  SINCE JUN 1      3.66                      6.48  -2.82    12.48
  SINCE JAN 1     16.05                     21.23  -5.18    26.03

SNOWFALL (IN)
  YESTERDAY        0.0           0.0  2002   0.0    0.0      0.0
                                      2000
                                      2001
  MONTH TO DATE    0.0                       0.0    0.0      0.0
  SINCE JUN 1      0.0                       0.0    0.0      0.0
  SINCE JUL 1      0.0                       0.0    0.0      0.0
  SNOW DEPTH       0

DEGREE DAYS
 HEATING
  YESTERDAY        0                         1     -1        0
  MONTH TO DATE    3                        18    -15       20
  SINCE JUN 1     72                       109    -37       97
  SINCE JUL 1      3                        18    -15       20

 COOLING
  YESTERDAY        8                         5      3       11
  MONTH TO DATE  114                        81     33       44
  SINCE JUN 1    177                       155     22       94
  SINCE JAN 1    223                       178     45      167
..................................................................


WIND (MPH)
  HIGHEST WIND SPEED    22   HIGHEST WIND DIRECTION     W (250)
  HIGHEST GUST SPEED    29   HIGHEST GUST DIRECTION     W (260)
  AVERAGE WIND SPEED     8.5


SKY COVER
  AVERAGE SKY COVER 0.2


WEATHER CONDITIONS
 THE FOLLOWING WEATHER WAS RECORDED YESTERDAY.
  THUNDERSTORM
  LIGHT RAIN
  FOG


RELATIVE HUMIDITY (PERCENT)
 HIGHEST    79           100 PM
 LOWEST     57          1200 AM
 AVERAGE    68

..........................................................


THE BINGHAMTON NY CLIMATE NORMALS FOR TODAY
                         NORMAL    RECORD    YEAR
 MAXIMUM TEMPERATURE (F)   78        91      1991
                                             1972
 MINIMUM TEMPERATURE (F)   60        50      2003


SUNRISE AND SUNSET
JULY 19 2016..........SUNRISE   545 AM EDT   SUNSET   835 PM EDT
JULY 20 2016..........SUNRISE   546 AM EDT   SUNSET   834 PM EDT


-  INDICATES NEGATIVE NUMBERS.
R  INDICATES RECORD WAS SET OR TIED.
MM INDICATES DATA IS MISSING.
T  INDICATES TRACE AMOUNT.




$$
