000
CDUS41 KBGM 190610
CLIBGM


CLIMATE REPORT
NATIONAL WEATHER SERVICE BINGHAMTON NY
209 AM EDT TUE MAY 19 2015


...................................

...THE BINGHAMTON NY CLIMATE SUMMARY FOR MAY 18 2015...

CLIMATE NORMAL PERIOD 1981 TO 2010
CLIMATE RECORD PERIOD 1951 TO 2015


WEATHER ITEM   OBSERVED TIME   RECORD YEAR NORMAL DEPARTURE LAST
                VALUE   (LST)  VALUE       VALUE  FROM      YEAR
                                                  NORMAL
..................................................................
TEMPERATURE (F)
 YESTERDAY
  MAXIMUM         81    300 PM  87    1962  66     15       58
  MINIMUM         60    355 AM  32    2002  47     13       42
                                      1973
  AVERAGE         71                        56     15       50

PRECIPITATION (IN)
  YESTERDAY        1.91R         1.01 2002   0.12   1.79     0.01
  MONTH TO DATE    2.92                      1.97   0.95     3.45
  SINCE MAR 1      9.12                      8.39   0.73     8.90
  SINCE JAN 1     13.06                     13.15  -0.09    14.59

SNOWFALL (IN)
  YESTERDAY        0.0           1.7  2002   0.0    0.0      0.0
  MONTH TO DATE    0.0                       0.1   -0.1      0.0
  SINCE MAR 1     17.6                      19.5   -1.9      2.9
  SINCE JUL 1     93.4                      83.4   10.0     85.4
  SNOW DEPTH       0

DEGREE DAYS
 HEATING
  YESTERDAY        0                         9     -9       15
  MONTH TO DATE   76                       209   -133      151
  SINCE MAR 1   1849                      1809     40     1953
  SINCE JUL 1   7381                      7008    373     7424

 COOLING
  YESTERDAY        6                         1      5        0
  MONTH TO DATE   42                         6     36       13
  SINCE MAR 1     42                        10     32       15
  SINCE JAN 1     42                        10     32       15
..................................................................


WIND (MPH)
  HIGHEST WIND SPEED    32   HIGHEST WIND DIRECTION    NW (330)
  HIGHEST GUST SPEED    48   HIGHEST GUST DIRECTION     N (340)
  AVERAGE WIND SPEED     8.0


SKY COVER
  AVERAGE SKY COVER 0.7


WEATHER CONDITIONS
 THE FOLLOWING WEATHER WAS RECORDED YESTERDAY.
  THUNDERSTORM
  HEAVY RAIN
  RAIN
  LIGHT RAIN
  FOG
  FOG W/VISIBILITY <= 1/4 MILE


RELATIVE HUMIDITY (PERCENT)
 HIGHEST   100           900 PM
 LOWEST     58           200 PM
 AVERAGE    79

..........................................................


THE BINGHAMTON NY CLIMATE NORMALS FOR TODAY
                         NORMAL    RECORD    YEAR
 MAXIMUM TEMPERATURE (F)   67        87      1996
                                             1962
 MINIMUM TEMPERATURE (F)   47        31      2009
                                             2002


SUNRISE AND SUNSET
MAY 19 2015...........SUNRISE   539 AM EDT   SUNSET   822 PM EDT
MAY 20 2015...........SUNRISE   538 AM EDT   SUNSET   823 PM EDT


-  INDICATES NEGATIVE NUMBERS.
R  INDICATES RECORD WAS SET OR TIED.
MM INDICATES DATA IS MISSING.
T  INDICATES TRACE AMOUNT.




$$
