000
CDUS41 KBGM 050648
CLIBGM


CLIMATE REPORT
NATIONAL WEATHER SERVICE BINGHAMTON NY
147 AM EST FRI FEB 5 2016


...................................

...THE BINGHAMTON NY CLIMATE SUMMARY FOR FEBRUARY 4 2016...

CLIMATE NORMAL PERIOD 1981 TO 2010
CLIMATE RECORD PERIOD 1951 TO 2016


WEATHER ITEM   OBSERVED TIME   RECORD YEAR NORMAL DEPARTURE LAST
                VALUE   (LST)  VALUE       VALUE  FROM      YEAR
                                                  NORMAL
..................................................................
TEMPERATURE (F)
 YESTERDAY
  MAXIMUM         48   1241 AM  55    1991  30     18       32
  MINIMUM         30   1159 PM  -4    1996  16     14       16
  AVERAGE         39                        23     16       24

PRECIPITATION (IN)
  YESTERDAY        0.00          1.33 1961   0.08  -0.08     0.23
  MONTH TO DATE    0.78                      0.32   0.46     0.76
  SINCE DEC 1      5.70                      5.60   0.10     5.99
  SINCE JAN 1      2.09                      2.77  -0.68     2.69

SNOWFALL (IN)
  YESTERDAY        0.0          18.2  1961   0.6   -0.6      5.0
  MONTH TO DATE    0.0                       2.5   -2.5     15.8
  SINCE DEC 1     12.4                      42.5  -30.1     45.0
  SINCE JUL 1     13.5                      49.3  -35.8     58.7
  SNOW DEPTH       0

DEGREE DAYS
 HEATING
  YESTERDAY       26                        42    -16       41
  MONTH TO DATE  102                       168    -66      193
  SINCE DEC 1   2110                      2665   -555     2722
  SINCE JUL 1   3380                      4240   -860     4257

 COOLING
  YESTERDAY        0                         0      0        0
  MONTH TO DATE    0                         0      0        0
  SINCE DEC 1      0                         0      0        0
  SINCE JAN 1      0                         0      0        0
..................................................................


WIND (MPH)
  HIGHEST WIND SPEED    17   HIGHEST WIND DIRECTION     W (280)
  HIGHEST GUST SPEED    25   HIGHEST GUST DIRECTION     W (270)
  AVERAGE WIND SPEED     8.1


SKY COVER
  AVERAGE SKY COVER 0.9


WEATHER CONDITIONS
 THE FOLLOWING WEATHER WAS RECORDED YESTERDAY.
  NO SIGNIFICANT WEATHER WAS OBSERVED.


RELATIVE HUMIDITY (PERCENT)
 HIGHEST    93          1200 AM
 LOWEST     50           200 PM
 AVERAGE    72

..........................................................


THE BINGHAMTON NY CLIMATE NORMALS FOR TODAY
                         NORMAL    RECORD    YEAR
 MAXIMUM TEMPERATURE (F)   30        55      1991
 MINIMUM TEMPERATURE (F)   16        -7      1978


SUNRISE AND SUNSET
FEBRUARY  5 2016......SUNRISE   713 AM EST   SUNSET   523 PM EST
FEBRUARY  6 2016......SUNRISE   712 AM EST   SUNSET   524 PM EST


-  INDICATES NEGATIVE NUMBERS.
R  INDICATES RECORD WAS SET OR TIED.
MM INDICATES DATA IS MISSING.
T  INDICATES TRACE AMOUNT.




$$
