000
CDUS41 KBGM 310236
CLIBGM


CLIMATE REPORT
NATIONAL WEATHER SERVICE BINGHAMTON NY
1035 PM EDT SAT AUG 30 2014


...................................

...THE BINGHAMTON NY CLIMATE SUMMARY FOR AUGUST 30 2014...
VALID AS OF 1000 PM LOCAL TIME.

CLIMATE NORMAL PERIOD 1981 TO 2010
CLIMATE RECORD PERIOD 1951 TO 2014


WEATHER ITEM   OBSERVED TIME   RECORD YEAR NORMAL DEPARTURE LAST
                VALUE   (LST)  VALUE       VALUE  FROM      YEAR
                                                  NORMAL
..................................................................
TEMPERATURE (F)
 TODAY
  MAXIMUM         71    141 PM  93    1953  74     -3       82
  MINIMUM         55    517 AM  37    1965  56     -1       60
  AVERAGE         63                        65     -2       71

PRECIPITATION (IN)
  TODAY            0.00          2.30 1970   0.11  -0.11     0.00
  MONTH TO DATE    5.06                      3.34   1.72     5.23
  SINCE JUN 1     13.27                     11.35   1.92    16.99
  SINCE JAN 1     28.63                     26.10   2.53    30.15

SNOWFALL (IN)
  TODAY            0.0           T    1992   0.0    0.0      0.0
  MONTH TO DATE    0.0                       0.0    0.0      0.0
  SINCE JUN 1      T                         0.0    0.0      0.0
  SINCE JUL 1      T                         0.0    0.0      0.0
  SNOW DEPTH       0

DEGREE DAYS
 HEATING
  TODAY            2                         2      0        0
  MONTH TO DATE   41                        37      4       37
  SINCE JUN 1    111                       152    -41      138
  SINCE JUL 1     66                        61      5       51

 COOLING
  TODAY            0                         2     -2        6
  MONTH TO DATE   64                       107    -43       71
  SINCE JUN 1    272                       319    -47      374
  SINCE JAN 1    297                       342    -45      417
..................................................................


WIND (MPH)
  HIGHEST WIND SPEED    16   HIGHEST WIND DIRECTION    SW (210)
  HIGHEST GUST SPEED    22   HIGHEST GUST DIRECTION     S (200)
  AVERAGE WIND SPEED     9.2


SKY COVER
  AVERAGE SKY COVER 0.6


WEATHER CONDITIONS
 THE FOLLOWING WEATHER WAS RECORDED TODAY.
  NO SIGNIFICANT WEATHER WAS OBSERVED.


RELATIVE HUMIDITY (PERCENT)
 HIGHEST   100           600 AM
 LOWEST     73          1200 PM
 AVERAGE    87

..........................................................


THE BINGHAMTON NY CLIMATE NORMALS FOR TOMORROW
                         NORMAL    RECORD    YEAR
 MAXIMUM TEMPERATURE (F)   74        90      1953
 MINIMUM TEMPERATURE (F)   56        42      1976
                                             1965


SUNRISE AND SUNSET
AUGUST 30 2014........SUNRISE   627 AM EDT   SUNSET   741 PM EDT
AUGUST 31 2014........SUNRISE   628 AM EDT   SUNSET   739 PM EDT


-  INDICATES NEGATIVE NUMBERS.
R  INDICATES RECORD WAS SET OR TIED.
MM INDICATES DATA IS MISSING.
T  INDICATES TRACE AMOUNT.




$$
