000
CDUS41 KBGM 010606
CLIBGM


CLIMATE REPORT
NATIONAL WEATHER SERVICE BINGHAMTON NY
205 AM EDT WED JUL 1 2015


...................................

...THE BINGHAMTON NY CLIMATE SUMMARY FOR JUNE 30 2015...

CLIMATE NORMAL PERIOD 1981 TO 2010
CLIMATE RECORD PERIOD 1951 TO 2015


WEATHER ITEM   OBSERVED TIME   RECORD YEAR NORMAL DEPARTURE LAST
                VALUE   (LST)  VALUE       VALUE  FROM      YEAR
                                                  NORMAL
..................................................................
TEMPERATURE (F)
 YESTERDAY
  MAXIMUM         72    313 PM  92    1964  77     -5       82
  MINIMUM         58    801 AM  46    2010  59     -1       66
  AVERAGE         65                        68     -3       74

PRECIPITATION (IN)
  YESTERDAY        1.10          1.31 1976   0.14   0.96      T
  MONTH TO DATE    9.74                      4.31   5.43     4.37
  SINCE JUN 1      9.74                      4.31   5.43     4.37
  SINCE JAN 1     23.29                     19.06   4.23    19.73

SNOWFALL (IN)
  YESTERDAY        0.0           0.0  2002   0.0    0.0      0.0
                                      2001
  MONTH TO DATE    0.0                       0.0    0.0      0.0
  SINCE JUN 1      0.0                       0.0    0.0      0.0
  SINCE JUL 1     93.4                      83.4   10.0     85.4
  SNOW DEPTH       0

DEGREE DAYS
 HEATING
  YESTERDAY        0                         1     -1        0
  MONTH TO DATE   77                        90    -13       45
  SINCE JUN 1     77                        91    -14       45
  SINCE JUL 1   7535                      7195    340     7539

 COOLING
  YESTERDAY        0                         4     -4        9
  MONTH TO DATE   50                        74    -24       85
  SINCE JUN 1     50                        74    -24       85
  SINCE JAN 1    123                        97     26      110
..................................................................


WIND (MPH)
  HIGHEST WIND SPEED    16   HIGHEST WIND DIRECTION     S (160)
  HIGHEST GUST SPEED    23   HIGHEST GUST DIRECTION     S (160)
  AVERAGE WIND SPEED     8.7


SKY COVER
  AVERAGE SKY COVER 0.9


WEATHER CONDITIONS
 THE FOLLOWING WEATHER WAS RECORDED YESTERDAY.
  THUNDERSTORM
  HEAVY RAIN
  RAIN
  LIGHT RAIN
  FOG


RELATIVE HUMIDITY (PERCENT)
 HIGHEST   100           600 AM
 LOWEST     78          1200 AM
 AVERAGE    89

..........................................................


THE BINGHAMTON NY CLIMATE NORMALS FOR TODAY
                         NORMAL    RECORD    YEAR
 MAXIMUM TEMPERATURE (F)   77        87      1968
                                             1963
                                             1956
 MINIMUM TEMPERATURE (F)   59        44      1988


SUNRISE AND SUNSET
JULY  1 2015..........SUNRISE   531 AM EDT   SUNSET   844 PM EDT
JULY  2 2015..........SUNRISE   532 AM EDT   SUNSET   844 PM EDT


-  INDICATES NEGATIVE NUMBERS.
R  INDICATES RECORD WAS SET OR TIED.
MM INDICATES DATA IS MISSING.
T  INDICATES TRACE AMOUNT.




$$

HEDEN
