000
CDUS41 KBGM 060603
CLIBGM


CLIMATE REPORT
NATIONAL WEATHER SERVICE BINGHAMTON NY
201 AM EDT FRI MAY 6 2016


...................................

...THE BINGHAMTON NY CLIMATE SUMMARY FOR MAY 5 2016...

CLIMATE NORMAL PERIOD 1981 TO 2010
CLIMATE RECORD PERIOD 1951 TO 2016


WEATHER ITEM   OBSERVED TIME   RECORD YEAR NORMAL DEPARTURE LAST
                VALUE   (LST)  VALUE       VALUE  FROM      YEAR
                                                  NORMAL
..................................................................
TEMPERATURE (F)
 YESTERDAY
  MAXIMUM         53        MM  82    1980  62     -9       74
  MINIMUM         42        MM  30    1974  43     -1       56
  AVERAGE         48                        52     -4       65

PRECIPITATION (IN)
  YESTERDAY        0.00          0.89 1993   0.11  -0.11     0.06
  MONTH TO DATE    0.82                      0.54   0.28     0.06
  SINCE MAR 1      5.05                      6.96  -1.91     6.26
  SINCE JAN 1     10.36                     11.72  -1.36    10.20

SNOWFALL (IN)
  YESTERDAY        0.0           0.1  1973   0.0    0.0      0.0
  MONTH TO DATE    0.0                       0.1   -0.1      0.0
  SINCE MAR 1     10.3                      19.5   -9.2     17.6
  SINCE JUL 1     32.0                      83.4  -51.4     93.4
  SNOW DEPTH       0

DEGREE DAYS
 HEATING
  YESTERDAY       17                        13      4        0
  MONTH TO DATE   92                        68     24       21
  SINCE MAR 1   1542                      1668   -126     1794
  SINCE JUL 1   5900                      6867   -967     7326

 COOLING
  YESTERDAY        0                         0      0        0
  MONTH TO DATE    0                         0      0        2
  SINCE MAR 1      0                         4     -4        2
  SINCE JAN 1      0                         4     -4        2
..................................................................


WIND (MPH)
  HIGHEST WIND SPEED    13   HIGHEST WIND DIRECTION    NE (40)
  HIGHEST GUST SPEED    20   HIGHEST GUST DIRECTION    NE (40)
  AVERAGE WIND SPEED     7.4


SKY COVER
  AVERAGE SKY COVER 1.0


WEATHER CONDITIONS
 THE FOLLOWING WEATHER WAS RECORDED YESTERDAY.
  FOG


RELATIVE HUMIDITY (PERCENT)
 HIGHEST   100          1200 AM
 LOWEST     66           400 PM
 AVERAGE    83

..........................................................


THE BINGHAMTON NY CLIMATE NORMALS FOR TODAY
                         NORMAL    RECORD    YEAR
 MAXIMUM TEMPERATURE (F)   63        82      2000
 MINIMUM TEMPERATURE (F)   43        31      1970


SUNRISE AND SUNSET
MAY  6 2016...........SUNRISE   552 AM EDT   SUNSET   809 PM EDT
MAY  7 2016...........SUNRISE   551 AM EDT   SUNSET   810 PM EDT


-  INDICATES NEGATIVE NUMBERS.
R  INDICATES RECORD WAS SET OR TIED.
MM INDICATES DATA IS MISSING.
T  INDICATES TRACE AMOUNT.




$$
