000
CDUS41 KBGM 140559
CLIBGM


CLIMATE REPORT
NATIONAL WEATHER SERVICE BINGHAMTON NY
158 AM EDT SUN AUG 14 2016


...................................

...THE BINGHAMTON NY CLIMATE SUMMARY FOR AUGUST 13 2016...

CLIMATE NORMAL PERIOD 1981 TO 2010
CLIMATE RECORD PERIOD 1951 TO 2016


WEATHER ITEM   OBSERVED TIME   RECORD YEAR NORMAL DEPARTURE LAST
                VALUE   (LST)  VALUE       VALUE  FROM      YEAR
                                                  NORMAL
..................................................................
TEMPERATURE (F)
 YESTERDAY
  MAXIMUM         89    235 PM  91    1988  77     12       73
  MINIMUM         72   1109 PM  48    2006  59     13       51
                                      1957
  AVERAGE         81                        68     13       62

PRECIPITATION (IN)
  YESTERDAY        0.01          1.78 1955   0.11  -0.10     0.00
  MONTH TO DATE    3.17                      1.45   1.72     1.71
  SINCE JUN 1      9.10                      9.46  -0.36    16.60
  SINCE JAN 1     21.49                     24.21  -2.72    30.15

SNOWFALL (IN)
  YESTERDAY        0.0           0.0  2002   0.0    0.0      0.0
                                      2001
                                      2000
  MONTH TO DATE    0.0                       0.0    0.0      0.0
  SINCE JUN 1      0.0                       0.0    0.0       T
  SINCE JUL 1      0.0                       0.0    0.0       T
  SNOW DEPTH       0

DEGREE DAYS
 HEATING
  YESTERDAY        0                         1     -1        3
  MONTH TO DATE    0                        13    -13        9
  SINCE JUN 1     72                       128    -56      110
  SINCE JUL 1      3                        37    -34       33

 COOLING
  YESTERDAY       16                         4     12        0
  MONTH TO DATE   93                        52     41       24
  SINCE JUN 1    373                       264    109      193
  SINCE JAN 1    419                       287    132      266
..................................................................


WIND (MPH)
  HIGHEST WIND SPEED    22   HIGHEST WIND DIRECTION    SW (230)
  HIGHEST GUST SPEED    33   HIGHEST GUST DIRECTION    SW (220)
  AVERAGE WIND SPEED     8.6


SKY COVER
  AVERAGE SKY COVER 0.4


WEATHER CONDITIONS
 THE FOLLOWING WEATHER WAS RECORDED YESTERDAY.
  THUNDERSTORM
  LIGHT RAIN


RELATIVE HUMIDITY (PERCENT)
 HIGHEST    93           100 AM
 LOWEST     59           200 PM
 AVERAGE    76

..........................................................


THE BINGHAMTON NY CLIMATE NORMALS FOR TODAY
                         NORMAL    RECORD    YEAR
 MAXIMUM TEMPERATURE (F)   77        95      2002
 MINIMUM TEMPERATURE (F)   59        46      1964


SUNRISE AND SUNSET
AUGUST 14 2016........SUNRISE   611 AM EDT   SUNSET   805 PM EDT
AUGUST 15 2016........SUNRISE   612 AM EDT   SUNSET   804 PM EDT


-  INDICATES NEGATIVE NUMBERS.
R  INDICATES RECORD WAS SET OR TIED.
MM INDICATES DATA IS MISSING.
T  INDICATES TRACE AMOUNT.




$$
