000
CDUS41 KBGM 050232
CLIBGM


CLIMATE REPORT
NATIONAL WEATHER SERVICE BINGHAMTON NY
1031 PM EDT FRI AUG 4 2017


...................................

...THE BINGHAMTON NY CLIMATE SUMMARY FOR AUGUST 4 2017...
VALID AS OF 1000 PM LOCAL TIME.

CLIMATE NORMAL PERIOD 1981 TO 2010
CLIMATE RECORD PERIOD 1951 TO 2017


WEATHER ITEM   OBSERVED TIME   RECORD YEAR NORMAL DEPARTURE LAST
                VALUE   (LST)  VALUE       VALUE  FROM      YEAR
                                                  NORMAL
..................................................................
TEMPERATURE (F)
 TODAY
  MAXIMUM         80    313 PM  93    2005  78      2       80
  MINIMUM         64    556 AM  48    1951  60      4       59
  AVERAGE         72                        69      3       70

PRECIPITATION (IN)
  TODAY            0.16          0.78 1959   0.11   0.05     0.02
  MONTH TO DATE    0.33                      0.47  -0.14     0.54
  SINCE JUN 1     13.00                      8.48   4.52     6.47
  SINCE JAN 1     37.45                     23.23  14.22    18.86

SNOWFALL (IN)
  TODAY            0.0           0.0  2002   0.0    0.0      0.0
                                      2001
                                      2000
  MONTH TO DATE    0.0                       0.0    0.0      0.0
  SINCE JUN 1      T                         0.0    0.0      0.0
  SINCE JUL 1      0.0                       0.0    0.0      0.0
  SNOW DEPTH       0

DEGREE DAYS
 HEATING
  TODAY            0                         1     -1        0
  MONTH TO DATE    0                         4     -4        0
  SINCE JUN 1    103                       119    -16       72
  SINCE JUL 1      8                        28    -20        3

 COOLING
  TODAY            7                         4      3        5
  MONTH TO DATE   26                        16     10       18
  SINCE JUN 1    206                       228    -22      298
  SINCE JAN 1    227                       251    -24      344
..................................................................


WIND (MPH)
  HIGHEST WIND SPEED    25   HIGHEST WIND DIRECTION    SW (240)
  HIGHEST GUST SPEED    35   HIGHEST GUST DIRECTION    SW (240)
  AVERAGE WIND SPEED     7.8


SKY COVER
  AVERAGE SKY COVER 0.2


WEATHER CONDITIONS
 THE FOLLOWING WEATHER WAS RECORDED TODAY.
  THUNDERSTORM
  RAIN
  LIGHT RAIN
  FOG


RELATIVE HUMIDITY (PERCENT)
 HIGHEST    93           300 AM
 LOWEST     62           200 PM
 AVERAGE    78

..........................................................


THE BINGHAMTON NY CLIMATE NORMALS FOR TOMORROW
                         NORMAL    RECORD    YEAR
 MAXIMUM TEMPERATURE (F)   78        94      1955
 MINIMUM TEMPERATURE (F)   60        44      1972
                                             1951


SUNRISE AND SUNSET
AUGUST  4 2017........SUNRISE   600 AM EDT   SUNSET   819 PM EDT
AUGUST  5 2017........SUNRISE   601 AM EDT   SUNSET   818 PM EDT


-  INDICATES NEGATIVE NUMBERS.
R  INDICATES RECORD WAS SET OR TIED.
MM INDICATES DATA IS MISSING.
T  INDICATES TRACE AMOUNT.




$$
