000
CDUS41 KBGM 060549
CLIBGM


CLIMATE REPORT
NATIONAL WEATHER SERVICE BINGHAMTON NY
1248 AM EST SAT JAN 6 2018


...................................

...THE BINGHAMTON NY CLIMATE SUMMARY FOR JANUARY 5 2018...

CLIMATE NORMAL PERIOD 1981 TO 2010
CLIMATE RECORD PERIOD 1951 TO 2018


WEATHER ITEM   OBSERVED TIME   RECORD YEAR NORMAL DEPARTURE LAST
                VALUE   (LST)  VALUE       VALUE  FROM      YEAR
                                                  NORMAL
..................................................................
TEMPERATURE (F)
 YESTERDAY
  MAXIMUM          4   1214 AM  57    2007  29    -25       24
  MINIMUM         -3   1159 PM  -5    1996  16    -19       17
  AVERAGE          1                        23    -22       21

PRECIPITATION (IN)
  YESTERDAY        T             0.35 2007   0.08  -0.08     0.03
  MONTH TO DATE    0.10                      0.40  -0.30     0.64
  SINCE DEC 1      1.51                      3.23  -1.72     4.23
  SINCE JAN 1      0.10                      0.40  -0.30     0.64

SNOWFALL (IN)
  YESTERDAY        0.3           5.0  2001   0.6   -0.3      0.4
  MONTH TO DATE    2.8                       3.4   -0.6      0.5
  SINCE DEC 1     14.1                      21.2   -7.1     30.3
  SINCE JUL 1     15.9                      28.0  -12.1     58.9
  SNOW DEPTH       5

DEGREE DAYS
 HEATING
  YESTERDAY       64                        42     22       44
  MONTH TO DATE  287                       210     77      180
  SINCE DEC 1   1559                      1380    179     1356
  SINCE JUL 1   2957                      2955      2     2705

 COOLING
  YESTERDAY        0                         0      0        0
  MONTH TO DATE    0                         0      0        0
  SINCE DEC 1      0                         0      0        0
  SINCE JAN 1      0                         0      0        0
..................................................................


WIND (MPH)
  HIGHEST WIND SPEED    26   HIGHEST WIND DIRECTION     W (290)
  HIGHEST GUST SPEED    39   HIGHEST GUST DIRECTION     W (290)
  AVERAGE WIND SPEED    17.4


SKY COVER
  AVERAGE SKY COVER 1.0


WEATHER CONDITIONS
 THE FOLLOWING WEATHER WAS RECORDED YESTERDAY.
  LIGHT SNOW
  HAZE
  BLOWING SNOW


RELATIVE HUMIDITY (PERCENT)
 HIGHEST    87           100 AM
 LOWEST     57           300 PM
 AVERAGE    72

..........................................................


THE BINGHAMTON NY CLIMATE NORMALS FOR TODAY
                         NORMAL    RECORD    YEAR
 MAXIMUM TEMPERATURE (F)   29        60      2007
 MINIMUM TEMPERATURE (F)   16        -7      1996


SUNRISE AND SUNSET
JANUARY  6 2018.......SUNRISE   733 AM EST   SUNSET   447 PM EST
JANUARY  7 2018.......SUNRISE   732 AM EST   SUNSET   448 PM EST


-  INDICATES NEGATIVE NUMBERS.
R  INDICATES RECORD WAS SET OR TIED.
MM INDICATES DATA IS MISSING.
T  INDICATES TRACE AMOUNT.




$$
