000
CDUS41 KBGM 230553
CLIBGM


CLIMATE REPORT
NATIONAL WEATHER SERVICE BINGHAMTON NY
1252 AM EST MON FEB 23 2015


...................................

...THE BINGHAMTON NY CLIMATE SUMMARY FOR FEBRUARY 22 2015...

CLIMATE NORMAL PERIOD 1981 TO 2010
CLIMATE RECORD PERIOD 1951 TO 2015


WEATHER ITEM   OBSERVED TIME   RECORD YEAR NORMAL DEPARTURE LAST
                VALUE   (LST)  VALUE       VALUE  FROM      YEAR
                                                  NORMAL
..................................................................
TEMPERATURE (F)
 YESTERDAY
  MAXIMUM         32    331 PM  60    1997  34     -2       45
  MINIMUM         19   1048 PM  -5    1963  19      0       31
  AVERAGE         26                        26      0       38

PRECIPITATION (IN)
  YESTERDAY        T             0.64 1974   0.08  -0.08     0.00
  MONTH TO DATE    2.01                      1.78   0.23     2.74
  SINCE DEC 1      7.24                      7.06   0.18     9.12
  SINCE JAN 1      3.94                      4.23  -0.29     5.68

SNOWFALL (IN)
  YESTERDAY        0.1           2.9  1980   0.6   -0.5      0.0
  MONTH TO DATE   32.7                      13.4   19.3     25.4
  SINCE DEC 1     61.9                      53.4    8.5     73.6
  SINCE JUL 1     75.6                      60.2   15.4     81.8
  SNOW DEPTH      18

DEGREE DAYS
 HEATING
  YESTERDAY       39                        39      0       27
  MONTH TO DATE 1135                       899    236      967
  SINCE DEC 1   3664                      3396    268     3586
  SINCE JUL 1   5199                      4971    228     5177

 COOLING
  YESTERDAY        0                         0      0        0
  MONTH TO DATE    0                         0      0        0
  SINCE DEC 1      0                         0      0        0
  SINCE JAN 1      0                         0      0        0
..................................................................


WIND (MPH)
  HIGHEST WIND SPEED    16   HIGHEST WIND DIRECTION    NW (320)
  HIGHEST GUST SPEED    24   HIGHEST GUST DIRECTION    NW (330)
  AVERAGE WIND SPEED     4.7


SKY COVER
  AVERAGE SKY COVER 0.9


WEATHER CONDITIONS
 THE FOLLOWING WEATHER WAS RECORDED YESTERDAY.
  LIGHT SNOW
  FOG


RELATIVE HUMIDITY (PERCENT)
 HIGHEST    91          1200 AM
 LOWEST     63           200 PM
 AVERAGE    77

..........................................................


THE BINGHAMTON NY CLIMATE NORMALS FOR TODAY
                         NORMAL    RECORD    YEAR
 MAXIMUM TEMPERATURE (F)   34        60      1985
 MINIMUM TEMPERATURE (F)   19        -5      1972


SUNRISE AND SUNSET
FEBRUARY 23 2015......SUNRISE   649 AM EST   SUNSET   546 PM EST
FEBRUARY 24 2015......SUNRISE   647 AM EST   SUNSET   547 PM EST


-  INDICATES NEGATIVE NUMBERS.
R  INDICATES RECORD WAS SET OR TIED.
MM INDICATES DATA IS MISSING.
T  INDICATES TRACE AMOUNT.




$$
