000
CDUS41 KBGM 190650
CLIBGM


CLIMATE REPORT
NATIONAL WEATHER SERVICE BINGHAMTON NY
149 AM EST FRI DEC 19 2014


...................................

...THE BINGHAMTON NY CLIMATE SUMMARY FOR DECEMBER 18 2014...

CLIMATE NORMAL PERIOD 1981 TO 2010
CLIMATE RECORD PERIOD 1951 TO 2014


WEATHER ITEM   OBSERVED TIME   RECORD YEAR NORMAL DEPARTURE LAST
                VALUE   (LST)  VALUE       VALUE  FROM      YEAR
                                                  NORMAL
..................................................................
TEMPERATURE (F)
 YESTERDAY
  MAXIMUM         30    109 AM  50    2006  32     -2       27
  MINIMUM         27   1159 PM  -1    1989  20      7       17
  AVERAGE         29                        26      3       22

PRECIPITATION (IN)
  YESTERDAY        T             0.90 1990   0.09  -0.09     0.03
  MONTH TO DATE    2.18                      1.75   0.43     1.34
  SINCE DEC 1      2.18                      1.75   0.43     1.34
  SINCE JAN 1     38.51                     38.22   0.29    40.85

SNOWFALL (IN)
  YESTERDAY        0.1           6.1  1951   0.6   -0.5      1.5
  MONTH TO DATE   11.2                       9.6    1.6     16.2
  SINCE DEC 1     11.2                       9.6    1.6     16.2
  SINCE JUL 1     24.9                      16.4    8.5     24.4
  SNOW DEPTH       T

DEGREE DAYS
 HEATING
  YESTERDAY       36                        39     -3       43
  MONTH TO DATE  641                       644     -3      707
  SINCE DEC 1    641                       644     -3      707
  SINCE JUL 1   2176                      2219    -43     2298

 COOLING
  YESTERDAY        0                         0      0        0
  MONTH TO DATE    0                         0      0        0
  SINCE DEC 1      0                         0      0        0
  SINCE JAN 1    341                       381    -40      480
..................................................................


WIND (MPH)
  HIGHEST WIND SPEED    23   HIGHEST WIND DIRECTION     W (280)
  HIGHEST GUST SPEED    31   HIGHEST GUST DIRECTION     W (280)
  AVERAGE WIND SPEED    11.6


SKY COVER
  AVERAGE SKY COVER 1.0


WEATHER CONDITIONS
 THE FOLLOWING WEATHER WAS RECORDED YESTERDAY.
  LIGHT SNOW
  FOG


RELATIVE HUMIDITY (PERCENT)
 HIGHEST   100           500 PM
 LOWEST     75           500 AM
 AVERAGE    88

..........................................................


THE BINGHAMTON NY CLIMATE NORMALS FOR TODAY
                         NORMAL    RECORD    YEAR
 MAXIMUM TEMPERATURE (F)   32        53      1957
 MINIMUM TEMPERATURE (F)   20        -2      1973


SUNRISE AND SUNSET
DECEMBER 19 2014......SUNRISE   728 AM EST   SUNSET   434 PM EST
DECEMBER 20 2014......SUNRISE   729 AM EST   SUNSET   434 PM EST


-  INDICATES NEGATIVE NUMBERS.
R  INDICATES RECORD WAS SET OR TIED.
MM INDICATES DATA IS MISSING.
T  INDICATES TRACE AMOUNT.




$$

HEDEN
