000
CDUS41 KBGM 210602
CLIBGM


CLIMATE REPORT
NATIONAL WEATHER SERVICE BINGHAMTON NY
101 AM EST FRI NOV 21 2014


...................................

...THE BINGHAMTON NY CLIMATE SUMMARY FOR NOVEMBER 20 2014...

CLIMATE NORMAL PERIOD 1981 TO 2010
CLIMATE RECORD PERIOD 1951 TO 2014


WEATHER ITEM   OBSERVED TIME   RECORD YEAR NORMAL DEPARTURE LAST
                VALUE   (LST)  VALUE       VALUE  FROM      YEAR
                                                  NORMAL
..................................................................
TEMPERATURE (F)
 YESTERDAY
  MAXIMUM         32   1214 PM  73    1991  43    -11       38
  MINIMUM         20   1159 PM  10    1986  30    -10       19
  AVERAGE         26                        37    -11       29

PRECIPITATION (IN)
  YESTERDAY        T             0.90 1986   0.11  -0.11     0.00
  MONTH TO DATE    1.15                      2.19  -1.04     1.56
  SINCE SEP 1      6.35                      9.15  -2.80     7.28
  SINCE JAN 1     35.38                     35.36   0.02    37.57

SNOWFALL (IN)
  YESTERDAY        T             3.1  1961   0.2   -0.2      0.0
  MONTH TO DATE    2.9                       2.8    0.1      2.0
  SINCE SEP 1      2.9                       3.8   -0.9      2.0
  SINCE JUL 1      2.9                       3.8   -0.9      2.0
  SNOW DEPTH       0

DEGREE DAYS
 HEATING
  YESTERDAY       39                        28     11       36
  MONTH TO DATE  562                       498     64      514
  SINCE SEP 1   1146                      1207    -61     1147
  SINCE JUL 1   1212                      1270    -58     1198

 COOLING
  YESTERDAY        0                         0      0        0
  MONTH TO DATE    0                         0      0        0
  SINCE SEP 1     39                        33      6       53
  SINCE JAN 1    341                       381    -40      480
..................................................................


WIND (MPH)
  HIGHEST WIND SPEED    22   HIGHEST WIND DIRECTION     W (260)
  HIGHEST GUST SPEED    28   HIGHEST GUST DIRECTION     W (260)
  AVERAGE WIND SPEED    12.6


SKY COVER
  AVERAGE SKY COVER 0.8


WEATHER CONDITIONS
 THE FOLLOWING WEATHER WAS RECORDED YESTERDAY.
  LIGHT SNOW


RELATIVE HUMIDITY (PERCENT)
 HIGHEST    68           700 AM
 LOWEST     39           200 PM
 AVERAGE    54

..........................................................


THE BINGHAMTON NY CLIMATE NORMALS FOR TODAY
                         NORMAL    RECORD    YEAR
 MAXIMUM TEMPERATURE (F)   43        64      1991
 MINIMUM TEMPERATURE (F)   30         8      1987


SUNRISE AND SUNSET
NOVEMBER 21 2014......SUNRISE   702 AM EST   SUNSET   438 PM EST
NOVEMBER 22 2014......SUNRISE   703 AM EST   SUNSET   437 PM EST


-  INDICATES NEGATIVE NUMBERS.
R  INDICATES RECORD WAS SET OR TIED.
MM INDICATES DATA IS MISSING.
T  INDICATES TRACE AMOUNT.




$$
