000
CDUS41 KBGM 312220
CLIBGM


CLIMATE REPORT
NATIONAL WEATHER SERVICE BINGHAMTON NY
520 PM EST SUN JAN 31 2016


...................................

...THE BINGHAMTON NY CLIMATE SUMMARY FOR JANUARY 31 2016...
VALID TODAY AS OF 0500 PM LOCAL TIME.

CLIMATE NORMAL PERIOD 1981 TO 2010
CLIMATE RECORD PERIOD 1951 TO 2016


WEATHER ITEM   OBSERVED TIME   RECORD YEAR NORMAL DEPARTURE LAST
                VALUE   (LST)  VALUE       VALUE  FROM      YEAR
                                                  NORMAL
..................................................................
TEMPERATURE (F)
 TODAY
  MAXIMUM         53    428 PM  54    2012  29     24       15
                                      1974
  MINIMUM         35    551 AM  -7    1971  16     19        2
  AVERAGE         44                        22     22        9

PRECIPITATION (IN)
  TODAY            0.00          0.87 1982   0.08  -0.08      T
  MONTH TO DATE    1.31                      2.45  -1.14     1.93
  SINCE DEC 1      4.92                      5.28  -0.36     5.23
  SINCE JAN 1      1.31                      2.45  -1.14     1.93

SNOWFALL (IN)
  TODAY            0.0           5.6  1966   0.7   -0.7      0.1
  MONTH TO DATE   10.2                      22.2  -12.0     16.1
  SINCE DEC 1     12.4                      40.0  -27.6     29.2
  SINCE JUL 1     13.5                      46.8  -33.3     42.9
  SNOW DEPTH       0

DEGREE DAYS
 HEATING
  TODAY           21                        43    -22       56
  MONTH TO DATE 1253                      1327    -74     1460
  SINCE DEC 1   2008                      2497   -489     2529
  SINCE JUL 1   3278                      4072   -794     4064

 COOLING
  TODAY            0                         0      0        0
  MONTH TO DATE    0                         0      0        0
  SINCE DEC 1      0                         0      0        0
  SINCE JAN 1      0                         0      0        0
..................................................................


WIND (MPH)
  HIGHEST WIND SPEED    17   HIGHEST WIND DIRECTION     S (200)
  HIGHEST GUST SPEED    22   HIGHEST GUST DIRECTION     S (190)
  AVERAGE WIND SPEED     6.8


SKY COVER
  AVERAGE SKY COVER 0.2


WEATHER CONDITIONS
 THE FOLLOWING WEATHER WAS RECORDED TODAY.
  NO SIGNIFICANT WEATHER WAS OBSERVED.


RELATIVE HUMIDITY (PERCENT)
 HIGHEST    52           400 AM
 LOWEST     44          1200 AM
 AVERAGE    48

..........................................................


THE BINGHAMTON NY CLIMATE NORMALS FOR TOMORROW
                         NORMAL    RECORD    YEAR
 MAXIMUM TEMPERATURE (F)   29        58      1989
 MINIMUM TEMPERATURE (F)   16       -10      1961


SUNRISE AND SUNSET
JANUARY 31 2016.......SUNRISE   719 AM EST   SUNSET   516 PM EST
FEBRUARY  1 2016......SUNRISE   718 AM EST   SUNSET   518 PM EST


-  INDICATES NEGATIVE NUMBERS.
R  INDICATES RECORD WAS SET OR TIED.
MM INDICATES DATA IS MISSING.
T  INDICATES TRACE AMOUNT.




$$
