463
CDUS41 KBGM 080317
CLIBGM


CLIMATE REPORT
NATIONAL WEATHER SERVICE BINGHAMTON NY
1016 PM EST SUN FEB 7 2016


...................................

...THE BINGHAMTON NY CLIMATE SUMMARY FOR FEBRUARY 7 2016...
VALID AS OF 1000 PM LOCAL TIME.

CLIMATE NORMAL PERIOD 1981 TO 2010
CLIMATE RECORD PERIOD 1951 TO 2016


WEATHER ITEM   OBSERVED TIME   RECORD YEAR NORMAL DEPARTURE LAST
                VALUE   (LST)  VALUE       VALUE  FROM      YEAR
                                                  NORMAL
..................................................................
TEMPERATURE (F)
 TODAY
  MAXIMUM         43    330 PM  49    2005  30     13       28
  MINIMUM         25    731 AM  -8    1993  16      9       13
  AVERAGE         34                        23     11       21

PRECIPITATION (IN)
  TODAY            0.00          0.60 1986   0.08  -0.08     0.06
  MONTH TO DATE    0.78                      0.56   0.22     0.88
  SINCE DEC 1      5.70                      5.84  -0.14     6.11
  SINCE JAN 1      2.09                      3.01  -0.92     2.81

SNOWFALL (IN)
  TODAY            0.0           8.3  1986   0.6   -0.6      0.8
  MONTH TO DATE    T                         4.3   -4.3     18.1
  SINCE DEC 1     12.4                      44.3  -31.9     47.3
  SINCE JUL 1     13.5                      51.1  -37.6     61.0
  SNOW DEPTH       0

DEGREE DAYS
 HEATING
  TODAY           31                        42    -11       44
  MONTH TO DATE  206                       294    -88      346
  SINCE DEC 1   2214                      2791   -577     2875
  SINCE JUL 1   3484                      4366   -882     4410

 COOLING
  TODAY            0                         0      0        0
  MONTH TO DATE    0                         0      0        0
  SINCE DEC 1      0                         0      0        0
  SINCE JAN 1      0                         0      0        0
..................................................................


WIND (MPH)
  HIGHEST WIND SPEED    10   HIGHEST WIND DIRECTION     S (170)
  HIGHEST GUST SPEED    14   HIGHEST GUST DIRECTION     S (170)
  AVERAGE WIND SPEED     5.1


SKY COVER
  AVERAGE SKY COVER 0.0


WEATHER CONDITIONS
 THE FOLLOWING WEATHER WAS RECORDED TODAY.
  NO SIGNIFICANT WEATHER WAS OBSERVED.


RELATIVE HUMIDITY (PERCENT)
 HIGHEST    68           200 AM
 LOWEST     39           400 PM
 AVERAGE    54

..........................................................


THE BINGHAMTON NY CLIMATE NORMALS FOR TOMORROW
                         NORMAL    RECORD    YEAR
 MAXIMUM TEMPERATURE (F)   31        46      2009
 MINIMUM TEMPERATURE (F)   16       -14      1963


SUNRISE AND SUNSET
FEBRUARY  7 2016......SUNRISE   711 AM EST   SUNSET   526 PM EST
FEBRUARY  8 2016......SUNRISE   710 AM EST   SUNSET   527 PM EST


-  INDICATES NEGATIVE NUMBERS.
R  INDICATES RECORD WAS SET OR TIED.
MM INDICATES DATA IS MISSING.
T  INDICATES TRACE AMOUNT.

$$
