000
CDUS41 KBGM 152130
CLIBGM


CLIMATE REPORT
NATIONAL WEATHER SERVICE BINGHAMTON NY
529 PM EDT FRI AUG 15 2014


...................................

...THE BINGHAMTON NY CLIMATE SUMMARY FOR AUGUST 15 2014...
VALID TODAY AS OF 0500 PM LOCAL TIME.

CLIMATE NORMAL PERIOD 1981 TO 2010
CLIMATE RECORD PERIOD 1951 TO 2014


WEATHER ITEM   OBSERVED TIME   RECORD YEAR NORMAL DEPARTURE LAST
                VALUE   (LST)  VALUE       VALUE  FROM      YEAR
                                                  NORMAL
..................................................................
TEMPERATURE (F)
 TODAY
  MAXIMUM         63    345 PM  92    1965  77    -14       69
                                      1959
  MINIMUM         52    406 AM  47    1964  59     -7       48
                                      1963
  AVERAGE         58                        68    -10       59

PRECIPITATION (IN)
  TODAY            T             0.56 1976   0.11  -0.11     0.00
  MONTH TO DATE    2.96                      1.67   1.29     3.84
  SINCE JUN 1     11.17                      9.68   1.49    15.60
  SINCE JAN 1     26.53                     24.43   2.10    28.76

SNOWFALL (IN)
  TODAY            0.0           0.0  2002   0.0    0.0      0.0
                                      2001
                                      2000
  MONTH TO DATE    0.0                       0.0    0.0      0.0
  SINCE JUN 1      T                         0.0    0.0      0.0
  SINCE JUL 1      T                         0.0    0.0      0.0
  SNOW DEPTH       0

DEGREE DAYS
 HEATING
  TODAY            7                         1      6        6
  MONTH TO DATE   16                        15      1       30
  SINCE JUN 1     86                       130    -44      131
  SINCE JUL 1     41                        39      2       44

 COOLING
  TODAY            0                         4     -4        0
  MONTH TO DATE   41                        60    -19       19
  SINCE JUN 1    249                       272    -23      322
  SINCE JAN 1    274                       295    -21      365
..................................................................


WIND (MPH)
  HIGHEST WIND SPEED    17   HIGHEST WIND DIRECTION    NW (300)
  HIGHEST GUST SPEED    23   HIGHEST GUST DIRECTION    NW (300)
  AVERAGE WIND SPEED     9.2


SKY COVER
  AVERAGE SKY COVER 1.0


WEATHER CONDITIONS
 THE FOLLOWING WEATHER WAS RECORDED TODAY.
  LIGHT RAIN


RELATIVE HUMIDITY (PERCENT)
 HIGHEST    83           300 AM
 LOWEST     56          1200 PM
 AVERAGE    70

..........................................................


THE BINGHAMTON NY CLIMATE NORMALS FOR TOMORROW
                         NORMAL    RECORD    YEAR
 MAXIMUM TEMPERATURE (F)   77        91      2002
 MINIMUM TEMPERATURE (F)   59        46      1972


SUNRISE AND SUNSET
AUGUST 15 2014........SUNRISE   611 AM EDT   SUNSET   805 PM EDT
AUGUST 16 2014........SUNRISE   612 AM EDT   SUNSET   803 PM EDT


-  INDICATES NEGATIVE NUMBERS.
R  INDICATES RECORD WAS SET OR TIED.
MM INDICATES DATA IS MISSING.
T  INDICATES TRACE AMOUNT.




$$

HEDEN
