000
CDUS41 KBGM 290552
CLIBGM


CLIMATE REPORT
NATIONAL WEATHER SERVICE BINGHAMTON NY
151 AM EDT MON JUN 29 2015


...................................

...THE BINGHAMTON NY CLIMATE SUMMARY FOR JUNE 28 2015...

CLIMATE NORMAL PERIOD 1981 TO 2010
CLIMATE RECORD PERIOD 1951 TO 2015


WEATHER ITEM   OBSERVED TIME   RECORD YEAR NORMAL DEPARTURE LAST
                VALUE   (LST)  VALUE       VALUE  FROM      YEAR
                                                  NORMAL
..................................................................
TEMPERATURE (F)
 YESTERDAY
  MAXIMUM         63    212 PM  92    1991  76    -13       80
  MINIMUM         52    624 AM  47    1970  58     -6       59
  AVERAGE         58                        67     -9       70

PRECIPITATION (IN)
  YESTERDAY        0.82          2.28 1999   0.13   0.69     0.00
  MONTH TO DATE    8.63                      4.03   4.60     4.37
  SINCE JUN 1      8.63                      4.03   4.60     4.37
  SINCE JAN 1     22.18                     18.78   3.40    19.73

SNOWFALL (IN)
  YESTERDAY        0.0           0.0  2002   0.0    0.0      0.0
                                      2001
  MONTH TO DATE    0.0                       0.0    0.0      0.0
  SINCE JUN 1      0.0                       0.0    0.0      0.0
  SINCE JUL 1     93.4                      83.4   10.0     85.4
  SNOW DEPTH       0

DEGREE DAYS
 HEATING
  YESTERDAY        7                         1      6        0
  MONTH TO DATE   75                        88    -13       45
  SINCE JUN 1     75                        88    -13       45
  SINCE JUL 1   7533                      7192    341     7539

 COOLING
  YESTERDAY        0                         4     -4        5
  MONTH TO DATE   50                        66    -16       68
  SINCE JUN 1     50                        66    -16       68
  SINCE JAN 1    123                        89     34       93
..................................................................


WIND (MPH)
  HIGHEST WIND SPEED    24   HIGHEST WIND DIRECTION    SE (120)
  HIGHEST GUST SPEED    32   HIGHEST GUST DIRECTION    SE (120)
  AVERAGE WIND SPEED     7.0


SKY COVER
  AVERAGE SKY COVER 1.0


WEATHER CONDITIONS
 THE FOLLOWING WEATHER WAS RECORDED YESTERDAY.
  HEAVY RAIN
  RAIN
  LIGHT RAIN
  FOG
  FOG W/VISIBILITY <= 1/4 MILE


RELATIVE HUMIDITY (PERCENT)
 HIGHEST   100           400 AM
 LOWEST     83           100 AM
 AVERAGE    92

..........................................................


THE BINGHAMTON NY CLIMATE NORMALS FOR TODAY
                         NORMAL    RECORD    YEAR
 MAXIMUM TEMPERATURE (F)   77        90      2012
 MINIMUM TEMPERATURE (F)   58        46      1988


SUNRISE AND SUNSET
JUNE 29 2015..........SUNRISE   530 AM EDT   SUNSET   844 PM EDT
JUNE 30 2015..........SUNRISE   531 AM EDT   SUNSET   844 PM EDT


-  INDICATES NEGATIVE NUMBERS.
R  INDICATES RECORD WAS SET OR TIED.
MM INDICATES DATA IS MISSING.
T  INDICATES TRACE AMOUNT.




$$

HEDEN
