000
CDUS41 KBGM 030530
CLIBGM


CLIMATE REPORT
NATIONAL WEATHER SERVICE BINGHAMTON NY
1228 AM EST SUN DEC 3 2017


...................................

...THE BINGHAMTON NY CLIMATE SUMMARY FOR DECEMBER 2 2017...

CLIMATE NORMAL PERIOD 1981 TO 2010
CLIMATE RECORD PERIOD 1951 TO 2017


WEATHER ITEM   OBSERVED TIME   RECORD YEAR NORMAL DEPARTURE LAST
                VALUE   (LST)  VALUE       VALUE  FROM      YEAR
                                                  NORMAL
..................................................................
TEMPERATURE (F)
 YESTERDAY
  MAXIMUM         39    355 PM  60    1982  38      1       37
  MINIMUM         25    509 AM   0    1976  26     -1       31
  AVERAGE         32                        32      0       34

PRECIPITATION (IN)
  YESTERDAY        0.00          0.71 2015   0.11  -0.11     0.07
  MONTH TO DATE    0.00                      0.21  -0.21     0.46
  SINCE DEC 1      0.00                      0.21  -0.21     0.46
  SINCE JAN 1     46.89                     36.68  10.21    32.98

SNOWFALL (IN)
  YESTERDAY        0.0           4.6  2005   0.5   -0.5      0.1
  MONTH TO DATE    0.0                       0.9   -0.9      0.1
  SINCE DEC 1      0.0                       0.9   -0.9      0.1
  SINCE JUL 1      1.8                       7.7   -5.9     28.7
  SNOW DEPTH       0

DEGREE DAYS
 HEATING
  YESTERDAY       33                        33      0       31
  MONTH TO DATE   63                        66     -3       55
  SINCE DEC 1     63                        66     -3       55
  SINCE JUL 1   1461                      1641   -180     1404

 COOLING
  YESTERDAY        0                         0      0        0
  MONTH TO DATE    0                         0      0        0
  SINCE DEC 1      0                         0      0        0
  SINCE JAN 1    349                       381    -32      563
..................................................................


WIND (MPH)
  HIGHEST WIND SPEED    10   HIGHEST WIND DIRECTION     S (160)
  HIGHEST GUST SPEED    13   HIGHEST GUST DIRECTION    SE (150)
  AVERAGE WIND SPEED     3.5


SKY COVER
  AVERAGE SKY COVER 0.2


WEATHER CONDITIONS
 THE FOLLOWING WEATHER WAS RECORDED YESTERDAY.
  NO SIGNIFICANT WEATHER WAS OBSERVED.


RELATIVE HUMIDITY (PERCENT)
 HIGHEST    92           600 AM
 LOWEST     64          1200 PM
 AVERAGE    78

..........................................................


THE BINGHAMTON NY CLIMATE NORMALS FOR TODAY
                         NORMAL    RECORD    YEAR
 MAXIMUM TEMPERATURE (F)   38        58      1998
 MINIMUM TEMPERATURE (F)   25        -1      1976


SUNRISE AND SUNSET
DECEMBER  3 2017......SUNRISE   715 AM EST   SUNSET   432 PM EST
DECEMBER  4 2017......SUNRISE   716 AM EST   SUNSET   432 PM EST


-  INDICATES NEGATIVE NUMBERS.
R  INDICATES RECORD WAS SET OR TIED.
MM INDICATES DATA IS MISSING.
T  INDICATES TRACE AMOUNT.




$$
