000
CDUS41 KBGM 060607
CLIBGM


CLIMATE REPORT
NATIONAL WEATHER SERVICE BINGHAMTON NY
206 AM EDT FRI OCT 6 2017


...................................

...THE BINGHAMTON NY CLIMATE SUMMARY FOR OCTOBER 5 2017...

CLIMATE NORMAL PERIOD 1981 TO 2010
CLIMATE RECORD PERIOD 1951 TO 2017


WEATHER ITEM   OBSERVED TIME   RECORD YEAR NORMAL DEPARTURE LAST
                VALUE   (LST)  VALUE       VALUE  FROM      YEAR
                                                  NORMAL
..................................................................
TEMPERATURE (F)
 YESTERDAY
  MAXIMUM         73    402 PM  85    1951  61     12       65
  MINIMUM         57   1159 PM  27    1996  43     14       43
                                      1965
  AVERAGE         65                        52     13       54

PRECIPITATION (IN)
  YESTERDAY        0.03          1.16 2000   0.12  -0.09     0.00
  MONTH TO DATE    0.03                      0.56  -0.53     0.41
  SINCE SEP 1      1.29                      4.19  -2.90     1.44
  SINCE JAN 1     41.03                     30.40  10.63    24.99

SNOWFALL (IN)
  YESTERDAY        0.0           T    1994   0.0    0.0      0.0
  MONTH TO DATE    0.0                       0.0    0.0      0.0
  SINCE SEP 1      0.0                       0.0    0.0      0.0
  SINCE JUL 1      0.0                       0.0    0.0      0.0
  SNOW DEPTH       0

DEGREE DAYS
 HEATING
  YESTERDAY        0                        13    -13       11
  MONTH TO DATE   37                        62    -25       47
  SINCE SEP 1    192                       256    -64      161
  SINCE JUL 1    273                       319    -46      170

 COOLING
  YESTERDAY        0                         0      0        0
  MONTH TO DATE    0                         0      0        0
  SINCE SEP 1     69                        31     38       48
  SINCE JAN 1    340                       379    -39      559
..................................................................


WIND (MPH)
  HIGHEST WIND SPEED    18   HIGHEST WIND DIRECTION     N (350)
  HIGHEST GUST SPEED    23   HIGHEST GUST DIRECTION     N (360)
  AVERAGE WIND SPEED     5.5


SKY COVER
  AVERAGE SKY COVER 0.5


WEATHER CONDITIONS
 THE FOLLOWING WEATHER WAS RECORDED YESTERDAY.
  LIGHT RAIN
  FOG


RELATIVE HUMIDITY (PERCENT)
 HIGHEST    90           100 AM
 LOWEST     44           200 PM
 AVERAGE    67

..........................................................


THE BINGHAMTON NY CLIMATE NORMALS FOR TODAY
                         NORMAL    RECORD    YEAR
 MAXIMUM TEMPERATURE (F)   60        82      2007
 MINIMUM TEMPERATURE (F)   43        25      1958


SUNRISE AND SUNSET
OCTOBER  6 2017.......SUNRISE   707 AM EDT   SUNSET   636 PM EDT
OCTOBER  7 2017.......SUNRISE   708 AM EDT   SUNSET   635 PM EDT


-  INDICATES NEGATIVE NUMBERS.
R  INDICATES RECORD WAS SET OR TIED.
MM INDICATES DATA IS MISSING.
T  INDICATES TRACE AMOUNT.




$$
