000
CDUS41 KBGM 130556
CLIBGM


CLIMATE REPORT
NATIONAL WEATHER SERVICE BINGHAMTON NY
1256 AM EST SAT DEC 13 2014


...................................

...THE BINGHAMTON NY CLIMATE SUMMARY FOR DECEMBER 12 2014...

CLIMATE NORMAL PERIOD 1981 TO 2010
CLIMATE RECORD PERIOD 1951 TO 2014


WEATHER ITEM   OBSERVED TIME   RECORD YEAR NORMAL DEPARTURE LAST
                VALUE   (LST)  VALUE       VALUE  FROM      YEAR
                                                  NORMAL
..................................................................
TEMPERATURE (F)
 YESTERDAY
  MAXIMUM         28   1046 PM  58    1979  34     -6       19
  MINIMUM         21    355 AM -11    1988  22     -1        8
  AVERAGE         25                        28     -3       14

PRECIPITATION (IN)
  YESTERDAY        T             1.03 1983   0.10  -0.10      T
  MONTH TO DATE    1.98                      1.23   0.75     0.67
  SINCE DEC 1      1.98                      1.23   0.75     0.67
  SINCE JAN 1     38.31                     37.70   0.61    40.18

SNOWFALL (IN)
  YESTERDAY        T             4.8  1970   0.5   -0.5      0.6
  MONTH TO DATE   10.9                       6.1    4.8      5.1
  SINCE DEC 1     10.9                       6.1    4.8      5.1
  SINCE JUL 1     24.6                      12.9   11.7     13.3
  SNOW DEPTH       7

DEGREE DAYS
 HEATING
  YESTERDAY       40                        37      3       51
  MONTH TO DATE  443                       417     26      428
  SINCE DEC 1    443                       417     26      428
  SINCE JUL 1   1978                      1992    -14     2019

 COOLING
  YESTERDAY        0                         0      0        0
  MONTH TO DATE    0                         0      0        0
  SINCE DEC 1      0                         0      0        0
  SINCE JAN 1    341                       381    -40      480
..................................................................


WIND (MPH)
  HIGHEST WIND SPEED    18   HIGHEST WIND DIRECTION     N (340)
  HIGHEST GUST SPEED    24   HIGHEST GUST DIRECTION     N (340)
  AVERAGE WIND SPEED     8.6


SKY COVER
  AVERAGE SKY COVER 1.0


WEATHER CONDITIONS
 THE FOLLOWING WEATHER WAS RECORDED YESTERDAY.
  LT FREEZING RAIN
  LIGHT SNOW
  FOG


RELATIVE HUMIDITY (PERCENT)
 HIGHEST   100           700 AM
 LOWEST     81          1000 AM
 AVERAGE    91

..........................................................


THE BINGHAMTON NY CLIMATE NORMALS FOR TODAY
                         NORMAL    RECORD    YEAR
 MAXIMUM TEMPERATURE (F)   34        56      1984
 MINIMUM TEMPERATURE (F)   22        -1      1976


SUNRISE AND SUNSET
DECEMBER 13 2014......SUNRISE   724 AM EST   SUNSET   432 PM EST
DECEMBER 14 2014......SUNRISE   725 AM EST   SUNSET   432 PM EST


-  INDICATES NEGATIVE NUMBERS.
R  INDICATES RECORD WAS SET OR TIED.
MM INDICATES DATA IS MISSING.
T  INDICATES TRACE AMOUNT.




$$
