000
CDUS41 KBGM 122123
CLIBGM


CLIMATE REPORT
NATIONAL WEATHER SERVICE BINGHAMTON NY
523 PM EDT FRI AUG 12 2016


...................................

...THE BINGHAMTON NY CLIMATE SUMMARY FOR AUGUST 12 2016...
VALID TODAY AS OF 0500 PM LOCAL TIME.

CLIMATE NORMAL PERIOD 1981 TO 2010
CLIMATE RECORD PERIOD 1951 TO 2016


WEATHER ITEM   OBSERVED TIME   RECORD YEAR NORMAL DEPARTURE LAST
                VALUE   (LST)  VALUE       VALUE  FROM      YEAR
                                                  NORMAL
..................................................................
TEMPERATURE (F)
 TODAY
  MAXIMUM         87    359 PM  91    2002  77     10       72
  MINIMUM         69    434 AM  45    1971  59     10       55
  AVERAGE         78                        68     10       64

PRECIPITATION (IN)
  TODAY            0.00          1.54 2014   0.10  -0.10     0.08
  MONTH TO DATE    2.34                      1.34   0.00     1.71
  SINCE JUN 1      8.27                      9.35  -1.08    16.60
  SINCE JAN 1     20.66                     24.10  -3.44    30.15

SNOWFALL (IN)
  TODAY            0.0           0.0  2002   0.0    0.0      0.0
                                      2001
                                      2000
  MONTH TO DATE    0.0                       0.0    0.0      0.0
  SINCE JUN 1      0.0                       0.0    0.0       T
  SINCE JUL 1      0.0                       0.0    0.0       T
  SNOW DEPTH       0

DEGREE DAYS
 HEATING
  TODAY            0                         1     -1        1
  MONTH TO DATE    0                        12    -12        6
  SINCE JUN 1     72                       127    -55      107
  SINCE JUL 1      3                        36    -33       30

 COOLING
  TODAY           13                         4      9        0
  MONTH TO DATE   77                        48     29       24
  SINCE JUN 1    357                       260     97      193
  SINCE JAN 1    403                       283    120      266
..................................................................


WIND (MPH)
  HIGHEST WIND SPEED    17   HIGHEST WIND DIRECTION    SW (240)
  HIGHEST GUST SPEED    24   HIGHEST GUST DIRECTION     W (260)
  AVERAGE WIND SPEED     9.3


SKY COVER
  AVERAGE SKY COVER 0.4


WEATHER CONDITIONS
 THE FOLLOWING WEATHER WAS RECORDED TODAY.
  NO SIGNIFICANT WEATHER WAS OBSERVED.


RELATIVE HUMIDITY (PERCENT)
 HIGHEST   100           500 AM
 LOWEST     61           300 PM
 AVERAGE    81

..........................................................


THE BINGHAMTON NY CLIMATE NORMALS FOR TOMORROW
                         NORMAL    RECORD    YEAR
 MAXIMUM TEMPERATURE (F)   77        91      1988
 MINIMUM TEMPERATURE (F)   59        48      2006
                                             1957


SUNRISE AND SUNSET
AUGUST 12 2016........SUNRISE   609 AM EDT   SUNSET   808 PM EDT
AUGUST 13 2016........SUNRISE   610 AM EDT   SUNSET   807 PM EDT


-  INDICATES NEGATIVE NUMBERS.
R  INDICATES RECORD WAS SET OR TIED.
MM INDICATES DATA IS MISSING.
T  INDICATES TRACE AMOUNT.




$$
