000
CDUS41 KBGM 150529
CLIBGM


CLIMATE REPORT
NATIONAL WEATHER SERVICE BINGHAMTON NY
129 AM EDT SUN MAY 15 2016


...................................

...THE BINGHAMTON NY CLIMATE SUMMARY FOR MAY 14 2016...

CLIMATE NORMAL PERIOD 1981 TO 2010
CLIMATE RECORD PERIOD 1951 TO 2016


WEATHER ITEM   OBSERVED TIME   RECORD YEAR NORMAL DEPARTURE LAST
                VALUE   (LST)  VALUE       VALUE  FROM      YEAR
                                                  NORMAL
..................................................................
TEMPERATURE (F)
 YESTERDAY
  MAXIMUM         64   1156 AM  81    1956  65     -1       64
  MINIMUM         38   1159 PM  30    2013  46     -8       36
                                      1996
  AVERAGE         51                        55     -4       50

PRECIPITATION (IN)
  YESTERDAY        0.35          0.86 2014   0.11   0.24     0.00
  MONTH TO DATE    2.47                      1.52   0.95     0.25
  SINCE MAR 1      6.70                      7.94  -1.24     6.45
  SINCE JAN 1     12.01                     12.70  -0.69    10.39

SNOWFALL (IN)
  YESTERDAY        0.0           T    2002   0.0    0.0      0.0
  MONTH TO DATE    0.0                       0.1   -0.1      0.0
  SINCE MAR 1     10.3                      19.5   -9.2     17.6
  SINCE JUL 1     32.0                      83.4  -51.4     93.4
  SNOW DEPTH       0

DEGREE DAYS
 HEATING
  YESTERDAY       14                        10      4       15
  MONTH TO DATE  204                       171     33       67
  SINCE MAR 1   1654                      1771   -117     1840
  SINCE JUL 1   6012                      6970   -958     7372

 COOLING
  YESTERDAY        0                         1     -1        0
  MONTH TO DATE    0                         2     -2       31
  SINCE MAR 1      0                         6     -6       31
  SINCE JAN 1      0                         6     -6       31
..................................................................


WIND (MPH)
  HIGHEST WIND SPEED    23   HIGHEST WIND DIRECTION     W (280)
  HIGHEST GUST SPEED    33   HIGHEST GUST DIRECTION    NW (320)
  AVERAGE WIND SPEED     9.6


SKY COVER
  AVERAGE SKY COVER 0.5


WEATHER CONDITIONS
 THE FOLLOWING WEATHER WAS RECORDED YESTERDAY.
  THUNDERSTORM
  HEAVY RAIN
  RAIN
  LIGHT RAIN
  FOG


RELATIVE HUMIDITY (PERCENT)
 HIGHEST    93           300 PM
 LOWEST     48          1200 PM
 AVERAGE    71

..........................................................


THE BINGHAMTON NY CLIMATE NORMALS FOR TODAY
                         NORMAL    RECORD    YEAR
 MAXIMUM TEMPERATURE (F)   65        85      2007
                                             1962
 MINIMUM TEMPERATURE (F)   46        36      1971
                                             1969
                                             1959


SUNRISE AND SUNSET
MAY 15 2016...........SUNRISE   542 AM EDT   SUNSET   819 PM EDT
MAY 16 2016...........SUNRISE   541 AM EDT   SUNSET   820 PM EDT


-  INDICATES NEGATIVE NUMBERS.
R  INDICATES RECORD WAS SET OR TIED.
MM INDICATES DATA IS MISSING.
T  INDICATES TRACE AMOUNT.




$$
