000
CDUS41 KBGM 110552
CLIBGM


CLIMATE REPORT
NATIONAL WEATHER SERVICE BINGHAMTON NY
152 AM EDT MON SEP 11 2017


...................................

...THE BINGHAMTON NY CLIMATE SUMMARY FOR SEPTEMBER 10 2017...

CLIMATE NORMAL PERIOD 1981 TO 2010
CLIMATE RECORD PERIOD 1951 TO 2017


WEATHER ITEM   OBSERVED TIME   RECORD YEAR NORMAL DEPARTURE LAST
                VALUE   (LST)  VALUE       VALUE  FROM      YEAR
                                                  NORMAL
..................................................................
TEMPERATURE (F)
 YESTERDAY
  MAXIMUM         63    243 PM  92    1964  71     -8       83
  MINIMUM         45    542 AM  36    1956  53     -8       64
  AVERAGE         54                        62     -8       74

PRECIPITATION (IN)
  YESTERDAY        0.00          1.34 1968   0.12  -0.12     0.03
  MONTH TO DATE    0.94                      1.16  -0.22     0.13
  SINCE SEP 1      0.94                      1.16  -0.22     0.13
  SINCE JAN 1     40.68                     27.37  13.31    23.68

SNOWFALL (IN)
  YESTERDAY        0.0           T    1993   0.0    0.0      0.0
  MONTH TO DATE    0.0                       0.0    0.0      0.0
  SINCE SEP 1      0.0                       0.0    0.0      0.0
  SINCE JUL 1      0.0                       0.0    0.0      0.0
  SNOW DEPTH       0

DEGREE DAYS
 HEATING
  YESTERDAY       11                         5      6        0
  MONTH TO DATE   97                        36     61        8
  SINCE SEP 1     97                        36     61        8
  SINCE JUL 1    178                        99     79       17

 COOLING
  YESTERDAY        0                         1     -1        9
  MONTH TO DATE    0                        17    -17       36
  SINCE SEP 1      0                        17    -17       36
  SINCE JAN 1    271                       365    -94      547
..................................................................


WIND (MPH)
  HIGHEST WIND SPEED    15   HIGHEST WIND DIRECTION     N (350)
  HIGHEST GUST SPEED    22   HIGHEST GUST DIRECTION     N (350)
  AVERAGE WIND SPEED     7.6


SKY COVER
  AVERAGE SKY COVER 0.1


WEATHER CONDITIONS
 THE FOLLOWING WEATHER WAS RECORDED YESTERDAY.
  NO SIGNIFICANT WEATHER WAS OBSERVED.


RELATIVE HUMIDITY (PERCENT)
 HIGHEST   100          1200 AM
 LOWEST     48           200 PM
 AVERAGE    74

..........................................................


THE BINGHAMTON NY CLIMATE NORMALS FOR TODAY
                         NORMAL    RECORD    YEAR
 MAXIMUM TEMPERATURE (F)   70        88      2013
 MINIMUM TEMPERATURE (F)   53        38      1995


SUNRISE AND SUNSET
SEPTEMBER 11 2017.....SUNRISE   640 AM EDT   SUNSET   720 PM EDT
SEPTEMBER 12 2017.....SUNRISE   641 AM EDT   SUNSET   718 PM EDT


-  INDICATES NEGATIVE NUMBERS.
R  INDICATES RECORD WAS SET OR TIED.
MM INDICATES DATA IS MISSING.
T  INDICATES TRACE AMOUNT.




$$
