000
CDUS41 KBGM 270820
CLIBGM


CLIMATE REPORT
NATIONAL WEATHER SERVICE BINGHAMTON NY
320 AM EST SUN NOV 27 2016


...................................

...THE BINGHAMTON NY CLIMATE SUMMARY FOR NOVEMBER 26 2016...

CLIMATE NORMAL PERIOD 1981 TO 2010
CLIMATE RECORD PERIOD 1951 TO 2016


WEATHER ITEM   OBSERVED TIME   RECORD YEAR NORMAL DEPARTURE LAST
                VALUE   (LST)  VALUE       VALUE  FROM      YEAR
                                                  NORMAL
..................................................................
TEMPERATURE (F)
 YESTERDAY
  MAXIMUM         36    351 PM  63    1979  41     -5       51
  MINIMUM         32   1159 PM  13    1974  28      4       36
  AVERAGE         34                        34      0       44

PRECIPITATION (IN)
  YESTERDAY        0.07          1.67 1986   0.11  -0.04     0.00
  MONTH TO DATE    1.87                      2.86  -0.99     2.56
  SINCE SEP 1      8.73                      9.82  -1.09     7.50
  SINCE JAN 1     32.28                     36.03  -3.75    39.02

SNOWFALL (IN)
  YESTERDAY        T             9.0  2014   0.3   -0.3      0.0
  MONTH TO DATE   27.6                       4.5   23.1      0.8
  SINCE SEP 1     28.6                       5.5   23.1      1.1
  SINCE JUL 1     28.6                       5.5   23.1      1.1
  SNOW DEPTH       2

DEGREE DAYS
 HEATING
  YESTERDAY       31                        31      0       21
  MONTH TO DATE  641                       677    -36      512
  SINCE SEP 1   1243                      1386   -143     1114
  SINCE JUL 1   1252                      1449   -197     1163

 COOLING
  YESTERDAY        0                         0      0        0
  MONTH TO DATE    0                         0      0        0
  SINCE SEP 1     52                        33     19      101
  SINCE JAN 1    563                       381    182      443
..................................................................


WIND (MPH)
  HIGHEST WIND SPEED    10   HIGHEST WIND DIRECTION     W (280)
  HIGHEST GUST SPEED    14   HIGHEST GUST DIRECTION     W (280)
  AVERAGE WIND SPEED     5.8


SKY COVER
  AVERAGE SKY COVER 1.0


WEATHER CONDITIONS
 THE FOLLOWING WEATHER WAS RECORDED YESTERDAY.
  LIGHT RAIN
  LIGHT SNOW
  FOG
  FOG W/VISIBILITY <= 1/4 MILE


RELATIVE HUMIDITY (PERCENT)
 HIGHEST   100          1200 AM
 LOWEST     92           300 AM
 AVERAGE    96

..........................................................


THE BINGHAMTON NY CLIMATE NORMALS FOR TODAY
                         NORMAL    RECORD    YEAR
 MAXIMUM TEMPERATURE (F)   40        61      1984
 MINIMUM TEMPERATURE (F)   28         8      1951


SUNRISE AND SUNSET
NOVEMBER 27 2016......SUNRISE   709 AM EST   SUNSET   434 PM EST
NOVEMBER 28 2016......SUNRISE   710 AM EST   SUNSET   434 PM EST


-  INDICATES NEGATIVE NUMBERS.
R  INDICATES RECORD WAS SET OR TIED.
MM INDICATES DATA IS MISSING.
T  INDICATES TRACE AMOUNT.




$$
