000
CDUS41 KBGM 150636
CLIBGM


CLIMATE REPORT
NATIONAL WEATHER SERVICE BINGHAMTON NY
235 AM EDT TUE JUL 15 2014


...................................

...THE BINGHAMTON NY CLIMATE SUMMARY FOR JULY 14 2014...

CLIMATE NORMAL PERIOD 1981 TO 2010
CLIMATE RECORD PERIOD 1951 TO 2014


WEATHER ITEM   OBSERVED TIME   RECORD YEAR NORMAL DEPARTURE LAST
                VALUE   (LST)  VALUE       VALUE  FROM      YEAR
                                                  NORMAL
..................................................................
TEMPERATURE (F)
 YESTERDAY
  MAXIMUM         80   1227 PM  93    1995  78      2       85
                                      1954
  MINIMUM         66    552 AM  50    2009  60      6       67
  AVERAGE         73                        69      4       76

PRECIPITATION (IN)
  YESTERDAY        0.01          0.95 1954   0.11  -0.10     0.00
  MONTH TO DATE    2.51                      1.70   0.81     4.29
  SINCE JUN 1      6.88                      6.01   0.87     9.53
  SINCE JAN 1     22.24                     20.76   1.48    22.69

SNOWFALL (IN)
  YESTERDAY        0.0           T    1954   0.0    0.0      0.0
  MONTH TO DATE    0.0                       0.0    0.0      0.0
  SINCE JUN 1      0.0                       0.0    0.0      0.0
  SINCE JUL 1      0.0                       0.0    0.0      0.0
  SNOW DEPTH       0

DEGREE DAYS
 HEATING
  YESTERDAY        0                         1     -1        0
  MONTH TO DATE    3                        14    -11        0
  SINCE JUN 1     48                       105    -57       87
  SINCE JUL 1      3                        14    -11        0

 COOLING
  YESTERDAY        8                         5      3       11
  MONTH TO DATE   79                        61     18      122
  SINCE JUN 1    164                       135     29      205
  SINCE JAN 1    189                       158     31      248
..................................................................


WIND (MPH)
  HIGHEST WIND SPEED    10   HIGHEST WIND DIRECTION    SW (220)
  HIGHEST GUST SPEED    22   HIGHEST GUST DIRECTION     S (180)
  AVERAGE WIND SPEED     4.9


SKY COVER
  AVERAGE SKY COVER 0.6


WEATHER CONDITIONS
 THE FOLLOWING WEATHER WAS RECORDED YESTERDAY.
  LIGHT RAIN
  FOG
  FOG W/VISIBILITY <= 1/4 MILE


RELATIVE HUMIDITY (PERCENT)
 HIGHEST   100           100 AM
 LOWEST     62          1200 PM
 AVERAGE    81

..........................................................


THE BINGHAMTON NY CLIMATE NORMALS FOR TODAY
                         NORMAL    RECORD    YEAR
 MAXIMUM TEMPERATURE (F)   78        96      1995
                                             1983
 MINIMUM TEMPERATURE (F)   60        51      2009
                                             1989
                                             1986


SUNRISE AND SUNSET
JULY 15 2014..........SUNRISE   541 AM EDT   SUNSET   838 PM EDT
JULY 16 2014..........SUNRISE   542 AM EDT   SUNSET   838 PM EDT


-  INDICATES NEGATIVE NUMBERS.
R  INDICATES RECORD WAS SET OR TIED.
MM INDICATES DATA IS MISSING.
T  INDICATES TRACE AMOUNT.




$$
