000
CDUS41 KBGM 232121
CLIBGM


CLIMATE REPORT
NATIONAL WEATHER SERVICE BINGHAMTON NY
519 PM EDT TUE SEP 23 2014


...................................

...THE BINGHAMTON NY CLIMATE SUMMARY FOR SEPTEMBER 23 2014...
VALID TODAY AS OF 0500 PM LOCAL TIME.

CLIMATE NORMAL PERIOD 1981 TO 2010
CLIMATE RECORD PERIOD 1951 TO 2014


WEATHER ITEM   OBSERVED TIME   RECORD YEAR NORMAL DEPARTURE LAST
                VALUE   (LST)  VALUE       VALUE  FROM      YEAR
                                                  NORMAL
..................................................................
TEMPERATURE (F)
 TODAY
  MAXIMUM         67    338 PM  85    1959  66      1       53
  MINIMUM         40    615 AM  32    1963  48     -8       40
  AVERAGE         54                        57     -3       47

PRECIPITATION (IN)
  TODAY            0.00          1.24 2003   0.13  -0.13     0.00
  MONTH TO DATE    1.77                      2.76  -0.99     2.91
  SINCE SEP 1      1.77                      2.76  -0.99     2.91
  SINCE JAN 1     30.80                     28.97   1.83    33.20

SNOWFALL (IN)
  TODAY            0.0           T    1989   0.0    0.0      0.0
  MONTH TO DATE    0.0                       0.0    0.0      0.0
  SINCE SEP 1      0.0                       0.0    0.0      0.0
  SINCE JUL 1      T                         0.0    0.0      0.0
  SNOW DEPTH       0

DEGREE DAYS
 HEATING
  TODAY           11                         9      2       18
  MONTH TO DATE  140                       123     17      175
  SINCE SEP 1    140                       123     17      175
  SINCE JUL 1    206                       186     20      226

 COOLING
  TODAY            0                         0      0        0
  MONTH TO DATE   38                        29      9       41
  SINCE SEP 1     38                        29      9       41
  SINCE JAN 1    340                       377    -37      468
..................................................................


WIND (MPH)
  HIGHEST WIND SPEED    12   HIGHEST WIND DIRECTION     W (280)
  HIGHEST GUST SPEED    16   HIGHEST GUST DIRECTION     W (280)
  AVERAGE WIND SPEED     4.9


SKY COVER
  AVERAGE SKY COVER 0.1


WEATHER CONDITIONS
 THE FOLLOWING WEATHER WAS RECORDED TODAY.
  NO SIGNIFICANT WEATHER WAS OBSERVED.


RELATIVE HUMIDITY (PERCENT)
 HIGHEST    89           200 AM
 LOWEST     52           400 PM
 AVERAGE    71

..........................................................


THE BINGHAMTON NY CLIMATE NORMALS FOR TOMORROW
                         NORMAL    RECORD    YEAR
 MAXIMUM TEMPERATURE (F)   65        88      2010
 MINIMUM TEMPERATURE (F)   48        25      1974


SUNRISE AND SUNSET
SEPTEMBER 23 2014.....SUNRISE   652 AM EDT   SUNSET   659 PM EDT
SEPTEMBER 24 2014.....SUNRISE   653 AM EDT   SUNSET   658 PM EDT


-  INDICATES NEGATIVE NUMBERS.
R  INDICATES RECORD WAS SET OR TIED.
MM INDICATES DATA IS MISSING.
T  INDICATES TRACE AMOUNT.

$$
