000
CDUS41 KBGM 162151
CLIBGM


CLIMATE REPORT
NATIONAL WEATHER SERVICE BINGHAMTON NY
551 PM EDT TUE MAY 16 2017


...................................

...THE BINGHAMTON NY CLIMATE SUMMARY FOR MAY 16 2017...
VALID TODAY AS OF 0500 PM LOCAL TIME.

CLIMATE NORMAL PERIOD 1981 TO 2010
CLIMATE RECORD PERIOD 1951 TO 2017


WEATHER ITEM   OBSERVED TIME   RECORD YEAR NORMAL DEPARTURE LAST
                VALUE   (LST)  VALUE       VALUE  FROM      YEAR
                                                  NORMAL
..................................................................
TEMPERATURE (F)
 TODAY
  MAXIMUM         65    258 PM  86    1962  66     -1       59
  MINIMUM         43    516 AM  30    2016  46     -3       30
                                      1956
  AVERAGE         54                        56     -2       45

PRECIPITATION (IN)
  TODAY            T             1.40 2014   0.11  -0.11      T
  MONTH TO DATE    3.66                      1.74   1.92     2.47
  SINCE MAR 1     14.87                      8.16   6.71     6.70
  SINCE JAN 1     21.14                     12.92   8.22    12.01

SNOWFALL (IN)
  TODAY            0.0           T    2016   0.0    0.0       T
                                      1984
  MONTH TO DATE    0.0                       0.1   -0.1       T
  SINCE MAR 1     41.7                      19.5   22.2     10.3
  SINCE JUL 1    135.2                      83.4   51.8     32.0
  SNOW DEPTH       0

DEGREE DAYS
 HEATING
  TODAY           11                        10      1       20
  MONTH TO DATE  267                       191     76      249
  SINCE MAR 1   1814                      1791     23     1699
  SINCE JUL 1   6427                      6990   -563     6057

 COOLING
  TODAY            0                         1     -1        0
  MONTH TO DATE    0                         4     -4        0
  SINCE MAR 1      4                         8     -4        0
  SINCE JAN 1      4                         8     -4        0
..................................................................


WIND (MPH)
  HIGHEST WIND SPEED    10   HIGHEST WIND DIRECTION    SW (240)
  HIGHEST GUST SPEED    15   HIGHEST GUST DIRECTION    NW (310)
  AVERAGE WIND SPEED     5.1


SKY COVER
  AVERAGE SKY COVER 0.2


WEATHER CONDITIONS
 THE FOLLOWING WEATHER WAS RECORDED TODAY.
  NO SIGNIFICANT WEATHER WAS OBSERVED.


RELATIVE HUMIDITY (PERCENT)
 HIGHEST    89           500 AM
 LOWEST     52          1100 AM
 AVERAGE    71

..........................................................


THE BINGHAMTON NY CLIMATE NORMALS FOR TOMORROW
                         NORMAL    RECORD    YEAR
 MAXIMUM TEMPERATURE (F)   66        86      1962
 MINIMUM TEMPERATURE (F)   46        25      1956


SUNRISE AND SUNSET
MAY 16 2017...........SUNRISE   542 AM EDT   SUNSET   820 PM EDT
MAY 17 2017...........SUNRISE   541 AM EDT   SUNSET   821 PM EDT


-  INDICATES NEGATIVE NUMBERS.
R  INDICATES RECORD WAS SET OR TIED.
MM INDICATES DATA IS MISSING.
T  INDICATES TRACE AMOUNT.




$$
