000
CDUS41 KBGM 190537
CLIBGM


CLIMATE REPORT
NATIONAL WEATHER SERVICE BINGHAMTON NY
1236 AM EST MON FEB 19 2018


...................................

...THE BINGHAMTON NY CLIMATE SUMMARY FOR FEBRUARY 18 2018...

CLIMATE NORMAL PERIOD 1981 TO 2010
CLIMATE RECORD PERIOD 1951 TO 2018


WEATHER ITEM   OBSERVED TIME   RECORD YEAR NORMAL DEPARTURE LAST
                VALUE   (LST)  VALUE       VALUE  FROM      YEAR
                                                  NORMAL
..................................................................
TEMPERATURE (F)
 YESTERDAY
  MAXIMUM         34    411 PM  58    2011  33      1       54
  MINIMUM         23    907 PM -15    1979  18      5       24
  AVERAGE         29                        25      4       39

PRECIPITATION (IN)
  YESTERDAY        0.04          0.70 1956   0.08  -0.04     0.00
  MONTH TO DATE    1.89                      1.45   0.44     1.85
  SINCE DEC 1      6.10                      6.73  -0.63     9.23
  SINCE JAN 1      4.69                      3.90   0.79     5.64

SNOWFALL (IN)
  YESTERDAY        0.8           6.8  2000   0.6    0.2      0.0
  MONTH TO DATE   15.3                      10.9    4.4     22.9
  SINCE DEC 1     41.5                      50.9   -9.4     64.7
  SINCE JUL 1     43.3                      57.7  -14.4     93.3
  SNOW DEPTH       2

DEGREE DAYS
 HEATING
  YESTERDAY       36                        40     -4       26
  MONTH TO DATE  697                       742    -45      701
  SINCE DEC 1   3319                      3239     80     3034
  SINCE JUL 1   4717                      4814    -97     4383

 COOLING
  YESTERDAY        0                         0      0        0
  MONTH TO DATE    0                         0      0        0
  SINCE DEC 1      0                         0      0        0
  SINCE JAN 1      0                         0      0        0
..................................................................


WIND (MPH)
  HIGHEST WIND SPEED    17   HIGHEST WIND DIRECTION     W (290)
  HIGHEST GUST SPEED    25   HIGHEST GUST DIRECTION     N (340)
  AVERAGE WIND SPEED     7.8


SKY COVER
  AVERAGE SKY COVER 0.6


WEATHER CONDITIONS
 THE FOLLOWING WEATHER WAS RECORDED YESTERDAY.
  LIGHT SNOW
  FOG
  HAZE


RELATIVE HUMIDITY (PERCENT)
 HIGHEST    92           200 AM
 LOWEST     54           400 PM
 AVERAGE    73

..........................................................


THE BINGHAMTON NY CLIMATE NORMALS FOR TODAY
                         NORMAL    RECORD    YEAR
 MAXIMUM TEMPERATURE (F)   33        61      1981
 MINIMUM TEMPERATURE (F)   18        -7      2015


SUNRISE AND SUNSET
FEBRUARY 19 2018......SUNRISE   654 AM EST   SUNSET   542 PM EST
FEBRUARY 20 2018......SUNRISE   653 AM EST   SUNSET   543 PM EST


-  INDICATES NEGATIVE NUMBERS.
R  INDICATES RECORD WAS SET OR TIED.
MM INDICATES DATA IS MISSING.
T  INDICATES TRACE AMOUNT.

$$
