349
CDUS41 KBGM 222144
CLIBGM


CLIMATE REPORT
NATIONAL WEATHER SERVICE BINGHAMTON NY
544 PM EDT SUN MAY 22 2016


...................................

...THE BINGHAMTON NY CLIMATE SUMMARY FOR MAY 22 2016...
VALID TODAY AS OF 0500 PM LOCAL TIME.

CLIMATE NORMAL PERIOD 1981 TO 2010
CLIMATE RECORD PERIOD 1951 TO 2016


WEATHER ITEM   OBSERVED TIME   RECORD YEAR NORMAL DEPARTURE LAST
                VALUE   (LST)  VALUE       VALUE  FROM      YEAR
                                                  NORMAL
..................................................................
TEMPERATURE (F)
 TODAY
  MAXIMUM         64    118 PM  86    1975  67     -3       61
  MINIMUM         49    406 AM  33    2002  48      1       39
  AVERAGE         57                        58     -1       50

PRECIPITATION (IN)
  TODAY            0.15          0.61 2001   0.13   0.02     0.00
  MONTH TO DATE    2.67                      2.47   0.20     2.93
  SINCE MAR 1      6.90                      8.89  -1.99     9.13
  SINCE JAN 1     12.21                     13.65  -1.44    13.07

SNOWFALL (IN)
  TODAY            0.0           T    2014   0.0    0.0      0.0
  MONTH TO DATE    T                         0.1   -0.1      0.0
  SINCE MAR 1     10.3                      19.5   -9.2     17.6
  SINCE JUL 1     32.0                      83.4  -51.4     93.4
  SNOW DEPTH       0

DEGREE DAYS
 HEATING
  TODAY            8                         8      0       15
  MONTH TO DATE  318                       243     75      127
  SINCE MAR 1   1768                      1843    -75     1900
  SINCE JUL 1   6126                      7042   -916     7432

 COOLING
  TODAY            0                         1     -1        0
  MONTH TO DATE    0                        10    -10       42
  SINCE MAR 1      0                        14    -14       42
  SINCE JAN 1      0                        14    -14       42
..................................................................


WIND (MPH)
  HIGHEST WIND SPEED    14   HIGHEST WIND DIRECTION     N (350)
  HIGHEST GUST SPEED    19   HIGHEST GUST DIRECTION    NE (40)
  AVERAGE WIND SPEED     6.8


SKY COVER
  AVERAGE SKY COVER 0.9


WEATHER CONDITIONS
 THE FOLLOWING WEATHER WAS RECORDED TODAY.
  HEAVY RAIN
  RAIN
  LIGHT RAIN
  FOG


RELATIVE HUMIDITY (PERCENT)
 HIGHEST    96           900 AM
 LOWEST     60           100 PM
 AVERAGE    78

..........................................................


THE BINGHAMTON NY CLIMATE NORMALS FOR TOMORROW
                         NORMAL    RECORD    YEAR
 MAXIMUM TEMPERATURE (F)   68        87      1980
 MINIMUM TEMPERATURE (F)   48        31      1967


SUNRISE AND SUNSET
MAY 22 2016...........SUNRISE   536 AM EDT   SUNSET   826 PM EDT
MAY 23 2016...........SUNRISE   535 AM EDT   SUNSET   827 PM EDT


-  INDICATES NEGATIVE NUMBERS.
R  INDICATES RECORD WAS SET OR TIED.
MM INDICATES DATA IS MISSING.
T  INDICATES TRACE AMOUNT.




$$
