000
CDUS41 KBGM 140748
CLIBGM


CLIMATE REPORT
NATIONAL WEATHER SERVICE BINGHAMTON NY
347 AM EDT FRI JUL 14 2017


...................................

...THE BINGHAMTON NY CLIMATE SUMMARY FOR JULY 13 2017...

CLIMATE NORMAL PERIOD 1981 TO 2010
CLIMATE RECORD PERIOD 1951 TO 2017


WEATHER ITEM   OBSERVED TIME   RECORD YEAR NORMAL DEPARTURE LAST
                VALUE   (LST)  VALUE       VALUE  FROM      YEAR
                                                  NORMAL
..................................................................
TEMPERATURE (F)
 YESTERDAY
  MAXIMUM         75   1010 AM  92    1966  78     -3       85
  MINIMUM         66   1159 PM  51    2009  60      6       66
                                      2001
  AVERAGE         71                        69      2       76

PRECIPITATION (IN)
  YESTERDAY        0.14          1.78 2014   0.12   0.02     0.00
  MONTH TO DATE    1.59                      1.59   0.00     0.29
  SINCE JUN 1      7.33                      5.90   1.43     3.33
  SINCE JAN 1     31.78                     20.65  11.13    15.72

SNOWFALL (IN)
  YESTERDAY        0.0           0.0  2002   0.0    0.0      0.0
                                      2000
                                      2001
  MONTH TO DATE    0.0                       0.0    0.0      0.0
  SINCE JUN 1      T                         0.0    0.0      0.0
  SINCE JUL 1      0.0                       0.0    0.0      0.0
  SNOW DEPTH       0

DEGREE DAYS
 HEATING
  YESTERDAY        0                         1     -1        0
  MONTH TO DATE    1                        13    -12        3
  SINCE JUN 1     96                       104     -8       72
  SINCE JUL 1      1                        13    -12        3

 COOLING
  YESTERDAY        6                         5      1       11
  MONTH TO DATE   45                        56    -11       71
  SINCE JUN 1    118                       130    -12      134
  SINCE JAN 1    139                       153    -14      180
..................................................................


WIND (MPH)
  HIGHEST WIND SPEED    15   HIGHEST WIND DIRECTION     W (280)
  HIGHEST GUST SPEED    20   HIGHEST GUST DIRECTION     W (290)
  AVERAGE WIND SPEED     6.0


SKY COVER
  AVERAGE SKY COVER 0.7


WEATHER CONDITIONS
 THE FOLLOWING WEATHER WAS RECORDED YESTERDAY.
  THUNDERSTORM
  RAIN
  LIGHT RAIN
  FOG


RELATIVE HUMIDITY (PERCENT)
 HIGHEST    97           100 PM
 LOWEST     79           600 PM
 AVERAGE    88

..........................................................


THE BINGHAMTON NY CLIMATE NORMALS FOR TODAY
                         NORMAL    RECORD    YEAR
 MAXIMUM TEMPERATURE (F)   78        93      1995
                                             1954
 MINIMUM TEMPERATURE (F)   60        50      2009


SUNRISE AND SUNSET
JULY 14 2017..........SUNRISE   540 AM EDT   SUNSET   839 PM EDT
JULY 15 2017..........SUNRISE   541 AM EDT   SUNSET   838 PM EDT


-  INDICATES NEGATIVE NUMBERS.
R  INDICATES RECORD WAS SET OR TIED.
MM INDICATES DATA IS MISSING.
T  INDICATES TRACE AMOUNT.




$$
