000
CDUS41 KBGM 150323
CLIBGM


CLIMATE REPORT
NATIONAL WEATHER SERVICE BINGHAMTON NY
1023 PM EST TUE FEB 14 2017


...................................

...THE BINGHAMTON NY CLIMATE SUMMARY FOR FEBRUARY 14 2017...
VALID AS OF 1000 PM LOCAL TIME.

CLIMATE NORMAL PERIOD 1981 TO 2010
CLIMATE RECORD PERIOD 1951 TO 2017


WEATHER ITEM   OBSERVED TIME   RECORD YEAR NORMAL DEPARTURE LAST
                VALUE   (LST)  VALUE       VALUE  FROM      YEAR
                                                  NORMAL
..................................................................
TEMPERATURE (F)
 TODAY
  MAXIMUM         37    440 PM  52    1984  32      5        6
  MINIMUM         18    721 AM -18    2016  17      1      -18
  AVERAGE         28                        24      4       -6

PRECIPITATION (IN)
  TODAY            T             1.41 1960   0.08  -0.08      T
  MONTH TO DATE    1.72                      1.12   0.60     1.00
  SINCE DEC 1      9.10                      6.40   2.70     5.92
  SINCE JAN 1      5.51                      3.57   1.94     2.31

SNOWFALL (IN)
  TODAY            T            14.3  2007   0.6   -0.6       T
  MONTH TO DATE   19.1                       8.5   10.6      4.9
  SINCE DEC 1     60.9                      48.5   12.4     17.3
  SINCE JUL 1     89.5                      55.3   34.2     18.4
  SNOW DEPTH       8

DEGREE DAYS
 HEATING
  TODAY           37                        41     -4       71
  MONTH TO DATE  554                       582    -28      560
  SINCE DEC 1   2887                      3079   -192     2568
  SINCE JUL 1   4236                      4654   -418     3838

 COOLING
  TODAY            0                         0      0        0
  MONTH TO DATE    0                         0      0        0
  SINCE DEC 1      0                         0      0        0
  SINCE JAN 1      0                         0      0        0
..................................................................


WIND (MPH)
  HIGHEST WIND SPEED    14   HIGHEST WIND DIRECTION     S (200)
  HIGHEST GUST SPEED    21   HIGHEST GUST DIRECTION    SW (220)
  AVERAGE WIND SPEED     6.7


SKY COVER
  AVERAGE SKY COVER 0.5


WEATHER CONDITIONS
 THE FOLLOWING WEATHER WAS RECORDED TODAY.
  FOG


RELATIVE HUMIDITY (PERCENT)
 HIGHEST    92           600 AM
 LOWEST     52           400 PM
 AVERAGE    72

..........................................................


THE BINGHAMTON NY CLIMATE NORMALS FOR TOMORROW
                         NORMAL    RECORD    YEAR
 MAXIMUM TEMPERATURE (F)   32        58      1954
 MINIMUM TEMPERATURE (F)   17       -10      1987


SUNRISE AND SUNSET
FEBRUARY 14 2017......SUNRISE   701 AM EST   SUNSET   536 PM EST
FEBRUARY 15 2017......SUNRISE   700 AM EST   SUNSET   537 PM EST


-  INDICATES NEGATIVE NUMBERS.
R  INDICATES RECORD WAS SET OR TIED.
MM INDICATES DATA IS MISSING.
T  INDICATES TRACE AMOUNT.




$$
