000
CDUS41 KBGM 260534
CLIBGM


CLIMATE REPORT
NATIONAL WEATHER SERVICE BINGHAMTON NY
133 AM EDT SUN JUL 26 2015


...................................

...THE BINGHAMTON NY CLIMATE SUMMARY FOR JULY 25 2015...

CLIMATE NORMAL PERIOD 1981 TO 2010
CLIMATE RECORD PERIOD 1951 TO 2015


WEATHER ITEM   OBSERVED TIME   RECORD YEAR NORMAL DEPARTURE LAST
                VALUE   (LST)  VALUE       VALUE  FROM      YEAR
                                                  NORMAL
..................................................................
TEMPERATURE (F)
 YESTERDAY
  MAXIMUM         78   1201 PM  88    2005  78      0       74
                                      1966
  MINIMUM         56    455 AM  45    1953  60     -4       50
  AVERAGE         67                        69     -2       62

PRECIPITATION (IN)
  YESTERDAY        0.27          1.20 1977   0.11   0.16     0.00
  MONTH TO DATE    4.24                      2.99   1.25     3.76
  SINCE JUN 1     13.98                      7.30   6.68     8.13
  SINCE JAN 1     27.53                     22.05   5.48    23.49

SNOWFALL (IN)
  YESTERDAY        0.0           0.0  2002   0.0    0.0      0.0
                                      2000
                                      2001
  MONTH TO DATE    0.0                       0.0    0.0       T
  SINCE JUN 1      0.0                       0.0    0.0       T
  SINCE JUL 1      0.0                       0.0    0.0       T
  SNOW DEPTH       0

DEGREE DAYS
 HEATING
  YESTERDAY        0                         1     -1        3
  MONTH TO DATE   24                        25     -1       14
  SINCE JUN 1    101                       116    -15       59
  SINCE JUL 1     24                        25     -1       14

 COOLING
  YESTERDAY        2                         5     -3        0
  MONTH TO DATE   72                       116    -44      113
  SINCE JUN 1    122                       190    -68      198
  SINCE JAN 1    195                       213    -18      223
..................................................................


WIND (MPH)
  HIGHEST WIND SPEED    14   HIGHEST WIND DIRECTION     W (280)
  HIGHEST GUST SPEED    20   HIGHEST GUST DIRECTION     W (280)
  AVERAGE WIND SPEED     5.0


SKY COVER
  AVERAGE SKY COVER 0.5


WEATHER CONDITIONS
 THE FOLLOWING WEATHER WAS RECORDED YESTERDAY.
  THUNDERSTORM
  RAIN
  LIGHT RAIN
  FOG
  HAZE


RELATIVE HUMIDITY (PERCENT)
 HIGHEST    87          1000 PM
 LOWEST     50          1100 AM
 AVERAGE    69

..........................................................


THE BINGHAMTON NY CLIMATE NORMALS FOR TODAY
                         NORMAL    RECORD    YEAR
 MAXIMUM TEMPERATURE (F)   78        93      2005
 MINIMUM TEMPERATURE (F)   60        48      1976


SUNRISE AND SUNSET
JULY 26 2015..........SUNRISE   551 AM EDT   SUNSET   830 PM EDT
JULY 27 2015..........SUNRISE   552 AM EDT   SUNSET   829 PM EDT


-  INDICATES NEGATIVE NUMBERS.
R  INDICATES RECORD WAS SET OR TIED.
MM INDICATES DATA IS MISSING.
T  INDICATES TRACE AMOUNT.

$$
