960
CDUS41 KBGM 140534
CLIBGM


CLIMATE REPORT
NATIONAL WEATHER SERVICE BINGHAMTON NY
1233 AM EST SUN JAN 14 2018


...................................

...THE BINGHAMTON NY CLIMATE SUMMARY FOR JANUARY 13 2018...

CLIMATE NORMAL PERIOD 1981 TO 2010
CLIMATE RECORD PERIOD 1951 TO 2018


WEATHER ITEM   OBSERVED TIME   RECORD YEAR NORMAL DEPARTURE LAST
                VALUE   (LST)  VALUE       VALUE  FROM      YEAR
                                                  NORMAL
..................................................................
TEMPERATURE (F)
 YESTERDAY
  MAXIMUM         29   1220 AM  61    1995  28      1       39
  MINIMUM          4   1141 PM  -7    1981  16    -12       20
  AVERAGE         17                        22     -5       30

PRECIPITATION (IN)
  YESTERDAY        0.48          0.78 1964   0.08   0.40      T
  MONTH TO DATE    1.81                      1.04   0.77     1.65
  SINCE DEC 1      3.22                      3.87  -0.65     5.24
  SINCE JAN 1      1.81                      1.04   0.77     1.65

SNOWFALL (IN)
  YESTERDAY        5.5          18.4  1964   0.8    4.7       T
  MONTH TO DATE    8.8                       9.3   -0.5      1.0
  SINCE DEC 1     20.1                      27.1   -7.0     30.8
  SINCE JUL 1     21.9                      33.9  -12.0     59.4
  SNOW DEPTH       4

DEGREE DAYS
 HEATING
  YESTERDAY       48                        43      5       35
  MONTH TO DATE  617                       553     64      526
  SINCE DEC 1   1889                      1723    166     1702
  SINCE JUL 1   3287                      3298    -11     3051

 COOLING
  YESTERDAY        0                         0      0        0
  MONTH TO DATE    0                         0      0        0
  SINCE DEC 1      0                         0      0        0
  SINCE JAN 1      0                         0      0        0
..................................................................


WIND (MPH)
  HIGHEST WIND SPEED    29   HIGHEST WIND DIRECTION     N (350)
  HIGHEST GUST SPEED    37   HIGHEST GUST DIRECTION     N (360)
  AVERAGE WIND SPEED    15.0


SKY COVER
  AVERAGE SKY COVER 1.0


WEATHER CONDITIONS
 THE FOLLOWING WEATHER WAS RECORDED YESTERDAY.
  FREEZING RAIN
  LT FREEZING RAIN
  SNOW
  LIGHT SNOW
  FOG
  FOG W/VISIBILITY <= 1/4 MILE
  BLOWING SNOW


RELATIVE HUMIDITY (PERCENT)
 HIGHEST    92          1200 AM
 LOWEST     73           200 PM
 AVERAGE    83

..........................................................


THE BINGHAMTON NY CLIMATE NORMALS FOR TODAY
                         NORMAL    RECORD    YEAR
 MAXIMUM TEMPERATURE (F)   28        62      1995
 MINIMUM TEMPERATURE (F)   16       -12      1957


SUNRISE AND SUNSET
JANUARY 14 2018.......SUNRISE   730 AM EST   SUNSET   456 PM EST
JANUARY 15 2018.......SUNRISE   730 AM EST   SUNSET   457 PM EST


-  INDICATES NEGATIVE NUMBERS.
R  INDICATES RECORD WAS SET OR TIED.
MM INDICATES DATA IS MISSING.
T  INDICATES TRACE AMOUNT.




$$
