000
CDUS41 KBGM 170541
CLIBGM


CLIMATE REPORT
NATIONAL WEATHER SERVICE BINGHAMTON NY
140 AM EDT FRI OCT 17 2014


...................................

...THE BINGHAMTON NY CLIMATE SUMMARY FOR OCTOBER 16 2014...

CLIMATE NORMAL PERIOD 1981 TO 2010
CLIMATE RECORD PERIOD 1951 TO 2014


WEATHER ITEM   OBSERVED TIME   RECORD YEAR NORMAL DEPARTURE LAST
                VALUE   (LST)  VALUE       VALUE  FROM      YEAR
                                                  NORMAL
..................................................................
TEMPERATURE (F)
 YESTERDAY
  MAXIMUM         68    201 PM  79    1956  57     11       59
  MINIMUM         52   1159 PM  30    2009  40     12       52
  AVERAGE         60                        48     12       56

PRECIPITATION (IN)
  YESTERDAY        0.53          1.61 2002   0.10   0.43      T
  MONTH TO DATE    2.96                      1.77   1.19     1.66
  SINCE SEP 1      4.87                      5.40  -0.53     4.57
  SINCE JAN 1     33.90                     31.61   2.29    34.86

SNOWFALL (IN)
  YESTERDAY        0.0           0.8  2009   0.0    0.0      0.0
  MONTH TO DATE    0.0                       0.2   -0.2      0.0
  SINCE SEP 1      0.0                       0.2   -0.2      0.0
  SINCE JUL 1      T                         0.2   -0.2      0.0
  SNOW DEPTH       0

DEGREE DAYS
 HEATING
  YESTERDAY        5                        17    -12        9
  MONTH TO DATE  165                       227    -62       97
  SINCE SEP 1    326                       421    -95      338
  SINCE JUL 1    392                       484    -92      389

 COOLING
  YESTERDAY        0                         0      0        0
  MONTH TO DATE    1                         0      1       12
  SINCE SEP 1     39                        31      8       53
  SINCE JAN 1    341                       379    -38      480
..................................................................


WIND (MPH)
  HIGHEST WIND SPEED    15   HIGHEST WIND DIRECTION     W (250)
  HIGHEST GUST SPEED    22   HIGHEST GUST DIRECTION    SW (220)
  AVERAGE WIND SPEED     7.2


SKY COVER
  AVERAGE SKY COVER 0.8


WEATHER CONDITIONS
 THE FOLLOWING WEATHER WAS RECORDED YESTERDAY.
  HEAVY RAIN
  RAIN
  LIGHT RAIN
  FOG


RELATIVE HUMIDITY (PERCENT)
 HIGHEST   100           100 AM
 LOWEST     56           400 PM
 AVERAGE    78

..........................................................


THE BINGHAMTON NY CLIMATE NORMALS FOR TODAY
                         NORMAL    RECORD    YEAR
 MAXIMUM TEMPERATURE (F)   56        78      1956
 MINIMUM TEMPERATURE (F)   40        26      1978


SUNRISE AND SUNSET
OCTOBER 17 2014.......SUNRISE   719 AM EDT   SUNSET   619 PM EDT
OCTOBER 18 2014.......SUNRISE   720 AM EDT   SUNSET   617 PM EDT


-  INDICATES NEGATIVE NUMBERS.
R  INDICATES RECORD WAS SET OR TIED.
MM INDICATES DATA IS MISSING.
T  INDICATES TRACE AMOUNT.




$$
